{"id":119745,"date":"2023-04-22T20:12:00","date_gmt":"2023-04-22T20:12:00","guid":{"rendered":"https:\/\/nabytoklaguna.sk\/sk\/?post_type=product&#038;p=119745"},"modified":"2023-11-30T13:29:01","modified_gmt":"2023-11-30T12:29:01","slug":"tempo-kondela-sarah","status":"publish","type":"product","link":"https:\/\/nabytoklaguna.sk\/sk\/produkt\/tempo-kondela-sarah\/","title":{"rendered":"TK SARAH"},"content":{"rendered":"<p>Modern\u00fd, dizajnov\u00fd reg\u00e1l SARAH, ktor\u00fd vyu\u017eijete na odlo\u017eenie drobnost\u00ed a ocen\u00edte ve\u013ea \u00falo\u017en\u00e9ho priestoru v podobe \u0161estn\u00e1stich poli\u010diek. Vyroben\u00fd je z kvalitnej DTD laminovanej vo farebnom preveden\u00ed biela alebo dub sonoma.<\/p>\n<ul>\n<li><b>Materi\u00e1l:<\/b>\u00a0DTD laminovan\u00e1<\/li>\n<li><b>Farba:<\/b>\u00a0biela,\u00a0dub sonoma<\/li>\n<li><b>Rozmery (\u0160xHxV):\u00a0<\/b>139x33x144 cm<\/li>\n<li><b>Vn\u00fatorn\u00e9 rozmery \u00falo\u017en\u00e9ho priestoru (\u0160xV):\u00a0<\/b>34&#215;32,5 cm<\/li>\n<li>Dod\u00e1van\u00e9 v demonte<\/li>\n<li><b>Kvalitn\u00fd slovensk\u00fd v\u00fdrobok<\/b><\/li>\n<\/ul>\n","protected":false},"excerpt":{"rendered":"<p>Modern\u00fd, dizajnov\u00fd reg\u00e1l SARAH, ktor\u00fd vyu\u017eijete na odlo\u017eenie drobnost\u00ed a ocen\u00edte ve\u013ea \u00falo\u017en\u00e9ho priestoru v podobe \u0161estn\u00e1stich poli\u010diek. Vyroben\u00fd je z kvalitnej DTD laminovanej vo farebnom preveden\u00ed biela alebo dub sonoma. Materi\u00e1l:\u00a0DTD laminovan\u00e1 Farba:\u00a0biela,\u00a0dub sonoma Rozmery (\u0160xHxV):\u00a0139x33x144 cm Vn\u00fatorn\u00e9 rozmery \u00falo\u017en\u00e9ho priestoru (\u0160xV):\u00a034&#215;32,5 cm Dod\u00e1van\u00e9 v demonte Kvalitn\u00fd slovensk\u00fd v\u00fdrobok<\/p>\n","protected":false},"featured_media":68950,"comment_status":"closed","ping_status":"closed","template":"","meta":{"_seopress_robots_primary_cat":"1062","_seopress_titles_title":"","_seopress_titles_desc":"","_seopress_robots_index":""},"product_brand":[],"product_cat":[1062],"product_tag":[],"class_list":{"0":"post-119745","1":"product","2":"type-product","3":"status-publish","4":"has-post-thumbnail","6":"product_cat-regaly-police","7":"pa_farba-biela","8":"pa_farba-dub-sonoma","10":"first","11":"onbackorder","12":"shipping-taxable","13":"purchasable","14":"product-type-simple"},"_links":{"self":[{"href":"https:\/\/nabytoklaguna.sk\/sk\/wp-json\/wp\/v2\/product\/119745","targetHints":{"allow":["GET"]}}],"collection":[{"href":"https:\/\/nabytoklaguna.sk\/sk\/wp-json\/wp\/v2\/product"}],"about":[{"href":"https:\/\/nabytoklaguna.sk\/sk\/wp-json\/wp\/v2\/types\/product"}],"replies":[{"embeddable":true,"href":"https:\/\/nabytoklaguna.sk\/sk\/wp-json\/wp\/v2\/comments?post=119745"}],"wp:featuredmedia":[{"embeddable":true,"href":"https:\/\/nabytoklaguna.sk\/sk\/wp-json\/wp\/v2\/media\/68950"}],"wp:attachment":[{"href":"https:\/\/nabytoklaguna.sk\/sk\/wp-json\/wp\/v2\/media?parent=119745"}],"wp:term":[{"taxonomy":"product_brand","embeddable":true,"href":"https:\/\/nabytoklaguna.sk\/sk\/wp-json\/wp\/v2\/product_brand?post=119745"},{"taxonomy":"product_cat","embeddable":true,"href":"https:\/\/nabytoklaguna.sk\/sk\/wp-json\/wp\/v2\/product_cat?post=119745"},{"taxonomy":"product_tag","embeddable":true,"href":"https:\/\/nabytoklaguna.sk\/sk\/wp-json\/wp\/v2\/product_tag?post=119745"}],"curies":[{"name":"wp","href":"https:\/\/api.w.org\/{rel}","templated":true}]}}

<p>Moderný, dizajnový regál SARAH, ktorý využijete na odloženie drobností a oceníte veľa úložného priestoru v podobe šestnástich poličiek. Vyrobený je z kvalitnej DTD laminovanej vo farebnom prevedení biela alebo dub sonoma.</p>
<ul>
<li><b>Materiál:</b> DTD laminovaná</li>
<li><b>Farba:</b> biela, dub sonoma</li>
<li><b>Rozmery (ŠxHxV): </b>139x33x144 cm</li>
<li><b>Vnútorné rozmery úložného priestoru (ŠxV): </b>34&#215;32,5 cm</li>
<li>Dodávané v demonte</li>
<li><b>Kvalitný slovenský výrobok</b></li>
</ul>

<p>Moderný, dizajnový regál SARAH, ktorý využijete na odloženie drobností a oceníte veľa úložného priestoru v podobe šestnástich poličiek. Vyrobený je z kvalitnej DTD laminovanej vo farebnom prevedení biela alebo dub sonoma. Materiál: DTD laminovaná Farba: biela, dub sonoma Rozmery (ŠxHxV): 139x33x144 cm Vnútorné rozmery úložného priestoru (ŠxV): 34&#215;32,5 cm Dodávané v demonte Kvalitný slovenský výrobok</p>
