{"id":119753,"date":"2023-04-22T20:12:00","date_gmt":"2023-04-22T20:12:00","guid":{"rendered":"https:\/\/nabytoklaguna.sk\/sk\/?post_type=product&#038;p=119753"},"modified":"2023-08-30T14:16:18","modified_gmt":"2023-08-30T12:16:18","slug":"tempo-kondela-fany","status":"publish","type":"product","link":"https:\/\/nabytoklaguna.sk\/sk\/produkt\/tempo-kondela-fany\/","title":{"rendered":"TK FANY"},"content":{"rendered":"<p>Kombinovan\u00e1 viac\u00fa\u010delov\u00e1 poste\u013e FANY vhodn\u00e1 pre \u0161kol\u00e1ka. S\u00fa\u010das\u0165ou postele s\u00fa aj schody, PC stol\u00edk \u010di skrinka. Poste\u013e je vybaven\u00e1 ro\u0161tovou doskou. Na v\u00fdrobu bola pou\u017eit\u00e1 DTD laminovan\u00e1.<br \/>\nFarebn\u00e9 prevedenie: biela<\/p>\n<ul>\n<li><b>Materi\u00e1l:\u00a0<\/b>DTD laminovan\u00e1<\/li>\n<li><b>Farba:<\/b>\u00a0biela<\/li>\n<li><b>Rozmery postele (\u0160xHxV):\u00a0<\/b>216x116x110 cm<\/li>\n<li><b>Plocha na spanie:\u00a0<\/b>90&#215;200 cm<\/li>\n<li><b>V\u00fd\u0161ka po ro\u0161t:<\/b>\u00a080 cm<\/li>\n<li>Vys\u00favac\u00ed PC stol\u00edk na kolieskach<\/li>\n<li><b>Rozmery PC stol\u00edka (\u0160xH):\u00a0<\/b>90&#215;74 cm<\/li>\n<li>Skrinka s policou<\/li>\n<li>Schody<\/li>\n<li>Ro\u0161tov\u00e1 doska<\/li>\n<li>Dod\u00e1van\u00e9 bez matraca<\/li>\n<li>Dod\u00e1van\u00e9 v demonte<\/li>\n<\/ul>\n","protected":false},"excerpt":{"rendered":"<p>Kombinovan\u00e1 viac\u00fa\u010delov\u00e1 poste\u013e FANY vhodn\u00e1 pre \u0161kol\u00e1ka. S\u00fa\u010das\u0165ou postele s\u00fa aj schody, PC stol\u00edk \u010di skrinka. Poste\u013e je vybaven\u00e1 ro\u0161tovou doskou. Na v\u00fdrobu bola pou\u017eit\u00e1 DTD laminovan\u00e1. Farebn\u00e9 prevedenie: biela Materi\u00e1l:\u00a0DTD laminovan\u00e1 Farba:\u00a0biela Rozmery postele (\u0160xHxV):\u00a0216x116x110 cm Plocha na spanie:\u00a090&#215;200 cm V\u00fd\u0161ka po ro\u0161t:\u00a080 cm Vys\u00favac\u00ed PC stol\u00edk na kolieskach Rozmery PC stol\u00edka (\u0160xH):\u00a090&#215;74 cm&#8230;<\/p>\n","protected":false},"featured_media":99678,"comment_status":"closed","ping_status":"closed","template":"","meta":{"_seopress_robots_primary_cat":"209","_seopress_titles_title":"","_seopress_titles_desc":"","_seopress_robots_index":""},"product_brand":[],"product_cat":[234,209],"product_tag":[],"class_list":{"0":"post-119753","1":"product","2":"type-product","3":"status-publish","4":"has-post-thumbnail","6":"product_cat-detske-postele","7":"product_cat-detske-izby","9":"first","10":"onbackorder","11":"shipping-taxable","12":"purchasable","13":"product-type-simple"},"_links":{"self":[{"href":"https:\/\/nabytoklaguna.sk\/sk\/wp-json\/wp\/v2\/product\/119753","targetHints":{"allow":["GET"]}}],"collection":[{"href":"https:\/\/nabytoklaguna.sk\/sk\/wp-json\/wp\/v2\/product"}],"about":[{"href":"https:\/\/nabytoklaguna.sk\/sk\/wp-json\/wp\/v2\/types\/product"}],"replies":[{"embeddable":true,"href":"https:\/\/nabytoklaguna.sk\/sk\/wp-json\/wp\/v2\/comments?post=119753"}],"wp:featuredmedia":[{"embeddable":true,"href":"https:\/\/nabytoklaguna.sk\/sk\/wp-json\/wp\/v2\/media\/99678"}],"wp:attachment":[{"href":"https:\/\/nabytoklaguna.sk\/sk\/wp-json\/wp\/v2\/media?parent=119753"}],"wp:term":[{"taxonomy":"product_brand","embeddable":true,"href":"https:\/\/nabytoklaguna.sk\/sk\/wp-json\/wp\/v2\/product_brand?post=119753"},{"taxonomy":"product_cat","embeddable":true,"href":"https:\/\/nabytoklaguna.sk\/sk\/wp-json\/wp\/v2\/product_cat?post=119753"},{"taxonomy":"product_tag","embeddable":true,"href":"https:\/\/nabytoklaguna.sk\/sk\/wp-json\/wp\/v2\/product_tag?post=119753"}],"curies":[{"name":"wp","href":"https:\/\/api.w.org\/{rel}","templated":true}]}}

<p>Kombinovaná viacúčelová posteľ FANY vhodná pre školáka. Súčasťou postele sú aj schody, PC stolík či skrinka. Posteľ je vybavená roštovou doskou. Na výrobu bola použitá DTD laminovaná.<br />
Farebné prevedenie: biela</p>
<ul>
<li><b>Materiál: </b>DTD laminovaná</li>
<li><b>Farba:</b> biela</li>
<li><b>Rozmery postele (ŠxHxV): </b>216x116x110 cm</li>
<li><b>Plocha na spanie: </b>90&#215;200 cm</li>
<li><b>Výška po rošt:</b> 80 cm</li>
<li>Vysúvací PC stolík na kolieskach</li>
<li><b>Rozmery PC stolíka (ŠxH): </b>90&#215;74 cm</li>
<li>Skrinka s policou</li>
<li>Schody</li>
<li>Roštová doska</li>
<li>Dodávané bez matraca</li>
<li>Dodávané v demonte</li>
</ul>

<p>Kombinovaná viacúčelová posteľ FANY vhodná pre školáka. Súčasťou postele sú aj schody, PC stolík či skrinka. Posteľ je vybavená roštovou doskou. Na výrobu bola použitá DTD laminovaná. Farebné prevedenie: biela Materiál: DTD laminovaná Farba: biela Rozmery postele (ŠxHxV): 216x116x110 cm Plocha na spanie: 90&#215;200 cm Výška po rošt: 80 cm Vysúvací PC stolík na kolieskach Rozmery PC stolíka (ŠxH): 90&#215;74 cm&#8230;</p>
