{"id":119759,"date":"2023-04-22T20:12:00","date_gmt":"2023-04-22T20:12:00","guid":{"rendered":"https:\/\/nabytoklaguna.sk\/sk\/?post_type=product&#038;p=119759"},"modified":"2025-03-26T12:22:33","modified_gmt":"2025-03-26T11:22:33","slug":"w-belen-zostava","status":"publish","type":"product","link":"https:\/\/nabytoklaguna.sk\/sk\/produkt\/w-belen-zostava\/","title":{"rendered":"W BELEN zostava"},"content":{"rendered":"<p><strong>Modern\u00e1 sektorov\u00e1 zostava W BELEN<\/strong> vhodn\u00e1 na zariadenie ob\u00fdvac\u00edch izieb. Dvierka sa otv\u00e1raj\u00fa pomocou <strong>kovov\u00fdch \u00fachytiek<\/strong>. V cene je aj <strong>LED osvetlenie<\/strong> zadarmo.<\/p>\n<p><strong>Vyobrazen\u00e1 zostava sa skald\u00e1 z t\u00fdchto produktov:<\/strong><\/p>\n<p>Vitr\u00edna 005-REG1W\u00a0<strong>\u2013 Rozmery (\u0160xHxV) \u2013\u00a0<\/strong>68x39x196 cm<br \/>\nTv stol\u00edk 001-RTV2S\u00a0<strong>\u2013 Rozmery (\u0160xHxV) \u2013\u00a0<\/strong>140x45x60 cm<br \/>\nPolica 002-POL 140\u0160\u00a0<strong>\u2013 Rozmery (\u0160xHxV) \u2013\u00a0<\/strong>140\u00d723,5\u00d725 cm<br \/>\nVitr\u00edna 004-REG1D1W\u00a0<strong>\u2013 Rozmery (\u0160xHxV) \u2013\u00a0<\/strong>100x39x148 cm<\/p>\n<p>Jednotliv\u00e9 produkty sa daj\u00fa zak\u00fapi\u0165 aj jednotlivo. Mo\u017enos\u0165 dok\u00fapi\u0165:<\/p>\n<p>Komoda 003-KOM2D3S\u00a0<strong>\u2013 Rozmery (\u0160xHxV) \u2013\u00a0<\/strong>160x45x84 cm<\/p>\n","protected":false},"excerpt":{"rendered":"<p>Modern\u00e1 sektorov\u00e1 zostava W BELEN vhodn\u00e1 na zariadenie ob\u00fdvac\u00edch izieb. Dvierka sa otv\u00e1raj\u00fa pomocou kovov\u00fdch \u00fachytiek. V cene je aj LED osvetlenie zadarmo. Vyobrazen\u00e1 zostava sa skald\u00e1 z t\u00fdchto produktov: Vitr\u00edna 005-REG1W\u00a0\u2013 Rozmery (\u0160xHxV) \u2013\u00a068x39x196 cm Tv stol\u00edk 001-RTV2S\u00a0\u2013 Rozmery (\u0160xHxV) \u2013\u00a0140x45x60 cm Polica 002-POL 140\u0160\u00a0\u2013 Rozmery (\u0160xHxV) \u2013\u00a0140\u00d723,5\u00d725 cm Vitr\u00edna 004-REG1D1W\u00a0\u2013 Rozmery (\u0160xHxV) \u2013\u00a0100x39x148&#8230;<\/p>\n","protected":false},"featured_media":73168,"comment_status":"closed","ping_status":"closed","template":"","meta":{"_seopress_robots_primary_cat":"none","_seopress_titles_title":"","_seopress_titles_desc":"","_seopress_robots_index":""},"product_brand":[],"product_cat":[182,251],"product_tag":[],"class_list":{"0":"post-119759","1":"product","2":"type-product","3":"status-publish","4":"has-post-thumbnail","6":"product_cat-obyvacie-steny","7":"product_cat-steny","9":"first","10":"onbackorder","11":"shipping-taxable","12":"purchasable","13":"product-type-simple"},"_links":{"self":[{"href":"https:\/\/nabytoklaguna.sk\/sk\/wp-json\/wp\/v2\/product\/119759","targetHints":{"allow":["GET"]}}],"collection":[{"href":"https:\/\/nabytoklaguna.sk\/sk\/wp-json\/wp\/v2\/product"}],"about":[{"href":"https:\/\/nabytoklaguna.sk\/sk\/wp-json\/wp\/v2\/types\/product"}],"replies":[{"embeddable":true,"href":"https:\/\/nabytoklaguna.sk\/sk\/wp-json\/wp\/v2\/comments?post=119759"}],"wp:featuredmedia":[{"embeddable":true,"href":"https:\/\/nabytoklaguna.sk\/sk\/wp-json\/wp\/v2\/media\/73168"}],"wp:attachment":[{"href":"https:\/\/nabytoklaguna.sk\/sk\/wp-json\/wp\/v2\/media?parent=119759"}],"wp:term":[{"taxonomy":"product_brand","embeddable":true,"href":"https:\/\/nabytoklaguna.sk\/sk\/wp-json\/wp\/v2\/product_brand?post=119759"},{"taxonomy":"product_cat","embeddable":true,"href":"https:\/\/nabytoklaguna.sk\/sk\/wp-json\/wp\/v2\/product_cat?post=119759"},{"taxonomy":"product_tag","embeddable":true,"href":"https:\/\/nabytoklaguna.sk\/sk\/wp-json\/wp\/v2\/product_tag?post=119759"}],"curies":[{"name":"wp","href":"https:\/\/api.w.org\/{rel}","templated":true}]}}

<p><strong>Moderná sektorová zostava W BELEN</strong> vhodná na zariadenie obývacích izieb. Dvierka sa otvárajú pomocou <strong>kovových úchytiek</strong>. V cene je aj <strong>LED osvetlenie</strong> zadarmo.</p>
<p><strong>Vyobrazená zostava sa skaldá z týchto produktov:</strong></p>
<p>Vitrína 005-REG1W <strong>– Rozmery (ŠxHxV) – </strong>68x39x196 cm<br />
Tv stolík 001-RTV2S <strong>– Rozmery (ŠxHxV) – </strong>140x45x60 cm<br />
Polica 002-POL 140Š <strong>– Rozmery (ŠxHxV) – </strong>140×23,5×25 cm<br />
Vitrína 004-REG1D1W <strong>– Rozmery (ŠxHxV) – </strong>100x39x148 cm</p>
<p>Jednotlivé produkty sa dajú zakúpiť aj jednotlivo. Možnosť dokúpiť:</p>
<p>Komoda 003-KOM2D3S <strong>– Rozmery (ŠxHxV) – </strong>160x45x84 cm</p>

<p>Moderná sektorová zostava W BELEN vhodná na zariadenie obývacích izieb. Dvierka sa otvárajú pomocou kovových úchytiek. V cene je aj LED osvetlenie zadarmo. Vyobrazená zostava sa skaldá z týchto produktov: Vitrína 005-REG1W – Rozmery (ŠxHxV) – 68x39x196 cm Tv stolík 001-RTV2S – Rozmery (ŠxHxV) – 140x45x60 cm Polica 002-POL 140Š – Rozmery (ŠxHxV) – 140×23,5×25 cm Vitrína 004-REG1D1W – Rozmery (ŠxHxV) – 100x39x148&#8230;</p>
