{"id":119783,"date":"2023-04-22T20:12:00","date_gmt":"2023-04-22T20:12:00","guid":{"rendered":"https:\/\/nabytoklaguna.sk\/sk\/?post_type=product&#038;p=119783"},"modified":"2025-02-24T13:26:14","modified_gmt":"2025-02-24T12:26:14","slug":"stg-rene-kreslo","status":"publish","type":"product","link":"https:\/\/nabytoklaguna.sk\/sk\/produkt\/stg-rene-kreslo\/","title":{"rendered":"STG MARE kreslo"},"content":{"rendered":"<p>Modern\u00e9 a pohodln\u00e9 kreslo <strong>MARE<\/strong> je to \u010do h\u013ead\u00e1te. V\u010faka vy\u0161\u0161ej opierkovej \u010dasti<strong>\u00a0<\/strong>poskytuje spr\u00e1vnu oporu pre va\u0161u chrbticu po\u010das sedenia.\u00a0Vn\u00fatro kresla tvor\u00ed pru\u017eina FALISTA v kombin\u00e1cii s\u00a0polyuret\u00e1novou penou. V\u010faka tejto v\u00fdplne bude sedenie pohodln\u00e9-stredne m\u00e4kk\u00e9.<\/p>\n<p>Fotka je len <strong>ilustra\u010dn\u00e1.\u00a0 \u00a0 \u00a0<\/strong><\/p>\n<p><strong>Cena<\/strong> <strong>sa men\u00ed v z\u00e1vislosti od v\u00fdberu po\u0165ahovej l\u00e1tky.\u00a0<\/strong><strong>Cena je v cenovej skupine 0.<\/strong><\/p>\n<p>Pri v\u00fdbere po\u0165ahov\u00fdch l\u00e1tok n\u00e1s kontaktujte radi V\u00e1m porad\u00edme. V\u00fdber po\u0165ahov\u00fdch l\u00e1tok n\u00e1jdete TU:\u00a0\u00a0<a href=\"https:\/\/nabytoklaguna.sk\/sk\/farebne-prevedenia\/\">https:\/\/nabytoklaguna.sk\/sk\/farebne-prevedenia\/<\/a><\/p>\n<p>Odpor\u00fa\u010dame l\u00e1tky:\u00a0<strong>Inari,Portland,Orinoco,Power<\/strong>\u2013 n\u00e1jdete v gal\u00e9rii pod hlavn\u00fdm obr\u00e1zkom<\/p>\n<p>Ostatn\u00e9 cenov\u00e9 skupiny s\u00fa s pr\u00edplatkom. Pri objedn\u00e1vka pros\u00edm uve\u010fte do pozn\u00e1mky typ l\u00e1tky.V pr\u00edpade ot\u00e1zok n\u00e1s nev\u00e1hajte kontaktova\u0165<\/p>\n<h3 class=\"page-product-heading\">VLASTNOSTI<\/h3>\n<table class=\"table-data-sheet\">\n<tbody>\n<tr class=\"odd\">\n<td>H\u013abka<\/td>\n<td>85 cm<\/td>\n<\/tr>\n<tr class=\"even\">\n<td>\u0160\u00edrka<\/td>\n<td>82 cm<\/td>\n<\/tr>\n<tr class=\"odd\">\n<td>V\u00fd\u0161ka<\/td>\n<td>106 cm<\/td>\n<\/tr>\n<tr class=\"even\">\n<td>Vhodn\u00e1 miestnos\u0165<\/td>\n<td>ob\u00fdva\u010dka, spolo\u010densk\u00e1 miestnos\u0165, hotely, kaviarne<\/td>\n<\/tr>\n<tr class=\"odd\">\n<td>Typ n\u00e1bytku<\/td>\n<td>kreslo<\/td>\n<\/tr>\n<tr class=\"even\">\n<td>\u0160t\u00fdl n\u00e1bytku<\/td>\n<td>modern\u00fd<\/td>\n<\/tr>\n<tr class=\"odd\">\n<td>Z\u00e1ruka<\/td>\n<td>2 roky<\/td>\n<\/tr>\n<tr class=\"even\">\n<td>Sp\u00f4sob dodania<\/td>\n<td>demont v\u00a0 jednom bal\u00edku<\/td>\n<\/tr>\n<tr class=\"odd\">\n<td>Hmotnos\u0165<\/td>\n<td>85 kg<\/td>\n<\/tr>\n<tr class=\"even\">\n<td>\u00dalo\u017en\u00fd priestor<\/td>\n<td>nie<\/td>\n<\/tr>\n<tr class=\"odd\">\n<td>Rohov\u00e9 prevedenie<\/td>\n<td>nie<\/td>\n<\/tr>\n<tr class=\"even\">\n<td>V\u00fd\u0161ka sed\u00e1ka<\/td>\n<td>47 cm<\/td>\n<\/tr>\n<tr class=\"odd\">\n<td>V\u00fd\u0161ka zadn\u00e9ho \u010dela<\/td>\n<td>max. 106 cm<\/td>\n<\/tr>\n<tr class=\"even\">\n<td>Mo\u017enos\u0165 rozkladania<\/td>\n<td>nie<\/td>\n<\/tr>\n<tr class=\"odd\">\n<td>Plocha po rozlo\u017een\u00ed<\/td>\n<td><\/td>\n<\/tr>\n<tr class=\"even\">\n<td>Kon\u0161trukcia<\/td>\n<td>DTD<\/td>\n<\/tr>\n<tr class=\"odd\">\n<td>N\u00f4\u017eky<\/td>\n<td>dreven\u00e9<\/td>\n<\/tr>\n<tr class=\"even\">\n<td>Obsahuje vank\u00fa\u0161e<\/td>\n<td>nie<\/td>\n<\/tr>\n<tr class=\"odd\">\n<td>Nastavenie opierok<\/td>\n<td>nie<\/td>\n<\/tr>\n<tr class=\"even\">\n<td>V\u00fdpl\u0148 seda\u010dky<\/td>\n<td>pena+ pru\u017eina<\/td>\n<\/tr>\n<\/tbody>\n<\/table>\n<div id=\"jp-relatedposts\" class=\"jp-relatedposts\">\n<div class=\"jp-relatedposts-items jp-relatedposts-items-minimal jp-relatedposts-grid \"><\/div>\n<\/div>\n","protected":false},"excerpt":{"rendered":"<p>Modern\u00e9 a pohodln\u00e9 kreslo MARE je to \u010do h\u013ead\u00e1te. V\u010faka vy\u0161\u0161ej opierkovej \u010dasti\u00a0poskytuje spr\u00e1vnu oporu pre va\u0161u chrbticu po\u010das sedenia.\u00a0Vn\u00fatro kresla tvor\u00ed pru\u017eina FALISTA v kombin\u00e1cii s\u00a0polyuret\u00e1novou penou. V\u010faka tejto v\u00fdplne bude sedenie pohodln\u00e9-stredne m\u00e4kk\u00e9. Fotka je len ilustra\u010dn\u00e1.\u00a0 \u00a0 \u00a0 Cena sa men\u00ed v z\u00e1vislosti od v\u00fdberu po\u0165ahovej l\u00e1tky.\u00a0Cena je v cenovej skupine 0&#8230;.<\/p>\n","protected":false},"featured_media":79112,"comment_status":"closed","ping_status":"closed","template":"","meta":{"_seopress_robots_primary_cat":"231","_seopress_titles_title":"","_seopress_titles_desc":"","_seopress_robots_index":""},"product_brand":[],"product_cat":[231],"product_tag":[],"class_list":{"0":"post-119783","1":"product","2":"type-product","3":"status-publish","4":"has-post-thumbnail","6":"product_cat-kresla","8":"first","9":"onbackorder","10":"shipping-taxable","11":"purchasable","12":"product-type-simple"},"_links":{"self":[{"href":"https:\/\/nabytoklaguna.sk\/sk\/wp-json\/wp\/v2\/product\/119783","targetHints":{"allow":["GET"]}}],"collection":[{"href":"https:\/\/nabytoklaguna.sk\/sk\/wp-json\/wp\/v2\/product"}],"about":[{"href":"https:\/\/nabytoklaguna.sk\/sk\/wp-json\/wp\/v2\/types\/product"}],"replies":[{"embeddable":true,"href":"https:\/\/nabytoklaguna.sk\/sk\/wp-json\/wp\/v2\/comments?post=119783"}],"wp:featuredmedia":[{"embeddable":true,"href":"https:\/\/nabytoklaguna.sk\/sk\/wp-json\/wp\/v2\/media\/79112"}],"wp:attachment":[{"href":"https:\/\/nabytoklaguna.sk\/sk\/wp-json\/wp\/v2\/media?parent=119783"}],"wp:term":[{"taxonomy":"product_brand","embeddable":true,"href":"https:\/\/nabytoklaguna.sk\/sk\/wp-json\/wp\/v2\/product_brand?post=119783"},{"taxonomy":"product_cat","embeddable":true,"href":"https:\/\/nabytoklaguna.sk\/sk\/wp-json\/wp\/v2\/product_cat?post=119783"},{"taxonomy":"product_tag","embeddable":true,"href":"https:\/\/nabytoklaguna.sk\/sk\/wp-json\/wp\/v2\/product_tag?post=119783"}],"curies":[{"name":"wp","href":"https:\/\/api.w.org\/{rel}","templated":true}]}}

<p>Moderné a pohodlné kreslo <strong>MARE</strong> je to čo hľadáte. Vďaka vyššej opierkovej časti<strong> </strong>poskytuje správnu oporu pre vašu chrbticu počas sedenia. Vnútro kresla tvorí pružina FALISTA v kombinácii s polyuretánovou penou. Vďaka tejto výplne bude sedenie pohodlné-stredne mäkké.</p>
<p>Fotka je len <strong>ilustračná.     </strong></p>
<p><strong>Cena</strong> <strong>sa mení v závislosti od výberu poťahovej látky. </strong><strong>Cena je v cenovej skupine 0.</strong></p>
<p>Pri výbere poťahových látok nás kontaktujte radi Vám poradíme. Výber poťahových látok nájdete TU:  <a href="https://nabytoklaguna.sk/sk/farebne-prevedenia/">https://nabytoklaguna.sk/sk/farebne-prevedenia/</a></p>
<p>Odporúčame látky: <strong>Inari,Portland,Orinoco,Power</strong>– nájdete v galérii pod hlavným obrázkom</p>
<p>Ostatné cenové skupiny sú s príplatkom. Pri objednávka prosím uveďte do poznámky typ látky.V prípade otázok nás neváhajte kontaktovať</p>
<h3 class="page-product-heading">VLASTNOSTI</h3>
<table class="table-data-sheet">
<tbody>
<tr class="odd">
<td>Hĺbka</td>
<td>85 cm</td>
</tr>
<tr class="even">
<td>Šírka</td>
<td>82 cm</td>
</tr>
<tr class="odd">
<td>Výška</td>
<td>106 cm</td>
</tr>
<tr class="even">
<td>Vhodná miestnosť</td>
<td>obývačka, spoločenská miestnosť, hotely, kaviarne</td>
</tr>
<tr class="odd">
<td>Typ nábytku</td>
<td>kreslo</td>
</tr>
<tr class="even">
<td>Štýl nábytku</td>
<td>moderný</td>
</tr>
<tr class="odd">
<td>Záruka</td>
<td>2 roky</td>
</tr>
<tr class="even">
<td>Spôsob dodania</td>
<td>demont v  jednom balíku</td>
</tr>
<tr class="odd">
<td>Hmotnosť</td>
<td>85 kg</td>
</tr>
<tr class="even">
<td>Úložný priestor</td>
<td>nie</td>
</tr>
<tr class="odd">
<td>Rohové prevedenie</td>
<td>nie</td>
</tr>
<tr class="even">
<td>Výška sedáka</td>
<td>47 cm</td>
</tr>
<tr class="odd">
<td>Výška zadného čela</td>
<td>max. 106 cm</td>
</tr>
<tr class="even">
<td>Možnosť rozkladania</td>
<td>nie</td>
</tr>
<tr class="odd">
<td>Plocha po rozložení</td>
<td></td>
</tr>
<tr class="even">
<td>Konštrukcia</td>
<td>DTD</td>
</tr>
<tr class="odd">
<td>Nôžky</td>
<td>drevené</td>
</tr>
<tr class="even">
<td>Obsahuje vankúše</td>
<td>nie</td>
</tr>
<tr class="odd">
<td>Nastavenie opierok</td>
<td>nie</td>
</tr>
<tr class="even">
<td>Výplň sedačky</td>
<td>pena+ pružina</td>
</tr>
</tbody>
</table>
<div id="jp-relatedposts" class="jp-relatedposts">
<div class="jp-relatedposts-items jp-relatedposts-items-minimal jp-relatedposts-grid "></div>
</div>

<p>Moderné a pohodlné kreslo MARE je to čo hľadáte. Vďaka vyššej opierkovej časti poskytuje správnu oporu pre vašu chrbticu počas sedenia. Vnútro kresla tvorí pružina FALISTA v kombinácii s polyuretánovou penou. Vďaka tejto výplne bude sedenie pohodlné-stredne mäkké. Fotka je len ilustračná.      Cena sa mení v závislosti od výberu poťahovej látky. Cena je v cenovej skupine 0&#8230;.</p>
