{"id":119792,"date":"2023-04-22T20:12:00","date_gmt":"2023-04-22T20:12:00","guid":{"rendered":"https:\/\/nabytoklaguna.sk\/sk\/?post_type=product&#038;p=119792"},"modified":"2025-04-10T13:36:23","modified_gmt":"2025-04-10T11:36:23","slug":"aut-ahg-233","status":"publish","type":"product","link":"https:\/\/nabytoklaguna.sk\/sk\/produkt\/aut-ahg-233\/","title":{"rendered":"AUT AHG-233"},"content":{"rendered":"<p>Modern\u00fd konferen\u010dn\u00fd stol\u00edk, ktor\u00fd si n\u00e1jde miesto v ka\u017edej modernej ob\u00fdvacej izbe.<\/p>\n<p>Vrchn\u00fd pl\u00e1t stol\u00edka je vyroben\u00fd z 1,5 cm\u00a0 MDF dosky v dekore divok\u00fd dub s v\u00fd\u0161kou lubu 10 cm- Podno\u017e stol\u00edka je z kovu a je upraven\u00e1 \u010diernym matn\u00fdm lakom.<\/p>\n<p>S\u00fa\u010das\u0165ou podno\u017ee s\u00fa plastov\u00e9 klzaky , ktor\u00e9 chr\u00e1nia podlahu pred po\u0161kriaban\u00edm.<\/p>\n<p>Dod\u00e1van\u00e9 v demonte<\/p>\n<table>\n<tbody>\n<tr>\n<td class=\"popis\">\u0160\u00edrka (cm):<\/td>\n<td>110 cm<\/td>\n<\/tr>\n<tr>\n<td class=\"popis\">H\u013abka (cm):<\/td>\n<td>60 cm<\/td>\n<\/tr>\n<tr>\n<td class=\"popis\">V\u00fd\u0161ka (cm):<\/td>\n<td>42 cm<\/td>\n<\/tr>\n<tr>\n<td>hmotnos\u0165:<\/td>\n<td>18 kg<\/td>\n<\/tr>\n<\/tbody>\n<\/table>\n","protected":false},"excerpt":{"rendered":"<p>Modern\u00fd konferen\u010dn\u00fd stol\u00edk, ktor\u00fd si n\u00e1jde miesto v ka\u017edej modernej ob\u00fdvacej izbe. Vrchn\u00fd pl\u00e1t stol\u00edka je vyroben\u00fd z 1,5 cm\u00a0 MDF dosky v dekore divok\u00fd dub s v\u00fd\u0161kou lubu 10 cm- Podno\u017e stol\u00edka je z kovu a je upraven\u00e1 \u010diernym matn\u00fdm lakom. S\u00fa\u010das\u0165ou podno\u017ee s\u00fa plastov\u00e9 klzaky , ktor\u00e9 chr\u00e1nia podlahu pred po\u0161kriaban\u00edm. Dod\u00e1van\u00e9 v&#8230;<\/p>\n","protected":false},"featured_media":79896,"comment_status":"closed","ping_status":"closed","template":"","meta":{"_seopress_robots_primary_cat":"221","_seopress_titles_title":"","_seopress_titles_desc":"","_seopress_robots_index":""},"product_brand":[],"product_cat":[221],"product_tag":[],"class_list":{"0":"post-119792","1":"product","2":"type-product","3":"status-publish","4":"has-post-thumbnail","6":"product_cat-konferencne-stoliky","8":"first","9":"onbackorder","10":"shipping-taxable","11":"purchasable","12":"product-type-simple"},"_links":{"self":[{"href":"https:\/\/nabytoklaguna.sk\/sk\/wp-json\/wp\/v2\/product\/119792","targetHints":{"allow":["GET"]}}],"collection":[{"href":"https:\/\/nabytoklaguna.sk\/sk\/wp-json\/wp\/v2\/product"}],"about":[{"href":"https:\/\/nabytoklaguna.sk\/sk\/wp-json\/wp\/v2\/types\/product"}],"replies":[{"embeddable":true,"href":"https:\/\/nabytoklaguna.sk\/sk\/wp-json\/wp\/v2\/comments?post=119792"}],"wp:featuredmedia":[{"embeddable":true,"href":"https:\/\/nabytoklaguna.sk\/sk\/wp-json\/wp\/v2\/media\/79896"}],"wp:attachment":[{"href":"https:\/\/nabytoklaguna.sk\/sk\/wp-json\/wp\/v2\/media?parent=119792"}],"wp:term":[{"taxonomy":"product_brand","embeddable":true,"href":"https:\/\/nabytoklaguna.sk\/sk\/wp-json\/wp\/v2\/product_brand?post=119792"},{"taxonomy":"product_cat","embeddable":true,"href":"https:\/\/nabytoklaguna.sk\/sk\/wp-json\/wp\/v2\/product_cat?post=119792"},{"taxonomy":"product_tag","embeddable":true,"href":"https:\/\/nabytoklaguna.sk\/sk\/wp-json\/wp\/v2\/product_tag?post=119792"}],"curies":[{"name":"wp","href":"https:\/\/api.w.org\/{rel}","templated":true}]}}

<p>Moderný konferenčný stolík, ktorý si nájde miesto v každej modernej obývacej izbe.</p>
<p>Vrchný plát stolíka je vyrobený z 1,5 cm  MDF dosky v dekore divoký dub s výškou lubu 10 cm- Podnož stolíka je z kovu a je upravená čiernym matným lakom.</p>
<p>Súčasťou podnože sú plastové klzaky , ktoré chránia podlahu pred poškriabaním.</p>
<p>Dodávané v demonte</p>
<table>
<tbody>
<tr>
<td class="popis">Šírka (cm):</td>
<td>110 cm</td>
</tr>
<tr>
<td class="popis">Hĺbka (cm):</td>
<td>60 cm</td>
</tr>
<tr>
<td class="popis">Výška (cm):</td>
<td>42 cm</td>
</tr>
<tr>
<td>hmotnosť:</td>
<td>18 kg</td>
</tr>
</tbody>
</table>

<p>Moderný konferenčný stolík, ktorý si nájde miesto v každej modernej obývacej izbe. Vrchný plát stolíka je vyrobený z 1,5 cm  MDF dosky v dekore divoký dub s výškou lubu 10 cm- Podnož stolíka je z kovu a je upravená čiernym matným lakom. Súčasťou podnože sú plastové klzaky , ktoré chránia podlahu pred poškriabaním. Dodávané v&#8230;</p>
