{"id":119794,"date":"2023-04-22T20:12:00","date_gmt":"2023-04-22T20:12:00","guid":{"rendered":"https:\/\/nabytoklaguna.sk\/sk\/?post_type=product&#038;p=119794"},"modified":"2023-10-05T12:00:23","modified_gmt":"2023-10-05T10:00:23","slug":"w-mus-obyvacia-stena","status":"publish","type":"product","link":"https:\/\/nabytoklaguna.sk\/sk\/produkt\/w-mus-obyvacia-stena\/","title":{"rendered":"W MUS ob\u00fdvacia stena"},"content":{"rendered":"<p>Ob\u00fdvacia stena W Mus <strong>\u00a0<\/strong>je dokonal\u00e1 zostava do ka\u017edej ob\u00fdva\u010dky alebo jed\u00e1lne. Jemn\u00e9 l\u00ednie a dreven\u00e9 \u00fachytky v\u00e1s o\u010daria na prv\u00fd poh\u013ead. Dostatok \u00falo\u017en\u00e9ho priestoru a zauj\u00edmav\u00fd dizajn v\u00e1s presved\u010dia, \u017ee ob\u00fdvacia stena W Mus je t\u00e1 prav\u00e1. V\u010faka univerz\u00e1lnym farebn\u00fdm prevedeniam sa d\u00e1 \u013eahko skombinova\u0165 s ak\u00fdmko\u013evek interi\u00e9rom. Dokonale si zariadite nielen ob\u00fdva\u010dku ale i \u0161tudentsk\u00fa izbu, sp\u00e1l\u0148u, pracov\u0148u alebo jed\u00e1le\u0148. W MUS sa vyr\u00e1ba v \u0161tyroch farebn\u00fdch prevedeniacc). K stene je mo\u017en\u00e9 doobjedna\u0165 LED osvetlenie<\/p>\n<p>&nbsp;<\/p>\n<p>Ob\u00fdvacia stena sa slad\u00e1 z:<\/p>\n<ul>\n<li>vitr\u00edna MXS-44 (\u0161\/h\/v)(v cm) 100x36x193cm,<\/li>\n<li>vitr\u00edna MXS-43,(\u0161\/h\/v)(v cm)\u00a0 52\/36\/193cm,<\/li>\n<li>polica MXS-20, (\u0161\/h\/v)(v cm) 110\/22\/42,<\/li>\n<li>komoda MXS-10, (\u0161\/h\/v)(v cm) 148\/44\/85,<\/li>\n<\/ul>\n<p>Mo\u017enos\u0165 dok\u00fapi\u0165:<\/p>\n<ul>\n<li>TV stol\u00edk MXS-34, rozmer&#8230;\u0160xHxV 110\/44\/46cm<\/li>\n<li>Reg\u00e1l MXS-27, rozmer..:\u0160xHxV 100\/36\/121 cm<\/li>\n<li>Reg\u00e1l MXS-01, rozmer&#8230;\u0160xHxV 52\/36\/193c<\/li>\n<li>Skri\u0148a 4D MXS-37, rozmer&#8230;\u0160xHxV 100\/60\/193cm<\/li>\n<li>Komoda MXS-08 (\u0161\/h\/v)(v cm) 148x44x85cm<\/li>\n<li>Zrkadlo MXS-13 (\u0161\/h\/v)(v cm) 120x2x75cm,<\/li>\n<\/ul>\n<p><strong>Farebn\u00e9 prevedenia:<\/strong><\/p>\n<ul>\n<li>dub sonoma svetl\u00e1 \/ biely lesk<\/li>\n<li>craft zlat\u00fd \/ craft biely<\/li>\n<li>craft tobaco \/ craft zlat\u00fd<\/li>\n<li>dub artisan\/biely lesk<\/li>\n<li>dub burgund\/biely lesk<\/li>\n<\/ul>\n<p>V gal\u00e9rii n\u00e1jdete ilustra\u010dn\u00e9 fotky ob\u00fdvacej izby v jednotliv\u00fdch farebn\u00fdch prevedeniach<\/p>\n<p>Pros\u00edm uvies\u0165 do objedn\u00e1vky farebn\u00e9 prevedenie<\/p>\n","protected":false},"excerpt":{"rendered":"<p>Ob\u00fdvacia stena W Mus \u00a0je dokonal\u00e1 zostava do ka\u017edej ob\u00fdva\u010dky alebo jed\u00e1lne. Jemn\u00e9 l\u00ednie a dreven\u00e9 \u00fachytky v\u00e1s o\u010daria na prv\u00fd poh\u013ead. Dostatok \u00falo\u017en\u00e9ho priestoru a zauj\u00edmav\u00fd dizajn v\u00e1s presved\u010dia, \u017ee ob\u00fdvacia stena W Mus je t\u00e1 prav\u00e1. V\u010faka univerz\u00e1lnym farebn\u00fdm prevedeniam sa d\u00e1 \u013eahko skombinova\u0165 s ak\u00fdmko\u013evek interi\u00e9rom. Dokonale si zariadite nielen ob\u00fdva\u010dku ale&#8230;<\/p>\n","protected":false},"featured_media":80316,"comment_status":"closed","ping_status":"closed","template":"","meta":{"_seopress_robots_primary_cat":"251","_seopress_titles_title":"                                    ","_seopress_titles_desc":"                                    ","_seopress_robots_index":""},"product_brand":[],"product_cat":[182,251],"product_tag":[],"class_list":{"0":"post-119794","1":"product","2":"type-product","3":"status-publish","4":"has-post-thumbnail","6":"product_cat-obyvacie-steny","7":"product_cat-steny","9":"first","10":"onbackorder","11":"sale","12":"shipping-taxable","13":"purchasable","14":"product-type-simple"},"_links":{"self":[{"href":"https:\/\/nabytoklaguna.sk\/sk\/wp-json\/wp\/v2\/product\/119794","targetHints":{"allow":["GET"]}}],"collection":[{"href":"https:\/\/nabytoklaguna.sk\/sk\/wp-json\/wp\/v2\/product"}],"about":[{"href":"https:\/\/nabytoklaguna.sk\/sk\/wp-json\/wp\/v2\/types\/product"}],"replies":[{"embeddable":true,"href":"https:\/\/nabytoklaguna.sk\/sk\/wp-json\/wp\/v2\/comments?post=119794"}],"wp:featuredmedia":[{"embeddable":true,"href":"https:\/\/nabytoklaguna.sk\/sk\/wp-json\/wp\/v2\/media\/80316"}],"wp:attachment":[{"href":"https:\/\/nabytoklaguna.sk\/sk\/wp-json\/wp\/v2\/media?parent=119794"}],"wp:term":[{"taxonomy":"product_brand","embeddable":true,"href":"https:\/\/nabytoklaguna.sk\/sk\/wp-json\/wp\/v2\/product_brand?post=119794"},{"taxonomy":"product_cat","embeddable":true,"href":"https:\/\/nabytoklaguna.sk\/sk\/wp-json\/wp\/v2\/product_cat?post=119794"},{"taxonomy":"product_tag","embeddable":true,"href":"https:\/\/nabytoklaguna.sk\/sk\/wp-json\/wp\/v2\/product_tag?post=119794"}],"curies":[{"name":"wp","href":"https:\/\/api.w.org\/{rel}","templated":true}]}}

W MUS obývacia stena

<p>Obývacia stena W Mus <strong> </strong>je dokonalá zostava do každej obývačky alebo jedálne. Jemné línie a drevené úchytky vás očaria na prvý pohľad. Dostatok úložného priestoru a zaujímavý dizajn vás presvedčia, že obývacia stena W Mus je tá pravá. Vďaka univerzálnym farebným prevedeniam sa dá ľahko skombinovať s akýmkoľvek interiérom. Dokonale si zariadite nielen obývačku ale i študentskú izbu, spálňu, pracovňu alebo jedáleň. W MUS sa vyrába v štyroch farebných prevedeniacc). K stene je možné doobjednať LED osvetlenie</p>
<p>&nbsp;</p>
<p>Obývacia stena sa sladá z:</p>
<ul>
<li>vitrína MXS-44 (š/h/v)(v cm) 100x36x193cm,</li>
<li>vitrína MXS-43,(š/h/v)(v cm)  52/36/193cm,</li>
<li>polica MXS-20, (š/h/v)(v cm) 110/22/42,</li>
<li>komoda MXS-10, (š/h/v)(v cm) 148/44/85,</li>
</ul>
<p>Možnosť dokúpiť:</p>
<ul>
<li>TV stolík MXS-34, rozmer&#8230;ŠxHxV 110/44/46cm</li>
<li>Regál MXS-27, rozmer..:ŠxHxV 100/36/121 cm</li>
<li>Regál MXS-01, rozmer&#8230;ŠxHxV 52/36/193c</li>
<li>Skriňa 4D MXS-37, rozmer&#8230;ŠxHxV 100/60/193cm</li>
<li>Komoda MXS-08 (š/h/v)(v cm) 148x44x85cm</li>
<li>Zrkadlo MXS-13 (š/h/v)(v cm) 120x2x75cm,</li>
</ul>
<p><strong>Farebné prevedenia:</strong></p>
<ul>
<li>dub sonoma svetlá / biely lesk</li>
<li>craft zlatý / craft biely</li>
<li>craft tobaco / craft zlatý</li>
<li>dub artisan/biely lesk</li>
<li>dub burgund/biely lesk</li>
</ul>
<p>V galérii nájdete ilustračné fotky obývacej izby v jednotlivých farebných prevedeniach</p>
<p>Prosím uviesť do objednávky farebné prevedenie</p>

<p>Obývacia stena W Mus  je dokonalá zostava do každej obývačky alebo jedálne. Jemné línie a drevené úchytky vás očaria na prvý pohľad. Dostatok úložného priestoru a zaujímavý dizajn vás presvedčia, že obývacia stena W Mus je tá pravá. Vďaka univerzálnym farebným prevedeniam sa dá ľahko skombinovať s akýmkoľvek interiérom. Dokonale si zariadite nielen obývačku ale&#8230;</p>
