{"id":119795,"date":"2023-04-22T20:12:00","date_gmt":"2023-04-22T20:12:00","guid":{"rendered":"https:\/\/nabytoklaguna.sk\/sk\/?post_type=product&#038;p=119795"},"modified":"2025-03-26T10:26:35","modified_gmt":"2025-03-26T09:26:35","slug":"w-tica-obyvacia-stena","status":"publish","type":"product","link":"https:\/\/nabytoklaguna.sk\/sk\/produkt\/w-tica-obyvacia-stena\/","title":{"rendered":"TICA ob\u00fdvacia stena"},"content":{"rendered":"<p><strong>N\u00e1bytok TICA<\/strong>\u00a0je vyroben\u00fd z <strong>vysokokvalitn\u00fdch<\/strong> laminovan\u00fdch drevotriesok v origin\u00e1lne farbe dub lefkas\/\u010dierny. R\u00e1m okolo dvierok je vyroben\u00fd z<strong> MDF<\/strong> materi\u00e1lu. Ve\u013ekou v\u00fdhodou tohto sektoru s\u00fa<strong> ABS<\/strong> <strong>hrany<\/strong>. Univerz\u00e1lna farba n\u00e1bytku <strong>TICA<\/strong> vytv\u00e1ra pr\u00edjemn\u00e9 prostredie spolu s<strong> LED<\/strong> osvetlen\u00edm, ktor\u00e9 si m\u00f4\u017ete doobjedna\u0165 za pr\u00edplatok<\/p>\n<p><strong>Ob\u00fdvacia stena sa sklad\u00e1:<\/strong><\/p>\n<ul>\n<li>vitr\u00edna L\/P W Tica 0301 (\u0161\/h\/v)(v cm) 55x43x200cm<\/li>\n<li>RTV W Tica 2701 (\u0161\/h\/v)(v cm) 147x43x55cm<\/li>\n<li>vitr\u00edna W Tica 2601 (\u0161\/h\/v)(v cm) 90x43x136 cm\u00a0 \u00a0 \u00a0 \u00a0 \u00a0 \u00a0 \u00a0 <strong>Mo\u017enos\u0165 dok\u00fapi\u0165:<\/strong><\/li>\n<\/ul>\n<ul>\n<li>skri\u0148a W TICA 2401 (v\/\u0161\/h)(v cm) 200x90x54cm<\/li>\n<li>skri\u0148a W TICA 0201 (v\/\u0161\/h)(v cm) 200x55x43cm<\/li>\n<li>komoda W TICA 0801 (v\/\u0161\/h)(v cm) 94x165x43cm<\/li>\n<li>komoda W TICA 2901 (v\/\u0161\/h)(v cm) 94x90x43cm<\/li>\n<li>komoda W Tica 0901\u00a0 (\u0161\/h\/v)(v cm)\u00a0 94\/43\/138 cm<\/li>\n<li>stol\u00edk W Tica 1401 (\u0161\/h\/v)(v cm) 114x61x48cm<\/li>\n<li>poli\u010dka W Tica 2801 (\u0161\/h\/v)(v cm)\u00a0 120\/21\/24 cm<\/li>\n<\/ul>\n<p>Foto ilustra\u010dn\u00e9<\/p>\n","protected":false},"excerpt":{"rendered":"<p>N\u00e1bytok TICA\u00a0je vyroben\u00fd z vysokokvalitn\u00fdch laminovan\u00fdch drevotriesok v origin\u00e1lne farbe dub lefkas\/\u010dierny. R\u00e1m okolo dvierok je vyroben\u00fd z MDF materi\u00e1lu. Ve\u013ekou v\u00fdhodou tohto sektoru s\u00fa ABS hrany. Univerz\u00e1lna farba n\u00e1bytku TICA vytv\u00e1ra pr\u00edjemn\u00e9 prostredie spolu s LED osvetlen\u00edm, ktor\u00e9 si m\u00f4\u017ete doobjedna\u0165 za pr\u00edplatok Ob\u00fdvacia stena sa sklad\u00e1: vitr\u00edna L\/P W Tica 0301 (\u0161\/h\/v)(v cm)&#8230;<\/p>\n","protected":false},"featured_media":112659,"comment_status":"closed","ping_status":"closed","template":"","meta":{"_seopress_robots_primary_cat":"182","_seopress_titles_title":"","_seopress_titles_desc":"","_seopress_robots_index":""},"product_brand":[],"product_cat":[182,251],"product_tag":[],"class_list":{"0":"post-119795","1":"product","2":"type-product","3":"status-publish","4":"has-post-thumbnail","6":"product_cat-obyvacie-steny","7":"product_cat-steny","9":"first","10":"onbackorder","11":"shipping-taxable","12":"purchasable","13":"product-type-simple"},"_links":{"self":[{"href":"https:\/\/nabytoklaguna.sk\/sk\/wp-json\/wp\/v2\/product\/119795","targetHints":{"allow":["GET"]}}],"collection":[{"href":"https:\/\/nabytoklaguna.sk\/sk\/wp-json\/wp\/v2\/product"}],"about":[{"href":"https:\/\/nabytoklaguna.sk\/sk\/wp-json\/wp\/v2\/types\/product"}],"replies":[{"embeddable":true,"href":"https:\/\/nabytoklaguna.sk\/sk\/wp-json\/wp\/v2\/comments?post=119795"}],"wp:featuredmedia":[{"embeddable":true,"href":"https:\/\/nabytoklaguna.sk\/sk\/wp-json\/wp\/v2\/media\/112659"}],"wp:attachment":[{"href":"https:\/\/nabytoklaguna.sk\/sk\/wp-json\/wp\/v2\/media?parent=119795"}],"wp:term":[{"taxonomy":"product_brand","embeddable":true,"href":"https:\/\/nabytoklaguna.sk\/sk\/wp-json\/wp\/v2\/product_brand?post=119795"},{"taxonomy":"product_cat","embeddable":true,"href":"https:\/\/nabytoklaguna.sk\/sk\/wp-json\/wp\/v2\/product_cat?post=119795"},{"taxonomy":"product_tag","embeddable":true,"href":"https:\/\/nabytoklaguna.sk\/sk\/wp-json\/wp\/v2\/product_tag?post=119795"}],"curies":[{"name":"wp","href":"https:\/\/api.w.org\/{rel}","templated":true}]}}

TICA obývacia stena

<p><strong>Nábytok TICA</strong> je vyrobený z <strong>vysokokvalitných</strong> laminovaných drevotriesok v originálne farbe dub lefkas/čierny. Rám okolo dvierok je vyrobený z<strong> MDF</strong> materiálu. Veľkou výhodou tohto sektoru sú<strong> ABS</strong> <strong>hrany</strong>. Univerzálna farba nábytku <strong>TICA</strong> vytvára príjemné prostredie spolu s<strong> LED</strong> osvetlením, ktoré si môžte doobjednať za príplatok</p>
<p><strong>Obývacia stena sa skladá:</strong></p>
<ul>
<li>vitrína L/P W Tica 0301 (š/h/v)(v cm) 55x43x200cm</li>
<li>RTV W Tica 2701 (š/h/v)(v cm) 147x43x55cm</li>
<li>vitrína W Tica 2601 (š/h/v)(v cm) 90x43x136 cm              <strong>Možnosť dokúpiť:</strong></li>
</ul>
<ul>
<li>skriňa W TICA 2401 (v/š/h)(v cm) 200x90x54cm</li>
<li>skriňa W TICA 0201 (v/š/h)(v cm) 200x55x43cm</li>
<li>komoda W TICA 0801 (v/š/h)(v cm) 94x165x43cm</li>
<li>komoda W TICA 2901 (v/š/h)(v cm) 94x90x43cm</li>
<li>komoda W Tica 0901  (š/h/v)(v cm)  94/43/138 cm</li>
<li>stolík W Tica 1401 (š/h/v)(v cm) 114x61x48cm</li>
<li>polička W Tica 2801 (š/h/v)(v cm)  120/21/24 cm</li>
</ul>
<p>Foto ilustračné</p>

<p>Nábytok TICA je vyrobený z vysokokvalitných laminovaných drevotriesok v originálne farbe dub lefkas/čierny. Rám okolo dvierok je vyrobený z MDF materiálu. Veľkou výhodou tohto sektoru sú ABS hrany. Univerzálna farba nábytku TICA vytvára príjemné prostredie spolu s LED osvetlením, ktoré si môžte doobjednať za príplatok Obývacia stena sa skladá: vitrína L/P W Tica 0301 (š/h/v)(v cm)&#8230;</p>
