{"id":119796,"date":"2023-04-22T20:12:00","date_gmt":"2023-04-22T20:12:00","guid":{"rendered":"https:\/\/nabytoklaguna.sk\/sk\/?post_type=product&#038;p=119796"},"modified":"2025-03-20T10:46:21","modified_gmt":"2025-03-20T09:46:21","slug":"w-ivo","status":"publish","type":"product","link":"https:\/\/nabytoklaguna.sk\/sk\/produkt\/w-ivo\/","title":{"rendered":"W IVA"},"content":{"rendered":"<p><strong>Sektorov\u00e1 zostava IVA je novinkou na trhu. <\/strong>Jedn\u00e1 sa o<strong> modern\u00fd<\/strong> a <strong>kvalitn\u00fd<\/strong> sektor v\u010faka ktor\u00e9mu m\u00e1te mo\u017enos\u0165 individu\u00e1lneho rie\u0161enia v\u00e1\u0161ho interi\u00e9ru. Sektor je vyroben\u00fd z kvalitnej <strong>laminovanej DTD,<\/strong> dvierka s\u00fa z <strong>MDF<\/strong>. V\u00e1\u0161mu oku neunikn\u00fa <strong>kovov\u00e9 no\u017ei\u010dky<\/strong>, ktor\u00e9 p\u00f4sobia luxusne a z\u00e1rove\u0148 dod\u00e1vaj\u00fa mas\u00edvn\u00fd vzh\u013ead n\u00e1bytku.\u00a0N\u00e1bytok m\u00e1 kvalitn\u00e9 <strong>ABS hrany<\/strong> a <strong>kovov\u00e9 \u00fachytky<\/strong>. Sektor je vyroben\u00fd v modernom farebnom preveden\u00ed: <strong>dub april<\/strong><\/p>\n<p>Zobrazen\u00e1 zostava obsahuje:<\/p>\n<p>Vitr\u00edna IV5<strong>\u2013 Rozmery (\u0160xHxV) \u2013<\/strong>90x40x130cm<strong><br \/>\n<\/strong>Polica IV11<strong>\u2013 Rozmery (\u0160xHxV) \u2013<\/strong>150,5x23x22 cm<strong><br \/>\n<\/strong>TV stol\u00edk IV1<strong>\u2013 Rozmery (\u0160xHxV) \u2013<\/strong>150,5x40x54cm<br \/>\nReg\u00e1l L\/P IV8<strong>\u2013<\/strong> <strong>Rozmery (\u0160xHxV)<\/strong> <strong>\u2013<\/strong>58x40x194cm<\/p>\n<p><strong><br \/>\n<\/strong>Mo\u017enos\u0165 doobjedna\u0165:<\/p>\n<p>Rozkl.konferen\u010dn\u00fd stol\u00edk IV12<strong>\u2013 Rozmery (\u0160xHxV) \u2013<\/strong>114-144x68x51,5cm<br \/>\nPolica IV10<strong>\u2013 Rozmery (\u0160xHxV) \u2013<\/strong>90x23x22 cm<strong><br \/>\n<\/strong>Rozkl.st\u00f4l IV 1<strong>3\u2013 Rozmery (\u0160xHxV) \u2013<\/strong>160-200x90x76cm<strong><br \/>\n<\/strong>Komoda IV2<strong>\u2013 Rozmery (\u0160xHxV) \u2013<\/strong>90x40x84,5cm<strong><br \/>\n<\/strong>Komoda IV3<strong>\u2013 Rozmery (\u0160xHxV) \u2013<\/strong>150,5x40x84,5 cm<br \/>\nVitr\u00edna \u013eav\u00e1 IV6<strong>\u2013 Rozmery (\u0160xHxV) \u2013<\/strong>58x40x194cm<strong><br \/>\n<\/strong>Vitr\u00edna prava IV7<strong>\u2013 Rozmery (\u0160xHxV) \u2013<\/strong>58x40x194 cm<strong><br \/>\n<\/strong>Skri\u0148a IV9<strong>\u2013 Rozmery (\u0160xHxV) \u2013<\/strong>90&#215;53,5&#215;194\u00a0 \u00a0 \u00a0 \u00a0 \u00a0 \u00a0 \u00a0 \u00a0 \u00a0 \u00a0 \u00a0 \u00a0 \u00a0 \u00a0 \u00a0 \u00a0 \u00a0 \u00a0 \u00a0 \u00a0 <span style=\"font-size: 15.008px;\">Komoda IV4<\/span><strong style=\"font-size: 15.008px;\">\u2013 Rozmery (\u0160xHxV) \u2013<\/strong><span style=\"font-size: 15.008px;\">150,5x40x84,5cm<\/span><\/p>\n<p>&nbsp;<\/p>\n","protected":false},"excerpt":{"rendered":"<p>Sektorov\u00e1 zostava IVA je novinkou na trhu. Jedn\u00e1 sa o modern\u00fd a kvalitn\u00fd sektor v\u010faka ktor\u00e9mu m\u00e1te mo\u017enos\u0165 individu\u00e1lneho rie\u0161enia v\u00e1\u0161ho interi\u00e9ru. Sektor je vyroben\u00fd z kvalitnej laminovanej DTD, dvierka s\u00fa z MDF. V\u00e1\u0161mu oku neunikn\u00fa kovov\u00e9 no\u017ei\u010dky, ktor\u00e9 p\u00f4sobia luxusne a z\u00e1rove\u0148 dod\u00e1vaj\u00fa mas\u00edvn\u00fd vzh\u013ead n\u00e1bytku.\u00a0N\u00e1bytok m\u00e1 kvalitn\u00e9 ABS hrany a kovov\u00e9 \u00fachytky. Sektor&#8230;<\/p>\n","protected":false},"featured_media":122584,"comment_status":"closed","ping_status":"closed","template":"","meta":{"_seopress_robots_primary_cat":"182","_seopress_titles_title":"","_seopress_titles_desc":"","_seopress_robots_index":""},"product_brand":[],"product_cat":[182,251],"product_tag":[],"class_list":{"0":"post-119796","1":"product","2":"type-product","3":"status-publish","4":"has-post-thumbnail","6":"product_cat-obyvacie-steny","7":"product_cat-steny","9":"first","10":"onbackorder","11":"shipping-taxable","12":"purchasable","13":"product-type-simple"},"_links":{"self":[{"href":"https:\/\/nabytoklaguna.sk\/sk\/wp-json\/wp\/v2\/product\/119796","targetHints":{"allow":["GET"]}}],"collection":[{"href":"https:\/\/nabytoklaguna.sk\/sk\/wp-json\/wp\/v2\/product"}],"about":[{"href":"https:\/\/nabytoklaguna.sk\/sk\/wp-json\/wp\/v2\/types\/product"}],"replies":[{"embeddable":true,"href":"https:\/\/nabytoklaguna.sk\/sk\/wp-json\/wp\/v2\/comments?post=119796"}],"wp:featuredmedia":[{"embeddable":true,"href":"https:\/\/nabytoklaguna.sk\/sk\/wp-json\/wp\/v2\/media\/122584"}],"wp:attachment":[{"href":"https:\/\/nabytoklaguna.sk\/sk\/wp-json\/wp\/v2\/media?parent=119796"}],"wp:term":[{"taxonomy":"product_brand","embeddable":true,"href":"https:\/\/nabytoklaguna.sk\/sk\/wp-json\/wp\/v2\/product_brand?post=119796"},{"taxonomy":"product_cat","embeddable":true,"href":"https:\/\/nabytoklaguna.sk\/sk\/wp-json\/wp\/v2\/product_cat?post=119796"},{"taxonomy":"product_tag","embeddable":true,"href":"https:\/\/nabytoklaguna.sk\/sk\/wp-json\/wp\/v2\/product_tag?post=119796"}],"curies":[{"name":"wp","href":"https:\/\/api.w.org\/{rel}","templated":true}]}}

<p><strong>Sektorová zostava IVA je novinkou na trhu. </strong>Jedná sa o<strong> moderný</strong> a <strong>kvalitný</strong> sektor vďaka ktorému máte možnosť individuálneho riešenia vášho interiéru. Sektor je vyrobený z kvalitnej <strong>laminovanej DTD,</strong> dvierka sú z <strong>MDF</strong>. Vášmu oku neuniknú <strong>kovové nožičky</strong>, ktoré pôsobia luxusne a zároveň dodávajú masívný vzhľad nábytku. Nábytok má kvalitné <strong>ABS hrany</strong> a <strong>kovové úchytky</strong>. Sektor je vyrobený v modernom farebnom prevedení: <strong>dub april</strong></p>
<p>Zobrazená zostava obsahuje:</p>
<p>Vitrína IV5<strong>– Rozmery (ŠxHxV) –</strong>90x40x130cm<strong><br />
</strong>Polica IV11<strong>– Rozmery (ŠxHxV) –</strong>150,5x23x22 cm<strong><br />
</strong>TV stolík IV1<strong>– Rozmery (ŠxHxV) –</strong>150,5x40x54cm<br />
Regál L/P IV8<strong>–</strong> <strong>Rozmery (ŠxHxV)</strong> <strong>–</strong>58x40x194cm</p>
<p><strong><br />
</strong>Možnosť doobjednať:</p>
<p>Rozkl.konferenčný stolík IV12<strong>– Rozmery (ŠxHxV) –</strong>114-144x68x51,5cm<br />
Polica IV10<strong>– Rozmery (ŠxHxV) –</strong>90x23x22 cm<strong><br />
</strong>Rozkl.stôl IV 1<strong>3– Rozmery (ŠxHxV) –</strong>160-200x90x76cm<strong><br />
</strong>Komoda IV2<strong>– Rozmery (ŠxHxV) –</strong>90x40x84,5cm<strong><br />
</strong>Komoda IV3<strong>– Rozmery (ŠxHxV) –</strong>150,5x40x84,5 cm<br />
Vitrína ľavá IV6<strong>– Rozmery (ŠxHxV) –</strong>58x40x194cm<strong><br />
</strong>Vitrína prava IV7<strong>– Rozmery (ŠxHxV) –</strong>58x40x194 cm<strong><br />
</strong>Skriňa IV9<strong>– Rozmery (ŠxHxV) –</strong>90&#215;53,5&#215;194                                        <span style="font-size: 15.008px;">Komoda IV4</span><strong style="font-size: 15.008px;">– Rozmery (ŠxHxV) –</strong><span style="font-size: 15.008px;">150,5x40x84,5cm</span></p>
<p>&nbsp;</p>

<p>Sektorová zostava IVA je novinkou na trhu. Jedná sa o moderný a kvalitný sektor vďaka ktorému máte možnosť individuálneho riešenia vášho interiéru. Sektor je vyrobený z kvalitnej laminovanej DTD, dvierka sú z MDF. Vášmu oku neuniknú kovové nožičky, ktoré pôsobia luxusne a zároveň dodávajú masívný vzhľad nábytku. Nábytok má kvalitné ABS hrany a kovové úchytky. Sektor&#8230;</p>
