{"id":119834,"date":"2023-04-22T20:12:00","date_gmt":"2023-04-22T20:12:00","guid":{"rendered":"https:\/\/nabytoklaguna.sk\/sk\/?post_type=product&#038;p=119834"},"modified":"2026-02-18T08:33:13","modified_gmt":"2026-02-18T07:33:13","slug":"matrac-zetta-plus-11","status":"publish","type":"product","link":"https:\/\/nabytoklaguna.sk\/sk\/produkt\/matrac-zetta-plus-11\/","title":{"rendered":"Matrac Zetta plus 1+1"},"content":{"rendered":"<p>U\u017e sa nemus\u00edte b\u00e1\u0165, \u017ee pri v\u00fdbere tvrdosti matraca \u0161liapnete ved\u013ea. Modr\u00e1 strana pon\u00faka pohodlie pre milovn\u00edkov m\u00e4kk\u0161\u00edch matracov, ru\u017eov\u00e1 uspokoj\u00ed priaznivcov tvrd\u0161ieho spania. Tieto matrace s\u00fa skvel\u00e9 i pre p\u00e1ry &#8211; partneri maj\u00fa toto\u017en\u00e9 matrace, ale ka\u017ed\u00fd z nich si vyberie ob\u013e\u00faben\u00fa tuhos\u0165. \u0160peci\u00e1lne polyuretanov\u00e9 peny SLEEPFOAM s\u00fa v\u00fdnimo\u010dn\u00e9 v\u00fdbornou elasticitou, ktor\u00e1 zabezpe\u010duje dlhodob\u00fa \u017eivotnos\u0165. D\u00f4myseln\u00e1 profil\u00e1cia zaru\u010duje dokonal\u00e9 odvetranie stredom matraca. Matrac je dod\u00e1van\u00fd v po\u0165ahu s pr\u00edmesou ALOE VERA, ktor\u00e9 je zn\u00e1me svojimi lie\u010div\u00fdmi \u00fa\u010dinkami, obsahuje ve\u013ea vitam\u00ednov, enz\u00fdmov a miner\u00e1lov. Po\u0165ah naviac obsahuje hydrofiln\u00e9 pr\u00edsady, ktor\u00e9 zlep\u0161uj\u00fa odvod vlhkosti. V\u00fd\u0161ka 18 cm<\/p>\n<p>CENA JE UVEDEN\u00c1 ZA 2ks, v n\u00e1kupnom ko\u0161\u00edku pros\u00edm zada\u0165 1ks, dodan\u00e9 bude ako p\u00e1r.<br \/>\nMo\u017enos\u0165 objedna\u0165 rozmery:<br \/>\n80&#215;200 cm\u00a0 \u00a0cena 382 eur<br \/>\n90&#215;200 cm\u00a0 \u00a0cena 382 eur<\/p>\n<p>Mo\u017enos\u0165 objedna\u0165 aj atypick\u00fd rozmer.<\/p>\n","protected":false},"excerpt":{"rendered":"<p>U\u017e sa nemus\u00edte b\u00e1\u0165, \u017ee pri v\u00fdbere tvrdosti matraca \u0161liapnete ved\u013ea. Modr\u00e1 strana pon\u00faka pohodlie pre milovn\u00edkov m\u00e4kk\u0161\u00edch matracov, ru\u017eov\u00e1 uspokoj\u00ed priaznivcov tvrd\u0161ieho spania. Tieto matrace s\u00fa skvel\u00e9 i pre p\u00e1ry &#8211; partneri maj\u00fa toto\u017en\u00e9 matrace, ale ka\u017ed\u00fd z nich si vyberie ob\u013e\u00faben\u00fa tuhos\u0165. \u0160peci\u00e1lne polyuretanov\u00e9 peny SLEEPFOAM s\u00fa v\u00fdnimo\u010dn\u00e9 v\u00fdbornou elasticitou, ktor\u00e1 zabezpe\u010duje dlhodob\u00fa&#8230;<\/p>\n","protected":false},"featured_media":47948,"comment_status":"closed","ping_status":"closed","template":"","meta":{"_seopress_robots_primary_cat":"1102","_seopress_titles_title":"","_seopress_titles_desc":"","_seopress_robots_index":""},"product_brand":[],"product_cat":[1102,227],"product_tag":[],"class_list":{"0":"post-119834","1":"product","2":"type-product","3":"status-publish","4":"has-post-thumbnail","6":"product_cat-akciove-11","7":"product_cat-rosty-matrace","9":"first","10":"onbackorder","11":"shipping-taxable","12":"purchasable","13":"product-type-simple"},"_links":{"self":[{"href":"https:\/\/nabytoklaguna.sk\/sk\/wp-json\/wp\/v2\/product\/119834","targetHints":{"allow":["GET"]}}],"collection":[{"href":"https:\/\/nabytoklaguna.sk\/sk\/wp-json\/wp\/v2\/product"}],"about":[{"href":"https:\/\/nabytoklaguna.sk\/sk\/wp-json\/wp\/v2\/types\/product"}],"replies":[{"embeddable":true,"href":"https:\/\/nabytoklaguna.sk\/sk\/wp-json\/wp\/v2\/comments?post=119834"}],"wp:featuredmedia":[{"embeddable":true,"href":"https:\/\/nabytoklaguna.sk\/sk\/wp-json\/wp\/v2\/media\/47948"}],"wp:attachment":[{"href":"https:\/\/nabytoklaguna.sk\/sk\/wp-json\/wp\/v2\/media?parent=119834"}],"wp:term":[{"taxonomy":"product_brand","embeddable":true,"href":"https:\/\/nabytoklaguna.sk\/sk\/wp-json\/wp\/v2\/product_brand?post=119834"},{"taxonomy":"product_cat","embeddable":true,"href":"https:\/\/nabytoklaguna.sk\/sk\/wp-json\/wp\/v2\/product_cat?post=119834"},{"taxonomy":"product_tag","embeddable":true,"href":"https:\/\/nabytoklaguna.sk\/sk\/wp-json\/wp\/v2\/product_tag?post=119834"}],"curies":[{"name":"wp","href":"https:\/\/api.w.org\/{rel}","templated":true}]}}

<p>Už sa nemusíte báť, že pri výbere tvrdosti matraca šliapnete vedľa. Modrá strana ponúka pohodlie pre milovníkov mäkkších matracov, ružová uspokojí priaznivcov tvrdšieho spania. Tieto matrace sú skvelé i pre páry &#8211; partneri majú totožné matrace, ale každý z nich si vyberie obľúbenú tuhosť. Špeciálne polyuretanové peny SLEEPFOAM sú výnimočné výbornou elasticitou, ktorá zabezpečuje dlhodobú životnosť. Dômyselná profilácia zaručuje dokonalé odvetranie stredom matraca. Matrac je dodávaný v poťahu s prímesou ALOE VERA, ktoré je známe svojimi liečivými účinkami, obsahuje veľa vitamínov, enzýmov a minerálov. Poťah naviac obsahuje hydrofilné prísady, ktoré zlepšujú odvod vlhkosti. Výška 18 cm</p>
<p>CENA JE UVEDENÁ ZA 2ks, v nákupnom košíku prosím zadať 1ks, dodané bude ako pár.<br />
Možnosť objednať rozmery:<br />
80&#215;200 cm   cena 382 eur<br />
90&#215;200 cm   cena 382 eur</p>
<p>Možnosť objednať aj atypický rozmer.</p>

<p>Už sa nemusíte báť, že pri výbere tvrdosti matraca šliapnete vedľa. Modrá strana ponúka pohodlie pre milovníkov mäkkších matracov, ružová uspokojí priaznivcov tvrdšieho spania. Tieto matrace sú skvelé i pre páry &#8211; partneri majú totožné matrace, ale každý z nich si vyberie obľúbenú tuhosť. Špeciálne polyuretanové peny SLEEPFOAM sú výnimočné výbornou elasticitou, ktorá zabezpečuje dlhodobú&#8230;</p>
