{"id":119853,"date":"2023-04-22T20:12:00","date_gmt":"2023-04-22T20:12:00","guid":{"rendered":"https:\/\/nabytoklaguna.sk\/sk\/?post_type=product&#038;p=119853"},"modified":"2025-03-19T12:09:03","modified_gmt":"2025-03-19T11:09:03","slug":"selene-obyvacia-stena","status":"publish","type":"product","link":"https:\/\/nabytoklaguna.sk\/sk\/produkt\/selene-obyvacia-stena\/","title":{"rendered":"LENE ob\u00fdvacia stena"},"content":{"rendered":"<p><strong>Modern\u00e1 sektorov\u00e1<\/strong> ob\u00fdvacia izba <strong>LENE<\/strong> v ob\u013e\u00fabenom modernom farebnom preveden\u00ed <strong>biely\/biely lesk.<\/strong> Sektor pon\u00faka mno\u017estvo <strong>segmentov<\/strong>, z ktor\u00fdch si vysklad\u00e1te zostavu pod\u013ea svoj\u00edch predstav. Sektorov\u00fd n\u00e1bytok\u00a0 <strong>LENE<\/strong> m\u00e1 <strong>bez\u00fachytov\u00fd syst\u00e9m<\/strong>, ktor\u00fd p\u00f4sob\u00ed moderne a z\u00e1rove\u0148 je ve\u013emi bezpe\u010dn\u00fd. Mo\u017enos\u0165 dok\u00fapenia <strong>LED<\/strong> osvetlenia za pr\u00edplatok<\/p>\n<p>Ob\u00fdvacia izba pozost\u00e1va:<\/p>\n<p>Vitr\u00edna LENE 25, rozmer\u2026\u0160xHxV 50\/39\/196 cm<\/p>\n<p>Poli\u010dka LENE 24, rozmer\u2026\u0160xHxV 165\/22\/21 cm<\/p>\n<p>Poli\u010dka LENE 23, rozmer\u2026\u0160xHxV 100\/22\/21 cm<\/p>\n<p>TV Stol\u00edk LENE 9, rozmer\u2026\u0160xHxV 165\/39\/42 cm<\/p>\n<p>Vitr\u00edna LENE 27, rozmer\u2026\u0160xHxV 100\/39\/119 cm<\/p>\n<p>Mo\u017enos\u0165 dok\u00fapenia:<\/p>\n<p>Komoda LENE 2, rozmer\u2026\u0160xHxV 50\/40\/80 cm<\/p>\n<p>Skri\u0148a LENE 28, rozmer\u2026.\u0160xHxV 100\/58\/216 cm<\/p>\n<p>Reg\u00e1l LENE 11, rozmer\u2026.\u0160xHxV 50\/35\/145 cm<\/p>\n<p>Skri\u0148a LENE 30, rozmer\u2026.\u0160xHxV 164\/64\/216 cm<\/p>\n<p>Komoda LENE 5, rozmer\u2026\u0160xHxV 100\/40\/80 cm<\/p>\n<p>&nbsp;<\/p>\n","protected":false},"excerpt":{"rendered":"<p>Modern\u00e1 sektorov\u00e1 ob\u00fdvacia izba LENE v ob\u013e\u00fabenom modernom farebnom preveden\u00ed biely\/biely lesk. Sektor pon\u00faka mno\u017estvo segmentov, z ktor\u00fdch si vysklad\u00e1te zostavu pod\u013ea svoj\u00edch predstav. Sektorov\u00fd n\u00e1bytok\u00a0 LENE m\u00e1 bez\u00fachytov\u00fd syst\u00e9m, ktor\u00fd p\u00f4sob\u00ed moderne a z\u00e1rove\u0148 je ve\u013emi bezpe\u010dn\u00fd. Mo\u017enos\u0165 dok\u00fapenia LED osvetlenia za pr\u00edplatok Ob\u00fdvacia izba pozost\u00e1va: Vitr\u00edna LENE 25, rozmer\u2026\u0160xHxV 50\/39\/196 cm Poli\u010dka LENE&#8230;<\/p>\n","protected":false},"featured_media":122580,"comment_status":"closed","ping_status":"closed","template":"","meta":{"_seopress_robots_primary_cat":"182","_seopress_titles_title":"","_seopress_titles_desc":"","_seopress_robots_index":""},"product_brand":[],"product_cat":[182,251],"product_tag":[],"class_list":{"0":"post-119853","1":"product","2":"type-product","3":"status-publish","4":"has-post-thumbnail","6":"product_cat-obyvacie-steny","7":"product_cat-steny","9":"first","10":"onbackorder","11":"shipping-taxable","12":"purchasable","13":"product-type-simple"},"_links":{"self":[{"href":"https:\/\/nabytoklaguna.sk\/sk\/wp-json\/wp\/v2\/product\/119853","targetHints":{"allow":["GET"]}}],"collection":[{"href":"https:\/\/nabytoklaguna.sk\/sk\/wp-json\/wp\/v2\/product"}],"about":[{"href":"https:\/\/nabytoklaguna.sk\/sk\/wp-json\/wp\/v2\/types\/product"}],"replies":[{"embeddable":true,"href":"https:\/\/nabytoklaguna.sk\/sk\/wp-json\/wp\/v2\/comments?post=119853"}],"wp:featuredmedia":[{"embeddable":true,"href":"https:\/\/nabytoklaguna.sk\/sk\/wp-json\/wp\/v2\/media\/122580"}],"wp:attachment":[{"href":"https:\/\/nabytoklaguna.sk\/sk\/wp-json\/wp\/v2\/media?parent=119853"}],"wp:term":[{"taxonomy":"product_brand","embeddable":true,"href":"https:\/\/nabytoklaguna.sk\/sk\/wp-json\/wp\/v2\/product_brand?post=119853"},{"taxonomy":"product_cat","embeddable":true,"href":"https:\/\/nabytoklaguna.sk\/sk\/wp-json\/wp\/v2\/product_cat?post=119853"},{"taxonomy":"product_tag","embeddable":true,"href":"https:\/\/nabytoklaguna.sk\/sk\/wp-json\/wp\/v2\/product_tag?post=119853"}],"curies":[{"name":"wp","href":"https:\/\/api.w.org\/{rel}","templated":true}]}}

LENE obývacia stena

<p><strong>Moderná sektorová</strong> obývacia izba <strong>LENE</strong> v obľúbenom modernom farebnom prevedení <strong>biely/biely lesk.</strong> Sektor ponúka množstvo <strong>segmentov</strong>, z ktorých si vyskladáte zostavu podľa svojích predstav. Sektorový nábytok  <strong>LENE</strong> má <strong>bezúchytový systém</strong>, ktorý pôsobí moderne a zároveň je veľmi bezpečný. Možnosť dokúpenia <strong>LED</strong> osvetlenia za príplatok</p>
<p>Obývacia izba pozostáva:</p>
<p>Vitrína LENE 25, rozmer…ŠxHxV 50/39/196 cm</p>
<p>Polička LENE 24, rozmer…ŠxHxV 165/22/21 cm</p>
<p>Polička LENE 23, rozmer…ŠxHxV 100/22/21 cm</p>
<p>TV Stolík LENE 9, rozmer…ŠxHxV 165/39/42 cm</p>
<p>Vitrína LENE 27, rozmer…ŠxHxV 100/39/119 cm</p>
<p>Možnosť dokúpenia:</p>
<p>Komoda LENE 2, rozmer…ŠxHxV 50/40/80 cm</p>
<p>Skriňa LENE 28, rozmer….ŠxHxV 100/58/216 cm</p>
<p>Regál LENE 11, rozmer….ŠxHxV 50/35/145 cm</p>
<p>Skriňa LENE 30, rozmer….ŠxHxV 164/64/216 cm</p>
<p>Komoda LENE 5, rozmer…ŠxHxV 100/40/80 cm</p>
<p>&nbsp;</p>

<p>Moderná sektorová obývacia izba LENE v obľúbenom modernom farebnom prevedení biely/biely lesk. Sektor ponúka množstvo segmentov, z ktorých si vyskladáte zostavu podľa svojích predstav. Sektorový nábytok  LENE má bezúchytový systém, ktorý pôsobí moderne a zároveň je veľmi bezpečný. Možnosť dokúpenia LED osvetlenia za príplatok Obývacia izba pozostáva: Vitrína LENE 25, rozmer…ŠxHxV 50/39/196 cm Polička LENE&#8230;</p>
