{"id":119855,"date":"2023-04-22T20:12:00","date_gmt":"2023-04-22T20:12:00","guid":{"rendered":"https:\/\/nabytoklaguna.sk\/sk\/?post_type=product&#038;p=119855"},"modified":"2025-03-19T11:36:27","modified_gmt":"2025-03-19T10:36:27","slug":"w-llas-obyvacia-stena","status":"publish","type":"product","link":"https:\/\/nabytoklaguna.sk\/sk\/produkt\/w-llas-obyvacia-stena\/","title":{"rendered":"W LLAS  ob\u00fdvacia stena"},"content":{"rendered":"<p>Ob\u00fdvacia stena W LLAS je sektorov\u00fd ob\u00fdvac\u00ed syst\u00e9m, ktor\u00fd prinesie do va\u0161ej ob\u00fdvacej izby eleganciu a exkluzivitu. Syst\u00e9m Dallas je charakterizovan\u00fd \u010deln\u00fdmi panelmi z MDF,ABS hrany, tich\u00e9 zatv\u00e1ranie. \u010eal\u0161\u00edm atrakt\u00edvnym detailom je dr\u00e1\u017ekovan\u00fd p\u00e1s v dvoch farb\u00e1ch na v\u00fdber (biely alebo orechov\u00fd), ktor\u00fd d\u00e1va n\u00e1bytku charakter. Syst\u00e9m W LLAS je vo farebnom preveden\u00ed orech\/MDF biely lesk\/orech. Mo\u017enos\u0165 dok\u00fapi\u0165 LED osvetlenie do vitr\u00edny W LLAS 08, a do vitr\u00edny W LLAS 07 za pr\u00edplatok<\/p>\n<p>Ob\u00fdvacia stena sa sklad\u00e1 z:<\/p>\n<ul>\n<li>Vitr\u00edna W LLAS 08, rozmer\u2026\u0160xHxV 92\/41\/203 cm,<\/li>\n<li>Poli\u010dka W LLAS 12, rozmer\u2026\u0160xHxV\u00a0 92\/22\/24 cm,<\/li>\n<li>TV stol\u00edk W LLAS 11, rozmer\u2026\u0160xHxV 165\/41\/55cm,<\/li>\n<\/ul>\n<p>Mo\u017enos\u0165 dok\u00fapi\u0165:<\/p>\n<ul>\n<li>TV stol\u00edk W LLAS 10, rozmer\u2026\u0160xHxV 138\/41\/55 cm,<\/li>\n<li>Komoda W LLAS 05, rozmer\u2026\u0160xHxV 92\/41\/133 cm,<\/li>\n<li>Skrinka W LLAS 02, rozmer\u2026\u0160xHxV 60\/41\/203 cm,<\/li>\n<li>Skri\u0148a W LLAS 01, rozmer\u2026\u0160xHxV 92\/62\/203 cm,<\/li>\n<li>Konferen\u010dn\u00fd stol\u00edk W LLAS 16, rozmer\u2026\u0160xHxV109\/69\/49 cm,<\/li>\n<li>Komoda W LLAS 04, rozmer\u2026\u0160xHxV 165\/41\/94 cm,<\/li>\n<li>Vitr\u00edna W LLAS 07, rozmer\u2026\u0160xHxV 135\/41\/133 cm,<\/li>\n<\/ul>\n","protected":false},"excerpt":{"rendered":"<p>Ob\u00fdvacia stena W LLAS je sektorov\u00fd ob\u00fdvac\u00ed syst\u00e9m, ktor\u00fd prinesie do va\u0161ej ob\u00fdvacej izby eleganciu a exkluzivitu. Syst\u00e9m Dallas je charakterizovan\u00fd \u010deln\u00fdmi panelmi z MDF,ABS hrany, tich\u00e9 zatv\u00e1ranie. \u010eal\u0161\u00edm atrakt\u00edvnym detailom je dr\u00e1\u017ekovan\u00fd p\u00e1s v dvoch farb\u00e1ch na v\u00fdber (biely alebo orechov\u00fd), ktor\u00fd d\u00e1va n\u00e1bytku charakter. Syst\u00e9m W LLAS je vo farebnom preveden\u00ed orech\/MDF biely&#8230;<\/p>\n","protected":false},"featured_media":56544,"comment_status":"closed","ping_status":"closed","template":"","meta":{"_seopress_robots_primary_cat":"251","_seopress_titles_title":"","_seopress_titles_desc":"","_seopress_robots_index":""},"product_brand":[],"product_cat":[182,251],"product_tag":[],"class_list":{"0":"post-119855","1":"product","2":"type-product","3":"status-publish","4":"has-post-thumbnail","6":"product_cat-obyvacie-steny","7":"product_cat-steny","9":"first","10":"onbackorder","11":"shipping-taxable","12":"purchasable","13":"product-type-simple"},"_links":{"self":[{"href":"https:\/\/nabytoklaguna.sk\/sk\/wp-json\/wp\/v2\/product\/119855","targetHints":{"allow":["GET"]}}],"collection":[{"href":"https:\/\/nabytoklaguna.sk\/sk\/wp-json\/wp\/v2\/product"}],"about":[{"href":"https:\/\/nabytoklaguna.sk\/sk\/wp-json\/wp\/v2\/types\/product"}],"replies":[{"embeddable":true,"href":"https:\/\/nabytoklaguna.sk\/sk\/wp-json\/wp\/v2\/comments?post=119855"}],"wp:featuredmedia":[{"embeddable":true,"href":"https:\/\/nabytoklaguna.sk\/sk\/wp-json\/wp\/v2\/media\/56544"}],"wp:attachment":[{"href":"https:\/\/nabytoklaguna.sk\/sk\/wp-json\/wp\/v2\/media?parent=119855"}],"wp:term":[{"taxonomy":"product_brand","embeddable":true,"href":"https:\/\/nabytoklaguna.sk\/sk\/wp-json\/wp\/v2\/product_brand?post=119855"},{"taxonomy":"product_cat","embeddable":true,"href":"https:\/\/nabytoklaguna.sk\/sk\/wp-json\/wp\/v2\/product_cat?post=119855"},{"taxonomy":"product_tag","embeddable":true,"href":"https:\/\/nabytoklaguna.sk\/sk\/wp-json\/wp\/v2\/product_tag?post=119855"}],"curies":[{"name":"wp","href":"https:\/\/api.w.org\/{rel}","templated":true}]}}

W LLAS  obývacia stena

<p>Obývacia stena W LLAS je sektorový obývací systém, ktorý prinesie do vašej obývacej izby eleganciu a exkluzivitu. Systém Dallas je charakterizovaný čelnými panelmi z MDF,ABS hrany, tiché zatváranie. Ďalším atraktívnym detailom je drážkovaný pás v dvoch farbách na výber (biely alebo orechový), ktorý dáva nábytku charakter. Systém W LLAS je vo farebnom prevedení orech/MDF biely lesk/orech. Možnosť dokúpiť LED osvetlenie do vitríny W LLAS 08, a do vitríny W LLAS 07 za príplatok</p>
<p>Obývacia stena sa skladá z:</p>
<ul>
<li>Vitrína W LLAS 08, rozmer…ŠxHxV 92/41/203 cm,</li>
<li>Polička W LLAS 12, rozmer…ŠxHxV  92/22/24 cm,</li>
<li>TV stolík W LLAS 11, rozmer…ŠxHxV 165/41/55cm,</li>
</ul>
<p>Možnosť dokúpiť:</p>
<ul>
<li>TV stolík W LLAS 10, rozmer…ŠxHxV 138/41/55 cm,</li>
<li>Komoda W LLAS 05, rozmer…ŠxHxV 92/41/133 cm,</li>
<li>Skrinka W LLAS 02, rozmer…ŠxHxV 60/41/203 cm,</li>
<li>Skriňa W LLAS 01, rozmer…ŠxHxV 92/62/203 cm,</li>
<li>Konferenčný stolík W LLAS 16, rozmer…ŠxHxV109/69/49 cm,</li>
<li>Komoda W LLAS 04, rozmer…ŠxHxV 165/41/94 cm,</li>
<li>Vitrína W LLAS 07, rozmer…ŠxHxV 135/41/133 cm,</li>
</ul>

<p>Obývacia stena W LLAS je sektorový obývací systém, ktorý prinesie do vašej obývacej izby eleganciu a exkluzivitu. Systém Dallas je charakterizovaný čelnými panelmi z MDF,ABS hrany, tiché zatváranie. Ďalším atraktívnym detailom je drážkovaný pás v dvoch farbách na výber (biely alebo orechový), ktorý dáva nábytku charakter. Systém W LLAS je vo farebnom prevedení orech/MDF biely&#8230;</p>
