{"id":119856,"date":"2023-04-22T20:12:00","date_gmt":"2023-04-22T20:12:00","guid":{"rendered":"https:\/\/nabytoklaguna.sk\/sk\/?post_type=product&#038;p=119856"},"modified":"2025-03-18T13:15:37","modified_gmt":"2025-03-18T12:15:37","slug":"wesjo-obyvacia-stena","status":"publish","type":"product","link":"https:\/\/nabytoklaguna.sk\/sk\/produkt\/wesjo-obyvacia-stena\/","title":{"rendered":"WESJO ob\u00fdvacia stena"},"content":{"rendered":"<p>Jedine\u010dn\u00fd sektorov\u00fd syst\u00e9m WESJO sa vyzna\u010duje modern\u00fdm \u0161t\u00fdlom, prepojen\u00fdm s eleganciou. Z jednotliv\u00fdch komponentov si mo\u017ete vysklada\u0165 ob\u00fdvaciu stenu pod\u013ea vlastn\u00fdch predst\u00e1v. Sektor Wesjo je charakteristick\u00fd najm\u00e4 zaoblen\u00fdmi tvarmi a\u00a0 bez-uch\u00fdtov\u00fdm otv\u00e1ran\u00edm. Vyr\u00e1ba sa vo farebnom preveden\u00ed dub san remo\/hnedy. Mo\u017enos\u0165 dok\u00fapi\u0165 LED osveltenie do vitr\u00edny WESJO 01, a do vitr\u00edny WESJO 02 za pr\u00edplatok<\/p>\n<p>Ob\u00fdvacia stena pozost\u00e1va:<\/p>\n<ul>\n<li>Vitr\u00edna WESJO 01, rozmer&#8230;.\u0160xHxV 67\/42\/193cm,<\/li>\n<li>TV stol\u00edk WESJO 20, rozmer&#8230;\u0160xHxV 170\/42\/46cm<\/li>\n<li>Poli\u010dka WESJO 32, rozmer&#8230;\u0160xHxV 118\/24\/27 cm,<\/li>\n<li>Komoda WESJO 04. rozmer&#8230;\u0160xHxV 118\/42\/148 cm,<\/li>\n<\/ul>\n<p>Mo\u017enos\u0165 dok\u00fapi\u0165:<\/p>\n<ul>\n<li>TV stol\u00edk WESJO 21, rozmer&#8230;\u0160xHxV 118\/42\/58 cm,<\/li>\n<li>Vtir\u00edna WESJO 02. rozmer&#8230;\u0160xHxV 118\/42\/193 cm,<\/li>\n<li>Skri\u0148a WESJO 05, rozmer&#8230;\u0160xHxV 98\/58\/193cm,<\/li>\n<li>Konferen\u010dn\u00fd stol\u00edk WESJO 41, rozmer&#8230;\u0160xHxV 80\/80\/46cm,<\/li>\n<\/ul>\n","protected":false},"excerpt":{"rendered":"<p>Jedine\u010dn\u00fd sektorov\u00fd syst\u00e9m WESJO sa vyzna\u010duje modern\u00fdm \u0161t\u00fdlom, prepojen\u00fdm s eleganciou. Z jednotliv\u00fdch komponentov si mo\u017ete vysklada\u0165 ob\u00fdvaciu stenu pod\u013ea vlastn\u00fdch predst\u00e1v. Sektor Wesjo je charakteristick\u00fd najm\u00e4 zaoblen\u00fdmi tvarmi a\u00a0 bez-uch\u00fdtov\u00fdm otv\u00e1ran\u00edm. Vyr\u00e1ba sa vo farebnom preveden\u00ed dub san remo\/hnedy. Mo\u017enos\u0165 dok\u00fapi\u0165 LED osveltenie do vitr\u00edny WESJO 01, a do vitr\u00edny WESJO 02 za pr\u00edplatok&#8230;<\/p>\n","protected":false},"featured_media":56632,"comment_status":"closed","ping_status":"closed","template":"","meta":{"_seopress_robots_primary_cat":"182","_seopress_titles_title":"","_seopress_titles_desc":"","_seopress_robots_index":""},"product_brand":[],"product_cat":[182,251],"product_tag":[],"class_list":{"0":"post-119856","1":"product","2":"type-product","3":"status-publish","4":"has-post-thumbnail","6":"product_cat-obyvacie-steny","7":"product_cat-steny","9":"first","10":"onbackorder","11":"shipping-taxable","12":"purchasable","13":"product-type-simple"},"_links":{"self":[{"href":"https:\/\/nabytoklaguna.sk\/sk\/wp-json\/wp\/v2\/product\/119856","targetHints":{"allow":["GET"]}}],"collection":[{"href":"https:\/\/nabytoklaguna.sk\/sk\/wp-json\/wp\/v2\/product"}],"about":[{"href":"https:\/\/nabytoklaguna.sk\/sk\/wp-json\/wp\/v2\/types\/product"}],"replies":[{"embeddable":true,"href":"https:\/\/nabytoklaguna.sk\/sk\/wp-json\/wp\/v2\/comments?post=119856"}],"wp:featuredmedia":[{"embeddable":true,"href":"https:\/\/nabytoklaguna.sk\/sk\/wp-json\/wp\/v2\/media\/56632"}],"wp:attachment":[{"href":"https:\/\/nabytoklaguna.sk\/sk\/wp-json\/wp\/v2\/media?parent=119856"}],"wp:term":[{"taxonomy":"product_brand","embeddable":true,"href":"https:\/\/nabytoklaguna.sk\/sk\/wp-json\/wp\/v2\/product_brand?post=119856"},{"taxonomy":"product_cat","embeddable":true,"href":"https:\/\/nabytoklaguna.sk\/sk\/wp-json\/wp\/v2\/product_cat?post=119856"},{"taxonomy":"product_tag","embeddable":true,"href":"https:\/\/nabytoklaguna.sk\/sk\/wp-json\/wp\/v2\/product_tag?post=119856"}],"curies":[{"name":"wp","href":"https:\/\/api.w.org\/{rel}","templated":true}]}}

WESJO obývacia stena

<p>Jedinečný sektorový systém WESJO sa vyznačuje moderným štýlom, prepojeným s eleganciou. Z jednotlivých komponentov si možte vyskladať obývaciu stenu podľa vlastných predstáv. Sektor Wesjo je charakteristický najmä zaoblenými tvarmi a  bez-uchýtovým otváraním. Vyrába sa vo farebnom prevedení dub san remo/hnedy. Možnosť dokúpiť LED osveltenie do vitríny WESJO 01, a do vitríny WESJO 02 za príplatok</p>
<p>Obývacia stena pozostáva:</p>
<ul>
<li>Vitrína WESJO 01, rozmer&#8230;.ŠxHxV 67/42/193cm,</li>
<li>TV stolík WESJO 20, rozmer&#8230;ŠxHxV 170/42/46cm</li>
<li>Polička WESJO 32, rozmer&#8230;ŠxHxV 118/24/27 cm,</li>
<li>Komoda WESJO 04. rozmer&#8230;ŠxHxV 118/42/148 cm,</li>
</ul>
<p>Možnosť dokúpiť:</p>
<ul>
<li>TV stolík WESJO 21, rozmer&#8230;ŠxHxV 118/42/58 cm,</li>
<li>Vtirína WESJO 02. rozmer&#8230;ŠxHxV 118/42/193 cm,</li>
<li>Skriňa WESJO 05, rozmer&#8230;ŠxHxV 98/58/193cm,</li>
<li>Konferenčný stolík WESJO 41, rozmer&#8230;ŠxHxV 80/80/46cm,</li>
</ul>

<p>Jedinečný sektorový systém WESJO sa vyznačuje moderným štýlom, prepojeným s eleganciou. Z jednotlivých komponentov si možte vyskladať obývaciu stenu podľa vlastných predstáv. Sektor Wesjo je charakteristický najmä zaoblenými tvarmi a  bez-uchýtovým otváraním. Vyrába sa vo farebnom prevedení dub san remo/hnedy. Možnosť dokúpiť LED osveltenie do vitríny WESJO 01, a do vitríny WESJO 02 za príplatok&#8230;</p>
