{"id":119858,"date":"2023-04-22T20:12:00","date_gmt":"2023-04-22T20:12:00","guid":{"rendered":"https:\/\/nabytoklaguna.sk\/sk\/?post_type=product&#038;p=119858"},"modified":"2025-03-18T12:26:18","modified_gmt":"2025-03-18T11:26:18","slug":"wavo-obyvacia-stena","status":"publish","type":"product","link":"https:\/\/nabytoklaguna.sk\/sk\/produkt\/wavo-obyvacia-stena\/","title":{"rendered":"WAVO ob\u00fdvacia stena"},"content":{"rendered":"<p>Modern\u00e1 ob\u00fdvac\u00ed sektor WAVO m\u00e1 jednoduch\u00e9 tvary a svetl\u00e9 farby. Z jednotliv\u00fdch komponentov si m\u00f4\u017ete vysklada\u0165 ob\u00fdvaciu izbu pod\u013ea Va\u0161\u00edch predst\u00e1v.Vyr\u00e1ba sa vo farebnom preveden\u00ed sonoma svetla. V\u00fdhodou tohto sektoru je, \u017ee vlo\u017eku do jednotliv\u00fdch komponentov si mo\u017ete vybrat z troch farebn\u00fdch preveden\u00ed a to:biela, antracit a sonoma svetl\u00e1<\/p>\n<p>Pros\u00edm uvies\u0165 do objedn\u00e1vky o ak\u00e9 farebn\u00e9 prevedenie <strong>Vlo\u017eky<\/strong> mate z\u00e1ujem<\/p>\n<p>Zobrazen\u00e1 ob\u00fdvacia stena je vo farebnom prevedeni sonoma svetl\u00e1<\/p>\n<p>Ob\u00fdvacia stena pozost\u00e1va:<\/p>\n<ul>\n<li>Vitr\u00edna WAVO 05, rozmer&#8230;\u0160xHxV 48\/34\/200cm,<\/li>\n<li>Komoda WAVO 14, rozmer&#8230;\u0160xHxV 120\/34\/85 cm,<\/li>\n<li>Reg\u00e1l WAVO 06, rozmer..\u0160xHxV 69\/34\/200 cm,<\/li>\n<li>TV stol\u00edk WAVO 17, rozmer&#8230;\u0160xHxV 120\/34\/66 cm,<\/li>\n<\/ul>\n<p>Mo\u017enos\u0165 dok\u00fapi\u0165:<\/p>\n<ul>\n<li>Komoda WAVO 15, rozmer&#8230;\u0160xHxV 69\/34\/85 cm,<\/li>\n<li>Skri\u0148a WAVO 02, rozmer&#8230;\u0160xHxV 80\/50\/200 cm,<strong>\u00a0<\/strong><\/li>\n<li>Reg\u00e1l WAVO 07, rozmer&#8230;\u0160xHxV 40\/34\/200cm,<\/li>\n<li>Skri\u0148a WAVO 01, rozmer&#8230;\u0160xHxV 120\/50\/200cm<b>,<\/b><\/li>\n<li>Komoda WAVO 08, rozmer&#8230;\u0160xHxV 69\/34\/123cm,<\/li>\n<li>Komoda WAVO 13, rozmer&#8230;\u0160xHxV 120\/34\/85 cm,<\/li>\n<\/ul>\n<p>&nbsp;<\/p>\n","protected":false},"excerpt":{"rendered":"<p>Modern\u00e1 ob\u00fdvac\u00ed sektor WAVO m\u00e1 jednoduch\u00e9 tvary a svetl\u00e9 farby. Z jednotliv\u00fdch komponentov si m\u00f4\u017ete vysklada\u0165 ob\u00fdvaciu izbu pod\u013ea Va\u0161\u00edch predst\u00e1v.Vyr\u00e1ba sa vo farebnom preveden\u00ed sonoma svetla. V\u00fdhodou tohto sektoru je, \u017ee vlo\u017eku do jednotliv\u00fdch komponentov si mo\u017ete vybrat z troch farebn\u00fdch preveden\u00ed a to:biela, antracit a sonoma svetl\u00e1 Pros\u00edm uvies\u0165 do objedn\u00e1vky o ak\u00e9&#8230;<\/p>\n","protected":false},"featured_media":115723,"comment_status":"closed","ping_status":"closed","template":"","meta":{"_seopress_robots_primary_cat":"182","_seopress_titles_title":"","_seopress_titles_desc":"","_seopress_robots_index":""},"product_brand":[],"product_cat":[182,251],"product_tag":[],"class_list":{"0":"post-119858","1":"product","2":"type-product","3":"status-publish","4":"has-post-thumbnail","6":"product_cat-obyvacie-steny","7":"product_cat-steny","9":"first","10":"onbackorder","11":"shipping-taxable","12":"purchasable","13":"product-type-simple"},"_links":{"self":[{"href":"https:\/\/nabytoklaguna.sk\/sk\/wp-json\/wp\/v2\/product\/119858","targetHints":{"allow":["GET"]}}],"collection":[{"href":"https:\/\/nabytoklaguna.sk\/sk\/wp-json\/wp\/v2\/product"}],"about":[{"href":"https:\/\/nabytoklaguna.sk\/sk\/wp-json\/wp\/v2\/types\/product"}],"replies":[{"embeddable":true,"href":"https:\/\/nabytoklaguna.sk\/sk\/wp-json\/wp\/v2\/comments?post=119858"}],"wp:featuredmedia":[{"embeddable":true,"href":"https:\/\/nabytoklaguna.sk\/sk\/wp-json\/wp\/v2\/media\/115723"}],"wp:attachment":[{"href":"https:\/\/nabytoklaguna.sk\/sk\/wp-json\/wp\/v2\/media?parent=119858"}],"wp:term":[{"taxonomy":"product_brand","embeddable":true,"href":"https:\/\/nabytoklaguna.sk\/sk\/wp-json\/wp\/v2\/product_brand?post=119858"},{"taxonomy":"product_cat","embeddable":true,"href":"https:\/\/nabytoklaguna.sk\/sk\/wp-json\/wp\/v2\/product_cat?post=119858"},{"taxonomy":"product_tag","embeddable":true,"href":"https:\/\/nabytoklaguna.sk\/sk\/wp-json\/wp\/v2\/product_tag?post=119858"}],"curies":[{"name":"wp","href":"https:\/\/api.w.org\/{rel}","templated":true}]}}

WAVO obývacia stena

<p>Moderná obývací sektor WAVO má jednoduché tvary a svetlé farby. Z jednotlivých komponentov si môžte vyskladať obývaciu izbu podľa Vaších predstáv.Vyrába sa vo farebnom prevedení sonoma svetla. Výhodou tohto sektoru je, že vložku do jednotlivých komponentov si možte vybrat z troch farebných prevedení a to:biela, antracit a sonoma svetlá</p>
<p>Prosím uviesť do objednávky o aké farebné prevedenie <strong>Vložky</strong> mate záujem</p>
<p>Zobrazená obývacia stena je vo farebnom prevedeni sonoma svetlá</p>
<p>Obývacia stena pozostáva:</p>
<ul>
<li>Vitrína WAVO 05, rozmer&#8230;ŠxHxV 48/34/200cm,</li>
<li>Komoda WAVO 14, rozmer&#8230;ŠxHxV 120/34/85 cm,</li>
<li>Regál WAVO 06, rozmer..ŠxHxV 69/34/200 cm,</li>
<li>TV stolík WAVO 17, rozmer&#8230;ŠxHxV 120/34/66 cm,</li>
</ul>
<p>Možnosť dokúpiť:</p>
<ul>
<li>Komoda WAVO 15, rozmer&#8230;ŠxHxV 69/34/85 cm,</li>
<li>Skriňa WAVO 02, rozmer&#8230;ŠxHxV 80/50/200 cm,<strong> </strong></li>
<li>Regál WAVO 07, rozmer&#8230;ŠxHxV 40/34/200cm,</li>
<li>Skriňa WAVO 01, rozmer&#8230;ŠxHxV 120/50/200cm<b>,</b></li>
<li>Komoda WAVO 08, rozmer&#8230;ŠxHxV 69/34/123cm,</li>
<li>Komoda WAVO 13, rozmer&#8230;ŠxHxV 120/34/85 cm,</li>
</ul>
<p>&nbsp;</p>

<p>Moderná obývací sektor WAVO má jednoduché tvary a svetlé farby. Z jednotlivých komponentov si môžte vyskladať obývaciu izbu podľa Vaších predstáv.Vyrába sa vo farebnom prevedení sonoma svetla. Výhodou tohto sektoru je, že vložku do jednotlivých komponentov si možte vybrat z troch farebných prevedení a to:biela, antracit a sonoma svetlá Prosím uviesť do objednávky o aké&#8230;</p>
