{"id":119859,"date":"2023-04-22T20:12:00","date_gmt":"2023-04-22T20:12:00","guid":{"rendered":"https:\/\/nabytoklaguna.sk\/sk\/?post_type=product&#038;p=119859"},"modified":"2025-05-09T13:32:20","modified_gmt":"2025-05-09T11:32:20","slug":"w-lanco-obyvacia-stena","status":"publish","type":"product","link":"https:\/\/nabytoklaguna.sk\/sk\/produkt\/w-lanco-obyvacia-stena\/","title":{"rendered":"W LANCO ob\u00fdvacia stena"},"content":{"rendered":"<p>Kr\u00e1sny sektorov\u00fd n\u00e1bytok, vhodn\u00fd do ka\u017edej modernej ob\u00fdvacej\u00a0 \u010di \u0161tudentskej izby. Vyr\u00e1ba sa vo farebnom preveden\u00ed borovica biely\/\u0161ed\u00fd. N\u00e1bytok je vybaven\u00fd ABS hranami, ktor\u00e9 sa vyzna\u010duj\u00fa odolnos\u0165ou vo\u010di n\u00e1razu. Mo\u017enos\u0165 zak\u00fapi\u0165 LED osvetlenie do Vitr\u00edny W LANCO 02, do Vitr\u00edny W LANCO 05, do TV stol\u00edka W LANCO 09 za pr\u00edplatok<\/p>\n<p>Ob\u00fdvacia stena obsahuje:<\/p>\n<ul>\n<li>Vitr\u00edna W LANCO 05, rozmer&#8230;\u0160xHxV 92\/42\/140 cm,<\/li>\n<li>TV stol\u00edk W LANCO 09, rozmer..\u0160xHxV 165\/42\/55cm,<\/li>\n<li>Vitr\u00edna W LANCO L\/P 02, rozmer..\u0160xHxV 55\/42\/202cm,<\/li>\n<li>Poli\u010dka W LANCO 14, rozmer&#8230;\u0160xHxV 138\/21\/23cm,<\/li>\n<\/ul>\n<p>Mo\u017enos\u0165 dok\u00fapi\u0165:<\/p>\n<ul>\n<li>Stol\u00edk W LANCO 12, rozmer&#8230;\u0160xHxV 114\/67\/56cm,<\/li>\n<li>Stol\u00edk W LANCO 13, rozmer&#8230;\u0160xHxV 67\/67\/56cm,<\/li>\n<li>Komoda W LANCO 07, rozmer&#8230;\u0160xHxV 138\/42\/96cm,<\/li>\n<li>Komoda W LANCO 08, rozmer&#8230;\u0160xHxV 86\/42\/96 cm,<\/li>\n<\/ul>\n<ul>\n<li>PC stol\u00edk W LANCO 11, rozmer&#8230;\u0160xHxV 119\/55\/78cm,<\/li>\n<li>Reg\u00e1l W LANCO L\/P 04, rozmer&#8230;\u0160xHxV 55\/42\/202 cm,<\/li>\n<li>Skri\u0148a 2D W LANCO 01, rozmer&#8230;\u0160xHxV 92\/65\/202cm,<\/li>\n<li>Skri\u0148ka W LANCO L\/P 03, rozmer&#8230;\u0160xHxV 55\/42\/202cm,<\/li>\n<li>Poli\u010dka W LANCO 15, rozmer&#8230;\u0160xHxV 92\/21\/23cm,<strong>\u00a0<\/strong><\/li>\n<\/ul>\n","protected":false},"excerpt":{"rendered":"<p>Kr\u00e1sny sektorov\u00fd n\u00e1bytok, vhodn\u00fd do ka\u017edej modernej ob\u00fdvacej\u00a0 \u010di \u0161tudentskej izby. Vyr\u00e1ba sa vo farebnom preveden\u00ed borovica biely\/\u0161ed\u00fd. N\u00e1bytok je vybaven\u00fd ABS hranami, ktor\u00e9 sa vyzna\u010duj\u00fa odolnos\u0165ou vo\u010di n\u00e1razu. Mo\u017enos\u0165 zak\u00fapi\u0165 LED osvetlenie do Vitr\u00edny W LANCO 02, do Vitr\u00edny W LANCO 05, do TV stol\u00edka W LANCO 09 za pr\u00edplatok Ob\u00fdvacia stena obsahuje: Vitr\u00edna&#8230;<\/p>\n","protected":false},"featured_media":57416,"comment_status":"closed","ping_status":"closed","template":"","meta":{"_seopress_robots_primary_cat":"182","_seopress_titles_title":"","_seopress_titles_desc":"","_seopress_robots_index":""},"product_brand":[],"product_cat":[182,251],"product_tag":[],"class_list":{"0":"post-119859","1":"product","2":"type-product","3":"status-publish","4":"has-post-thumbnail","6":"product_cat-obyvacie-steny","7":"product_cat-steny","9":"first","10":"onbackorder","11":"shipping-taxable","12":"purchasable","13":"product-type-simple"},"_links":{"self":[{"href":"https:\/\/nabytoklaguna.sk\/sk\/wp-json\/wp\/v2\/product\/119859","targetHints":{"allow":["GET"]}}],"collection":[{"href":"https:\/\/nabytoklaguna.sk\/sk\/wp-json\/wp\/v2\/product"}],"about":[{"href":"https:\/\/nabytoklaguna.sk\/sk\/wp-json\/wp\/v2\/types\/product"}],"replies":[{"embeddable":true,"href":"https:\/\/nabytoklaguna.sk\/sk\/wp-json\/wp\/v2\/comments?post=119859"}],"wp:featuredmedia":[{"embeddable":true,"href":"https:\/\/nabytoklaguna.sk\/sk\/wp-json\/wp\/v2\/media\/57416"}],"wp:attachment":[{"href":"https:\/\/nabytoklaguna.sk\/sk\/wp-json\/wp\/v2\/media?parent=119859"}],"wp:term":[{"taxonomy":"product_brand","embeddable":true,"href":"https:\/\/nabytoklaguna.sk\/sk\/wp-json\/wp\/v2\/product_brand?post=119859"},{"taxonomy":"product_cat","embeddable":true,"href":"https:\/\/nabytoklaguna.sk\/sk\/wp-json\/wp\/v2\/product_cat?post=119859"},{"taxonomy":"product_tag","embeddable":true,"href":"https:\/\/nabytoklaguna.sk\/sk\/wp-json\/wp\/v2\/product_tag?post=119859"}],"curies":[{"name":"wp","href":"https:\/\/api.w.org\/{rel}","templated":true}]}}

W LANCO obývacia stena

<p>Krásny sektorový nábytok, vhodný do každej modernej obývacej  či študentskej izby. Vyrába sa vo farebnom prevedení borovica biely/šedý. Nábytok je vybavený ABS hranami, ktoré sa vyznačujú odolnosťou voči nárazu. Možnosť zakúpiť LED osvetlenie do Vitríny W LANCO 02, do Vitríny W LANCO 05, do TV stolíka W LANCO 09 za príplatok</p>
<p>Obývacia stena obsahuje:</p>
<ul>
<li>Vitrína W LANCO 05, rozmer&#8230;ŠxHxV 92/42/140 cm,</li>
<li>TV stolík W LANCO 09, rozmer..ŠxHxV 165/42/55cm,</li>
<li>Vitrína W LANCO L/P 02, rozmer..ŠxHxV 55/42/202cm,</li>
<li>Polička W LANCO 14, rozmer&#8230;ŠxHxV 138/21/23cm,</li>
</ul>
<p>Možnosť dokúpiť:</p>
<ul>
<li>Stolík W LANCO 12, rozmer&#8230;ŠxHxV 114/67/56cm,</li>
<li>Stolík W LANCO 13, rozmer&#8230;ŠxHxV 67/67/56cm,</li>
<li>Komoda W LANCO 07, rozmer&#8230;ŠxHxV 138/42/96cm,</li>
<li>Komoda W LANCO 08, rozmer&#8230;ŠxHxV 86/42/96 cm,</li>
</ul>
<ul>
<li>PC stolík W LANCO 11, rozmer&#8230;ŠxHxV 119/55/78cm,</li>
<li>Regál W LANCO L/P 04, rozmer&#8230;ŠxHxV 55/42/202 cm,</li>
<li>Skriňa 2D W LANCO 01, rozmer&#8230;ŠxHxV 92/65/202cm,</li>
<li>Skriňka W LANCO L/P 03, rozmer&#8230;ŠxHxV 55/42/202cm,</li>
<li>Polička W LANCO 15, rozmer&#8230;ŠxHxV 92/21/23cm,<strong> </strong></li>
</ul>

<p>Krásny sektorový nábytok, vhodný do každej modernej obývacej  či študentskej izby. Vyrába sa vo farebnom prevedení borovica biely/šedý. Nábytok je vybavený ABS hranami, ktoré sa vyznačujú odolnosťou voči nárazu. Možnosť zakúpiť LED osvetlenie do Vitríny W LANCO 02, do Vitríny W LANCO 05, do TV stolíka W LANCO 09 za príplatok Obývacia stena obsahuje: Vitrína&#8230;</p>
