{"id":119880,"date":"2023-04-22T20:12:00","date_gmt":"2023-04-22T20:12:00","guid":{"rendered":"https:\/\/nabytoklaguna.sk\/sk\/?post_type=product&#038;p=119880"},"modified":"2025-04-10T13:20:32","modified_gmt":"2025-04-10T11:20:32","slug":"aut-ahg-241","status":"publish","type":"product","link":"https:\/\/nabytoklaguna.sk\/sk\/produkt\/aut-ahg-241\/","title":{"rendered":"AUT AHG-241"},"content":{"rendered":"<p>Modern\u00fd konferen\u010dn\u00fd stol\u00edk sa stane jedine\u010dn\u00fdm prvkom Va\u0161ej dom\u00e1cnosti. Doska stol\u00edka je vyroben\u00e1 z MDF s hr\u00fabkou 1,5cm v dekore bielen\u00fd dub a s v\u00fd\u0161kou lubu 10 cm. Podno\u017e je z pevn\u00e9ho kovu a je lakovan\u00e1 \u010diernou matnou farbou. S\u00fa\u010das\u0165ou podno\u017ee s\u00fa plastov\u00e9 klz\u00e1ky, ktor\u00e9 chr\u00e1nia Va\u0161u podlahu pred po\u0161koden\u00edm. Dod\u00e1van\u00e9 v demonte<\/p>\n<p>ROZMERY<\/p>\n<p>\u0160\u00edrka: 110cm<\/p>\n<p>H\u013abka: 60 cm<\/p>\n<p>V\u00fd\u0161ka: 43 cm<\/p>\n","protected":false},"excerpt":{"rendered":"<p>Modern\u00fd konferen\u010dn\u00fd stol\u00edk sa stane jedine\u010dn\u00fdm prvkom Va\u0161ej dom\u00e1cnosti. Doska stol\u00edka je vyroben\u00e1 z MDF s hr\u00fabkou 1,5cm v dekore bielen\u00fd dub a s v\u00fd\u0161kou lubu 10 cm. Podno\u017e je z pevn\u00e9ho kovu a je lakovan\u00e1 \u010diernou matnou farbou. S\u00fa\u010das\u0165ou podno\u017ee s\u00fa plastov\u00e9 klz\u00e1ky, ktor\u00e9 chr\u00e1nia Va\u0161u podlahu pred po\u0161koden\u00edm. Dod\u00e1van\u00e9 v demonte ROZMERY \u0160\u00edrka:&#8230;<\/p>\n","protected":false},"featured_media":60703,"comment_status":"closed","ping_status":"closed","template":"","meta":{"_seopress_robots_primary_cat":"221","_seopress_titles_title":"","_seopress_titles_desc":"","_seopress_robots_index":""},"product_brand":[],"product_cat":[221],"product_tag":[],"class_list":{"0":"post-119880","1":"product","2":"type-product","3":"status-publish","4":"has-post-thumbnail","6":"product_cat-konferencne-stoliky","8":"first","9":"onbackorder","10":"shipping-taxable","11":"purchasable","12":"product-type-simple"},"_links":{"self":[{"href":"https:\/\/nabytoklaguna.sk\/sk\/wp-json\/wp\/v2\/product\/119880","targetHints":{"allow":["GET"]}}],"collection":[{"href":"https:\/\/nabytoklaguna.sk\/sk\/wp-json\/wp\/v2\/product"}],"about":[{"href":"https:\/\/nabytoklaguna.sk\/sk\/wp-json\/wp\/v2\/types\/product"}],"replies":[{"embeddable":true,"href":"https:\/\/nabytoklaguna.sk\/sk\/wp-json\/wp\/v2\/comments?post=119880"}],"wp:featuredmedia":[{"embeddable":true,"href":"https:\/\/nabytoklaguna.sk\/sk\/wp-json\/wp\/v2\/media\/60703"}],"wp:attachment":[{"href":"https:\/\/nabytoklaguna.sk\/sk\/wp-json\/wp\/v2\/media?parent=119880"}],"wp:term":[{"taxonomy":"product_brand","embeddable":true,"href":"https:\/\/nabytoklaguna.sk\/sk\/wp-json\/wp\/v2\/product_brand?post=119880"},{"taxonomy":"product_cat","embeddable":true,"href":"https:\/\/nabytoklaguna.sk\/sk\/wp-json\/wp\/v2\/product_cat?post=119880"},{"taxonomy":"product_tag","embeddable":true,"href":"https:\/\/nabytoklaguna.sk\/sk\/wp-json\/wp\/v2\/product_tag?post=119880"}],"curies":[{"name":"wp","href":"https:\/\/api.w.org\/{rel}","templated":true}]}}

<p>Moderný konferenčný stolík sa stane jedinečným prvkom Vašej domácnosti. Doska stolíka je vyrobená z MDF s hrúbkou 1,5cm v dekore bielený dub a s výškou lubu 10 cm. Podnož je z pevného kovu a je lakovaná čiernou matnou farbou. Súčasťou podnože sú plastové klzáky, ktoré chránia Vašu podlahu pred poškodením. Dodávané v demonte</p>
<p>ROZMERY</p>
<p>Šírka: 110cm</p>
<p>Hĺbka: 60 cm</p>
<p>Výška: 43 cm</p>

<p>Moderný konferenčný stolík sa stane jedinečným prvkom Vašej domácnosti. Doska stolíka je vyrobená z MDF s hrúbkou 1,5cm v dekore bielený dub a s výškou lubu 10 cm. Podnož je z pevného kovu a je lakovaná čiernou matnou farbou. Súčasťou podnože sú plastové klzáky, ktoré chránia Vašu podlahu pred poškodením. Dodávané v demonte ROZMERY Šírka:&#8230;</p>
