{"id":119935,"date":"2023-04-22T20:12:00","date_gmt":"2023-04-22T20:12:00","guid":{"rendered":"https:\/\/nabytoklaguna.sk\/sk\/?post_type=product&#038;p=119935"},"modified":"2025-03-18T12:06:40","modified_gmt":"2025-03-18T11:06:40","slug":"w-stel-obyvacia-stena","status":"publish","type":"product","link":"https:\/\/nabytoklaguna.sk\/sk\/produkt\/w-stel-obyvacia-stena\/","title":{"rendered":"W STEL ob\u00fdvacia stena"},"content":{"rendered":"<p>N\u00e1bytok W STEL je vyroben\u00fd z kvalitn\u00fdch materi\u00e1lov. Ve\u013ek\u00fdm plus s\u00fa ABS hrany. Nev\u0161edn\u00fd detail tejto ob\u00fdvacej izby dod\u00e1vaj\u00fa kovov\u00e9 \u00fachytky. Farebn\u00e9 prevedenie: sonoma svetla a MDF sonoma h\u013euzovka(truffel). K stene sa d\u00e1 doobjedna\u0165 aj LED osvetlenie: vitr\u00edna CAS 04\/S,\u00a0 vitr\u00edna CAS 06\/S\u00a0 a CAS 02\/S \u2013<strong> 55\u20ac.\u00a0<\/strong><\/p>\n<p>Ob\u00fdvacia stena sa sklad\u00e1 z:<\/p>\n<ul>\n<li>vitr\u00edna CAS L\/P 04\/S (\u0161\/h\/v)(v cm) 55x43x201cm<\/li>\n<li>vitr\u00edna CAS 06\/S (\u0161\/h\/v)(v cm) 85x43x133cm<strong>\u00a0<\/strong><\/li>\n<li>RTV stol\u00edk CAS 13 (\u0161\/h\/v)(v cm) 138x43x52cm<\/li>\n<li>polica CAS 17 (\u0161\/h\/v)(v cm) 92x21x24cm<strong>\u00a0<\/strong><\/li>\n<\/ul>\n<p>\u010ealej m\u00e1te mo\u017enos\u0165 k\u00fapi\u0165<\/p>\n<ul>\n<li>vitr\u00edna CAS 02\/S (\u0161\/h\/v)(v cm) 85x43x201 cm<\/li>\n<li>stol\u00edk CAS 14 (\u0161\/h\/v)(v cm) 115x64x46cm<\/li>\n<li>skrinka CAS\u00a0 03 L\/P (\u0161\/h\/v)(v cm) 55\/43\/201cm<\/li>\n<li>komoda CAS 05 (\u0161\/h\/v)(v cm) 92x43x133cm<\/li>\n<li>komoda CAS 08 (\u0161\/h\/v)(v cm) 165x43x94 cm<\/li>\n<li>komoda CAS 11 (\u0161\/h\/v)(v cm) 92x43x94 cm<\/li>\n<li>Komoda CAS 09 (\u0161\/h\/v)(v cm) 138\/43\/94 cm<\/li>\n<li>skri\u0148a 2D CAS 01 (\u0161\/h\/v)(v cm) 92x66x201cm<\/li>\n<li>Komoda CAS 10 (\u0161\/h\/v)(vcm) 138\/43\/94 cm<\/li>\n<li>polica CAS 16 (\u0161\/h\/v)(v cm) 138x21x24cm<\/li>\n<\/ul>\n","protected":false},"excerpt":{"rendered":"<p>N\u00e1bytok W STEL je vyroben\u00fd z kvalitn\u00fdch materi\u00e1lov. Ve\u013ek\u00fdm plus s\u00fa ABS hrany. Nev\u0161edn\u00fd detail tejto ob\u00fdvacej izby dod\u00e1vaj\u00fa kovov\u00e9 \u00fachytky. Farebn\u00e9 prevedenie: sonoma svetla a MDF sonoma h\u013euzovka(truffel). K stene sa d\u00e1 doobjedna\u0165 aj LED osvetlenie: vitr\u00edna CAS 04\/S,\u00a0 vitr\u00edna CAS 06\/S\u00a0 a CAS 02\/S \u2013 55\u20ac.\u00a0 Ob\u00fdvacia stena sa sklad\u00e1 z: vitr\u00edna CAS&#8230;<\/p>\n","protected":false},"featured_media":56989,"comment_status":"closed","ping_status":"closed","template":"","meta":{"_seopress_robots_primary_cat":"251","_seopress_titles_title":"","_seopress_titles_desc":"","_seopress_robots_index":""},"product_brand":[],"product_cat":[182,251],"product_tag":[],"class_list":{"0":"post-119935","1":"product","2":"type-product","3":"status-publish","4":"has-post-thumbnail","6":"product_cat-obyvacie-steny","7":"product_cat-steny","8":"pa_typ-produktu-komoda-cas-09","9":"pa_typ-produktu-polica-cas-16","10":"pa_typ-produktu-polica-cas-17","11":"pa_typ-produktu-rtv-cas-13","12":"pa_typ-produktu-skrina-2d-cas-01","13":"pa_typ-produktu-stolik-cas-14","14":"pa_typ-produktu-vitrina-cas-04-s","15":"pa_typ-produktu-vitrina-cas-06-s","17":"first","18":"onbackorder","19":"shipping-taxable","20":"purchasable","21":"product-type-simple"},"_links":{"self":[{"href":"https:\/\/nabytoklaguna.sk\/sk\/wp-json\/wp\/v2\/product\/119935","targetHints":{"allow":["GET"]}}],"collection":[{"href":"https:\/\/nabytoklaguna.sk\/sk\/wp-json\/wp\/v2\/product"}],"about":[{"href":"https:\/\/nabytoklaguna.sk\/sk\/wp-json\/wp\/v2\/types\/product"}],"replies":[{"embeddable":true,"href":"https:\/\/nabytoklaguna.sk\/sk\/wp-json\/wp\/v2\/comments?post=119935"}],"wp:featuredmedia":[{"embeddable":true,"href":"https:\/\/nabytoklaguna.sk\/sk\/wp-json\/wp\/v2\/media\/56989"}],"wp:attachment":[{"href":"https:\/\/nabytoklaguna.sk\/sk\/wp-json\/wp\/v2\/media?parent=119935"}],"wp:term":[{"taxonomy":"product_brand","embeddable":true,"href":"https:\/\/nabytoklaguna.sk\/sk\/wp-json\/wp\/v2\/product_brand?post=119935"},{"taxonomy":"product_cat","embeddable":true,"href":"https:\/\/nabytoklaguna.sk\/sk\/wp-json\/wp\/v2\/product_cat?post=119935"},{"taxonomy":"product_tag","embeddable":true,"href":"https:\/\/nabytoklaguna.sk\/sk\/wp-json\/wp\/v2\/product_tag?post=119935"}],"curies":[{"name":"wp","href":"https:\/\/api.w.org\/{rel}","templated":true}]}}

W STEL obývacia stena

<p>Nábytok W STEL je vyrobený z kvalitných materiálov. Veľkým plus sú ABS hrany. Nevšedný detail tejto obývacej izby dodávajú kovové úchytky. Farebné prevedenie: sonoma svetla a MDF sonoma hľuzovka(truffel). K stene sa dá doobjednať aj LED osvetlenie: vitrína CAS 04/S,  vitrína CAS 06/S  a CAS 02/S –<strong> 55€. </strong></p>
<p>Obývacia stena sa skladá z:</p>
<ul>
<li>vitrína CAS L/P 04/S (š/h/v)(v cm) 55x43x201cm</li>
<li>vitrína CAS 06/S (š/h/v)(v cm) 85x43x133cm<strong> </strong></li>
<li>RTV stolík CAS 13 (š/h/v)(v cm) 138x43x52cm</li>
<li>polica CAS 17 (š/h/v)(v cm) 92x21x24cm<strong> </strong></li>
</ul>
<p>Ďalej máte možnosť kúpiť</p>
<ul>
<li>vitrína CAS 02/S (š/h/v)(v cm) 85x43x201 cm</li>
<li>stolík CAS 14 (š/h/v)(v cm) 115x64x46cm</li>
<li>skrinka CAS  03 L/P (š/h/v)(v cm) 55/43/201cm</li>
<li>komoda CAS 05 (š/h/v)(v cm) 92x43x133cm</li>
<li>komoda CAS 08 (š/h/v)(v cm) 165x43x94 cm</li>
<li>komoda CAS 11 (š/h/v)(v cm) 92x43x94 cm</li>
<li>Komoda CAS 09 (š/h/v)(v cm) 138/43/94 cm</li>
<li>skriňa 2D CAS 01 (š/h/v)(v cm) 92x66x201cm</li>
<li>Komoda CAS 10 (š/h/v)(vcm) 138/43/94 cm</li>
<li>polica CAS 16 (š/h/v)(v cm) 138x21x24cm</li>
</ul>

<p>Nábytok W STEL je vyrobený z kvalitných materiálov. Veľkým plus sú ABS hrany. Nevšedný detail tejto obývacej izby dodávajú kovové úchytky. Farebné prevedenie: sonoma svetla a MDF sonoma hľuzovka(truffel). K stene sa dá doobjednať aj LED osvetlenie: vitrína CAS 04/S,  vitrína CAS 06/S  a CAS 02/S – 55€.  Obývacia stena sa skladá z: vitrína CAS&#8230;</p>
