{"id":120109,"date":"2023-04-22T20:12:00","date_gmt":"2023-04-22T20:12:00","guid":{"rendered":"https:\/\/nabytoklaguna.sk\/sk\/?post_type=product&#038;p=120109"},"modified":"2026-02-18T08:48:17","modified_gmt":"2026-02-18T07:48:17","slug":"bond-ii","status":"publish","type":"product","link":"https:\/\/nabytoklaguna.sk\/sk\/produkt\/bond-ii\/","title":{"rendered":"BOND II"},"content":{"rendered":"<p>Elegantn\u00fd jed\u00e1lensk\u00fd set, ktor\u00fd sa sklad\u00e1 z dvoch mal\u00fdch lavi\u010diek, stola a dvoch taburetiek, si \u00a0zaru\u010dene n\u00e1jde \u00a0svoje miesto vo va\u0161ej kuchyni alebo jed\u00e1lne Jed\u00e1lensk\u00fd set je vyroben\u00fd z kvalitnej DTD laminovanej a vyr\u00e1ba sa v \u0161tyroch farebn\u00fdch prevedeniach: slivka\/ eco \u010dierny, venge\/eco krem, sonoma svetl\u00e1\/eco \u010dierny, sonoma svetl\u00e1\/eco b\u00e9\u017e<\/p>\n<p>Rozmer\/\u0160xHxV\/:75x75x75cm<\/p>\n<p><strong>Parametre v\u00fdrobku<\/strong><\/p>\n<table border=\"0\" cellspacing=\"5\" cellpadding=\"1\">\n<tbody>\n<tr>\n<td><strong>Typ v\u00fdrobku<\/strong><\/td>\n<td>BOND II s\u00faprava mal\u00e1<\/td>\n<\/tr>\n<tr>\n<td><strong>Materi\u00e1l<\/strong><\/td>\n<td>DTD laminovan\u00e1\/eco<\/td>\n<\/tr>\n<tr>\n<td><strong>Farebn\u00e9 prevedenie korpusu<\/strong><\/td>\n<td>sonoma svetl\u00e1\/eco b\u00e9\u017e<\/td>\n<\/tr>\n<tr>\n<td><strong>Rozmery \u0161\/h\/v<br \/>\n<\/strong><\/td>\n<td>75x75x75cm<\/td>\n<\/tr>\n<tr>\n<td><strong>Balenie<\/strong><\/td>\n<td>demont<\/td>\n<\/tr>\n<tr>\n<td><strong>Z\u00e1ruka<\/strong><\/td>\n<td>2<\/td>\n<\/tr>\n<\/tbody>\n<\/table>\n<p>&nbsp;<\/p>\n","protected":false},"excerpt":{"rendered":"<p>Elegantn\u00fd jed\u00e1lensk\u00fd set, ktor\u00fd sa sklad\u00e1 z dvoch mal\u00fdch lavi\u010diek, stola a dvoch taburetiek, si \u00a0zaru\u010dene n\u00e1jde \u00a0svoje miesto vo va\u0161ej kuchyni alebo jed\u00e1lne Jed\u00e1lensk\u00fd set je vyroben\u00fd z kvalitnej DTD laminovanej a vyr\u00e1ba sa v \u0161tyroch farebn\u00fdch prevedeniach: slivka\/ eco \u010dierny, venge\/eco krem, sonoma svetl\u00e1\/eco \u010dierny, sonoma svetl\u00e1\/eco b\u00e9\u017e Rozmer\/\u0160xHxV\/:75x75x75cm Parametre v\u00fdrobku Typ v\u00fdrobku&#8230;<\/p>\n","protected":false},"featured_media":15717,"comment_status":"closed","ping_status":"closed","template":"","meta":{"_seopress_robots_primary_cat":"249","_seopress_titles_title":"","_seopress_titles_desc":"","_seopress_robots_index":""},"product_brand":[],"product_cat":[4721,246,249],"product_tag":[],"class_list":{"0":"post-120109","1":"product","2":"type-product","3":"status-publish","4":"has-post-thumbnail","6":"product_cat-jedalenske-stolicky","7":"product_cat-jedalenske-sety","8":"product_cat-kuchyne-lavice","10":"first","11":"onbackorder","12":"shipping-taxable","13":"purchasable","14":"product-type-simple"},"_links":{"self":[{"href":"https:\/\/nabytoklaguna.sk\/sk\/wp-json\/wp\/v2\/product\/120109","targetHints":{"allow":["GET"]}}],"collection":[{"href":"https:\/\/nabytoklaguna.sk\/sk\/wp-json\/wp\/v2\/product"}],"about":[{"href":"https:\/\/nabytoklaguna.sk\/sk\/wp-json\/wp\/v2\/types\/product"}],"replies":[{"embeddable":true,"href":"https:\/\/nabytoklaguna.sk\/sk\/wp-json\/wp\/v2\/comments?post=120109"}],"wp:featuredmedia":[{"embeddable":true,"href":"https:\/\/nabytoklaguna.sk\/sk\/wp-json\/wp\/v2\/media\/15717"}],"wp:attachment":[{"href":"https:\/\/nabytoklaguna.sk\/sk\/wp-json\/wp\/v2\/media?parent=120109"}],"wp:term":[{"taxonomy":"product_brand","embeddable":true,"href":"https:\/\/nabytoklaguna.sk\/sk\/wp-json\/wp\/v2\/product_brand?post=120109"},{"taxonomy":"product_cat","embeddable":true,"href":"https:\/\/nabytoklaguna.sk\/sk\/wp-json\/wp\/v2\/product_cat?post=120109"},{"taxonomy":"product_tag","embeddable":true,"href":"https:\/\/nabytoklaguna.sk\/sk\/wp-json\/wp\/v2\/product_tag?post=120109"}],"curies":[{"name":"wp","href":"https:\/\/api.w.org\/{rel}","templated":true}]}}

<p>Elegantný jedálenský set, ktorý sa skladá z dvoch malých lavičiek, stola a dvoch taburetiek, si  zaručene nájde  svoje miesto vo vašej kuchyni alebo jedálne Jedálenský set je vyrobený z kvalitnej DTD laminovanej a vyrába sa v štyroch farebných prevedeniach: slivka/ eco čierny, venge/eco krem, sonoma svetlá/eco čierny, sonoma svetlá/eco béž</p>
<p>Rozmer/ŠxHxV/:75x75x75cm</p>
<p><strong>Parametre výrobku</strong></p>
<table border="0" cellspacing="5" cellpadding="1">
<tbody>
<tr>
<td><strong>Typ výrobku</strong></td>
<td>BOND II súprava malá</td>
</tr>
<tr>
<td><strong>Materiál</strong></td>
<td>DTD laminovaná/eco</td>
</tr>
<tr>
<td><strong>Farebné prevedenie korpusu</strong></td>
<td>sonoma svetlá/eco béž</td>
</tr>
<tr>
<td><strong>Rozmery š/h/v<br />
</strong></td>
<td>75x75x75cm</td>
</tr>
<tr>
<td><strong>Balenie</strong></td>
<td>demont</td>
</tr>
<tr>
<td><strong>Záruka</strong></td>
<td>2</td>
</tr>
</tbody>
</table>
<p>&nbsp;</p>

<p>Elegantný jedálenský set, ktorý sa skladá z dvoch malých lavičiek, stola a dvoch taburetiek, si  zaručene nájde  svoje miesto vo vašej kuchyni alebo jedálne Jedálenský set je vyrobený z kvalitnej DTD laminovanej a vyrába sa v štyroch farebných prevedeniach: slivka/ eco čierny, venge/eco krem, sonoma svetlá/eco čierny, sonoma svetlá/eco béž Rozmer/ŠxHxV/:75x75x75cm Parametre výrobku Typ výrobku&#8230;</p>
