{"id":120155,"date":"2023-04-22T20:12:00","date_gmt":"2023-04-22T20:12:00","guid":{"rendered":"https:\/\/nabytoklaguna.sk\/sk\/?post_type=product&#038;p=120155"},"modified":"2025-04-24T10:38:30","modified_gmt":"2025-04-24T08:38:30","slug":"stg-gomi-321","status":"publish","type":"product","link":"https:\/\/nabytoklaguna.sk\/sk\/produkt\/stg-gomi-321\/","title":{"rendered":"STG GOMI 3+2+1"},"content":{"rendered":"<p>Modern\u00fd interi\u00e9r v m\u00f3dnej sivej farbe bude ide\u00e1lnym\u00a0prostred\u00edm pre sedaciu s\u00fapravu<strong> GOMI<\/strong> \u010dal\u00fanen\u00fa\u00a0 l\u00e1tkou. Kr\u00e1sna sedacia s\u00faprava s vysok\u00fdmi, vyprofilovan\u00fdmi opierkami stoj\u00ed na ve\u013ek\u00fdch kovov\u00fdch no\u017ei\u010dk\u00e1ch, ktor\u00e9 jej dodaj\u00fa optick\u00fa \u013eahkos\u0165 a priezra\u010dnos\u0165. <strong>Gomi<\/strong> odpor\u00fa\u010dame ako miesto pre denn\u00fd i no\u010dn\u00fd odpo\u010dinok.<\/p>\n<p><strong>VZORKOVN\u00cdK L\u00c1TOK<\/strong><\/p>\n<p><a href=\"https:\/\/nabytoklaguna.sk\/sk\/wp-content\/uploads\/2021\/02\/STG-Potahove-latky.pdf\"><img loading=\"lazy\" decoding=\"async\" class=\"alignnone size-full wp-image-100592\" src=\"https:\/\/nabytoklaguna.sk\/sk\/wp-content\/uploads\/2021\/01\/tlacidlo-vzorkovnik-latok-2.jpg\" alt=\"tlacidlo vzorkovnik latok (2)\" width=\"100\" height=\"100\" \/><\/a><\/p>\n<p><strong>Cena za 3-sed: 529,- eur. Cena za 2-sed: 505,- eur. Cena za kreslo: 368,- eur.<\/strong><\/p>\n<p><strong><u>Rozmer 3sedu:<br \/>\n<\/u><\/strong><\/p>\n<p><strong>\u0160\u00edrka: <\/strong>210 cm<\/p>\n<p><strong>V\u00fd\u0161ka: <\/strong>90 cm<\/p>\n<p><strong>H\u013abka: <\/strong>87 cm<\/p>\n<p><strong>Rozklad : NIE<\/strong><\/p>\n<p><strong>\u00dalo\u017en\u00fd priestor:NIE<\/strong><\/p>\n<p>&nbsp;<\/p>\n<p><strong><u>Rozmer 2sedu:<\/u><\/strong><\/p>\n<p><strong>\u0160\u00edrka: <\/strong>183 cm<\/p>\n<p><strong>V\u00fd\u0161ka: <\/strong>90 cm<\/p>\n<p><strong>H\u013abka: <\/strong>87 cm<\/p>\n<p><strong>Rozklad: NIE<\/strong><\/p>\n<p><strong>\u00dalo\u017en\u00fd priestor: NIE<\/strong><\/p>\n<p>&nbsp;<\/p>\n<p><strong><u>Rozmer kresla:<\/u><\/strong><\/p>\n<p><strong>\u0160\u00edrka: <\/strong>110 cm<\/p>\n<p><strong>V\u00fd\u0161ka: <\/strong>90 cm<\/p>\n<p><strong>H\u013abka: <\/strong>87 cm<\/p>\n<p>Samozrejmos\u0165ou je v\u00fdber po\u0165ahovej l\u00e1tky a <strong>prav\u00e9ho<\/strong> a<strong> \u013eav\u00e9ho<\/strong> prevedenia. Pros\u00edm uvies\u0165 v objedn\u00e1vke!!!<\/p>\n<p>Ceny s\u00fa platn\u00e9 pre l\u00e1tky v cenovej skupine 0.<\/p>\n<p><em><strong>3 najd\u00f4le\u017eitej\u0161ie vlastnosti rohovej sedacej s\u00fapravy GOMI<\/strong><\/em><\/p>\n<p>Sedacia s\u00faprava Gomi\u00a0 je bezkonkuren\u010dn\u00fdm rie\u0161en\u00edm pre zariadenie ob\u00fdva\u010dky ur\u010den\u00e9 priaznivcom modern\u00fdch foriem, pohodlia a diskr\u00e9tneho luxusu.<\/p>\n<p><em><strong>1. vysok\u00e1 podpora pre chrb\u00e1t<\/strong><\/em><br \/>\numo\u017e\u0148uje, aby si ka\u017ed\u00fd pou\u017e\u00edvate\u013e bez oh\u013eadu na\u00a0svoju v\u00fd\u0161ku vychutnal \u00fapln\u00e9 pohodlie<\/p>\n<p><strong>2. pevn\u00e9\u00a0pre\u0161itia<br \/>\n<\/strong>zvy\u0161uj\u00fa atraktivitu aj \u00fa\u017eitkov\u00fa hodnotu sedacej\u00a0s\u00fapravy<\/p>\n<p><strong>3.no\u017ei\u010dky vo forme valca<br \/>\n<\/strong>kovov\u00e9, pomerne vysok\u00e9, hodia sa k \u0161t\u00fdlu\u00a0rohovej sedacej s\u00fapravy.<\/p>\n<p><strong>Mo\u017enos\u0165 dok\u00fapi\u0165 Taburet v cene: 195,- eur.<\/strong><strong><br \/>\n<\/strong><\/p>\n<p>Rozmer taburetu:<\/p>\n<p><strong>\u0160\u00edrka: <\/strong>110 cm<\/p>\n<p><strong>V\u00fd\u0161ka: <\/strong>45 cm<\/p>\n<p><strong>H\u013abka: <\/strong>72 cm<\/p>\n<p>&nbsp;<\/p>\n<p>&nbsp;<\/p>\n","protected":false},"excerpt":{"rendered":"<p>Modern\u00fd interi\u00e9r v m\u00f3dnej sivej farbe bude ide\u00e1lnym\u00a0prostred\u00edm pre sedaciu s\u00fapravu GOMI \u010dal\u00fanen\u00fa\u00a0 l\u00e1tkou. Kr\u00e1sna sedacia s\u00faprava s vysok\u00fdmi, vyprofilovan\u00fdmi opierkami stoj\u00ed na ve\u013ek\u00fdch kovov\u00fdch no\u017ei\u010dk\u00e1ch, ktor\u00e9 jej dodaj\u00fa optick\u00fa \u013eahkos\u0165 a priezra\u010dnos\u0165. Gomi odpor\u00fa\u010dame ako miesto pre denn\u00fd i no\u010dn\u00fd odpo\u010dinok. VZORKOVN\u00cdK L\u00c1TOK Cena za 3-sed: 529,- eur. Cena za 2-sed: 505,- eur. Cena&#8230;<\/p>\n","protected":false},"featured_media":55620,"comment_status":"closed","ping_status":"closed","template":"","meta":{"_seopress_robots_primary_cat":"140","_seopress_titles_title":"","_seopress_titles_desc":"","_seopress_robots_index":""},"product_brand":[],"product_cat":[256,140],"product_tag":[],"class_list":{"0":"post-120155","1":"product","2":"type-product","3":"status-publish","4":"has-post-thumbnail","6":"product_cat-supravy-311","7":"product_cat-sedacie-supravy","9":"first","10":"onbackorder","11":"shipping-taxable","12":"purchasable","13":"product-type-simple"},"_links":{"self":[{"href":"https:\/\/nabytoklaguna.sk\/sk\/wp-json\/wp\/v2\/product\/120155","targetHints":{"allow":["GET"]}}],"collection":[{"href":"https:\/\/nabytoklaguna.sk\/sk\/wp-json\/wp\/v2\/product"}],"about":[{"href":"https:\/\/nabytoklaguna.sk\/sk\/wp-json\/wp\/v2\/types\/product"}],"replies":[{"embeddable":true,"href":"https:\/\/nabytoklaguna.sk\/sk\/wp-json\/wp\/v2\/comments?post=120155"}],"wp:featuredmedia":[{"embeddable":true,"href":"https:\/\/nabytoklaguna.sk\/sk\/wp-json\/wp\/v2\/media\/55620"}],"wp:attachment":[{"href":"https:\/\/nabytoklaguna.sk\/sk\/wp-json\/wp\/v2\/media?parent=120155"}],"wp:term":[{"taxonomy":"product_brand","embeddable":true,"href":"https:\/\/nabytoklaguna.sk\/sk\/wp-json\/wp\/v2\/product_brand?post=120155"},{"taxonomy":"product_cat","embeddable":true,"href":"https:\/\/nabytoklaguna.sk\/sk\/wp-json\/wp\/v2\/product_cat?post=120155"},{"taxonomy":"product_tag","embeddable":true,"href":"https:\/\/nabytoklaguna.sk\/sk\/wp-json\/wp\/v2\/product_tag?post=120155"}],"curies":[{"name":"wp","href":"https:\/\/api.w.org\/{rel}","templated":true}]}}

<p>Moderný interiér v módnej sivej farbe bude ideálnym prostredím pre sedaciu súpravu<strong> GOMI</strong> čalúnenú  látkou. Krásna sedacia súprava s vysokými, vyprofilovanými opierkami stojí na veľkých kovových nožičkách, ktoré jej dodajú optickú ľahkosť a priezračnosť. <strong>Gomi</strong> odporúčame ako miesto pre denný i nočný odpočinok.</p>
<p><strong>VZORKOVNÍK LÁTOK</strong></p>
<p><a href="https://nabytoklaguna.sk/sk/wp-content/uploads/2021/02/STG-Potahove-latky.pdf"><img loading="lazy" decoding="async" class="alignnone size-full wp-image-100592" src="https://nabytoklaguna.sk/sk/wp-content/uploads/2021/01/tlacidlo-vzorkovnik-latok-2.jpg" alt="tlacidlo vzorkovnik latok (2)" width="100" height="100" /></a></p>
<p><strong>Cena za 3-sed: 529,- eur. Cena za 2-sed: 505,- eur. Cena za kreslo: 368,- eur.</strong></p>
<p><strong><u>Rozmer 3sedu:<br />
</u></strong></p>
<p><strong>Šírka: </strong>210 cm</p>
<p><strong>Výška: </strong>90 cm</p>
<p><strong>Hĺbka: </strong>87 cm</p>
<p><strong>Rozklad : NIE</strong></p>
<p><strong>Úložný priestor:NIE</strong></p>
<p>&nbsp;</p>
<p><strong><u>Rozmer 2sedu:</u></strong></p>
<p><strong>Šírka: </strong>183 cm</p>
<p><strong>Výška: </strong>90 cm</p>
<p><strong>Hĺbka: </strong>87 cm</p>
<p><strong>Rozklad: NIE</strong></p>
<p><strong>Úložný priestor: NIE</strong></p>
<p>&nbsp;</p>
<p><strong><u>Rozmer kresla:</u></strong></p>
<p><strong>Šírka: </strong>110 cm</p>
<p><strong>Výška: </strong>90 cm</p>
<p><strong>Hĺbka: </strong>87 cm</p>
<p>Samozrejmosťou je výber poťahovej látky a <strong>pravého</strong> a<strong> ľavého</strong> prevedenia. Prosím uviesť v objednávke!!!</p>
<p>Ceny sú platné pre látky v cenovej skupine 0.</p>
<p><em><strong>3 najdôležitejšie vlastnosti rohovej sedacej súpravy GOMI</strong></em></p>
<p>Sedacia súprava Gomi  je bezkonkurenčným riešením pre zariadenie obývačky určené priaznivcom moderných foriem, pohodlia a diskrétneho luxusu.</p>
<p><em><strong>1. vysoká podpora pre chrbát</strong></em><br />
umožňuje, aby si každý používateľ bez ohľadu na svoju výšku vychutnal úplné pohodlie</p>
<p><strong>2. pevné prešitia<br />
</strong>zvyšujú atraktivitu aj úžitkovú hodnotu sedacej súpravy</p>
<p><strong>3.nožičky vo forme valca<br />
</strong>kovové, pomerne vysoké, hodia sa k štýlu rohovej sedacej súpravy.</p>
<p><strong>Možnosť dokúpiť Taburet v cene: 195,- eur.</strong><strong><br />
</strong></p>
<p>Rozmer taburetu:</p>
<p><strong>Šírka: </strong>110 cm</p>
<p><strong>Výška: </strong>45 cm</p>
<p><strong>Hĺbka: </strong>72 cm</p>
<p>&nbsp;</p>
<p>&nbsp;</p>

<p>Moderný interiér v módnej sivej farbe bude ideálnym prostredím pre sedaciu súpravu GOMI čalúnenú  látkou. Krásna sedacia súprava s vysokými, vyprofilovanými opierkami stojí na veľkých kovových nožičkách, ktoré jej dodajú optickú ľahkosť a priezračnosť. Gomi odporúčame ako miesto pre denný i nočný odpočinok. VZORKOVNÍK LÁTOK Cena za 3-sed: 529,- eur. Cena za 2-sed: 505,- eur. Cena&#8230;</p>
