{"id":120207,"date":"2023-04-22T20:12:00","date_gmt":"2023-04-22T20:12:00","guid":{"rendered":"https:\/\/nabytoklaguna.sk\/sk\/?post_type=product&#038;p=120207"},"modified":"2025-04-28T11:45:25","modified_gmt":"2025-04-28T09:45:25","slug":"tempo-kondela-spalna-gabriela","status":"publish","type":"product","link":"https:\/\/nabytoklaguna.sk\/sk\/produkt\/tempo-kondela-spalna-gabriela\/","title":{"rendered":"K Sp\u00e1l\u0148a GABRIELA"},"content":{"rendered":"<p>Elegantn\u00fd <strong>sp\u00e1l\u0148ov\u00fd komplet<\/strong> \/skri\u0148a + poste\u013e 180&#215;200\u00a0 + 2 ks no\u010dn\u00fd stol\u00edk\/.\u00a0 Materi\u00e1l:laminovan\u00e1 DTD.\u00a0 \u00a0Farebn\u00e9 prevedenie: <strong>dub sonoma\/biela<\/strong>.\u00a0 Cena zah\u0155\u0148a:skri\u0148u s pos\u00favn\u00fdmi dverami, poste\u013e 180&#215;200 dod\u00e1van\u00e1 bez ro\u0161tu a matraca, 2x no\u010dn\u00fd stol\u00edk.<\/p>\n<p>Mo\u017enos\u0165 objedna\u0165 jednotliv\u00e9 komponenty:<\/p>\n<ul>\n<li>Skri\u0148a s pos\u00favn\u00fdmi dverami\/201,6x200x62cm\/<\/li>\n<li>Poste\u013e 160&#215;200 \/vonka\u0161\u00ed rozmer-163,6x90x203,2\/<\/li>\n<li>Poste\u013e 180&#215;200\/vonkaj\u0161\u00ed rozmer-183,6x90x203,2\/<\/li>\n<li>Komoda\/120x80x38cm\/<\/li>\n<li>No\u010dn\u00fd stol\u00edk 2ks\/41,8x40x38cm\/<strong>\u00a0<\/strong><\/li>\n<\/ul>\n","protected":false},"excerpt":{"rendered":"<p>Elegantn\u00fd sp\u00e1l\u0148ov\u00fd komplet \/skri\u0148a + poste\u013e 180&#215;200\u00a0 + 2 ks no\u010dn\u00fd stol\u00edk\/.\u00a0 Materi\u00e1l:laminovan\u00e1 DTD.\u00a0 \u00a0Farebn\u00e9 prevedenie: dub sonoma\/biela.\u00a0 Cena zah\u0155\u0148a:skri\u0148u s pos\u00favn\u00fdmi dverami, poste\u013e 180&#215;200 dod\u00e1van\u00e1 bez ro\u0161tu a matraca, 2x no\u010dn\u00fd stol\u00edk. Mo\u017enos\u0165 objedna\u0165 jednotliv\u00e9 komponenty: Skri\u0148a s pos\u00favn\u00fdmi dverami\/201,6x200x62cm\/ Poste\u013e 160&#215;200 \/vonka\u0161\u00ed rozmer-163,6x90x203,2\/ Poste\u013e 180&#215;200\/vonkaj\u0161\u00ed rozmer-183,6x90x203,2\/ Komoda\/120x80x38cm\/ No\u010dn\u00fd stol\u00edk 2ks\/41,8x40x38cm\/\u00a0<\/p>\n","protected":false},"featured_media":8463,"comment_status":"closed","ping_status":"closed","template":"","meta":{"_seopress_robots_primary_cat":"615","_seopress_titles_title":"","_seopress_titles_desc":"","_seopress_robots_index":""},"product_brand":[],"product_cat":[615],"product_tag":[],"class_list":{"0":"post-120207","1":"product","2":"type-product","3":"status-publish","4":"has-post-thumbnail","6":"product_cat-spalnove-komplety","8":"first","9":"onbackorder","10":"shipping-taxable","11":"purchasable","12":"product-type-simple"},"_links":{"self":[{"href":"https:\/\/nabytoklaguna.sk\/sk\/wp-json\/wp\/v2\/product\/120207","targetHints":{"allow":["GET"]}}],"collection":[{"href":"https:\/\/nabytoklaguna.sk\/sk\/wp-json\/wp\/v2\/product"}],"about":[{"href":"https:\/\/nabytoklaguna.sk\/sk\/wp-json\/wp\/v2\/types\/product"}],"replies":[{"embeddable":true,"href":"https:\/\/nabytoklaguna.sk\/sk\/wp-json\/wp\/v2\/comments?post=120207"}],"wp:featuredmedia":[{"embeddable":true,"href":"https:\/\/nabytoklaguna.sk\/sk\/wp-json\/wp\/v2\/media\/8463"}],"wp:attachment":[{"href":"https:\/\/nabytoklaguna.sk\/sk\/wp-json\/wp\/v2\/media?parent=120207"}],"wp:term":[{"taxonomy":"product_brand","embeddable":true,"href":"https:\/\/nabytoklaguna.sk\/sk\/wp-json\/wp\/v2\/product_brand?post=120207"},{"taxonomy":"product_cat","embeddable":true,"href":"https:\/\/nabytoklaguna.sk\/sk\/wp-json\/wp\/v2\/product_cat?post=120207"},{"taxonomy":"product_tag","embeddable":true,"href":"https:\/\/nabytoklaguna.sk\/sk\/wp-json\/wp\/v2\/product_tag?post=120207"}],"curies":[{"name":"wp","href":"https:\/\/api.w.org\/{rel}","templated":true}]}}

K Spálňa GABRIELA

<p>Elegantný <strong>spálňový komplet</strong> /skriňa + posteľ 180&#215;200  + 2 ks nočný stolík/.  Materiál:laminovaná DTD.   Farebné prevedenie: <strong>dub sonoma/biela</strong>.  Cena zahŕňa:skriňu s posúvnými dverami, posteľ 180&#215;200 dodávaná bez roštu a matraca, 2x nočný stolík.</p>
<p>Možnosť objednať jednotlivé komponenty:</p>
<ul>
<li>Skriňa s posúvnými dverami/201,6x200x62cm/</li>
<li>Posteľ 160&#215;200 /vonkaší rozmer-163,6x90x203,2/</li>
<li>Posteľ 180&#215;200/vonkajší rozmer-183,6x90x203,2/</li>
<li>Komoda/120x80x38cm/</li>
<li>Nočný stolík 2ks/41,8x40x38cm/<strong> </strong></li>
</ul>

<p>Elegantný spálňový komplet /skriňa + posteľ 180&#215;200  + 2 ks nočný stolík/.  Materiál:laminovaná DTD.   Farebné prevedenie: dub sonoma/biela.  Cena zahŕňa:skriňu s posúvnými dverami, posteľ 180&#215;200 dodávaná bez roštu a matraca, 2x nočný stolík. Možnosť objednať jednotlivé komponenty: Skriňa s posúvnými dverami/201,6x200x62cm/ Posteľ 160&#215;200 /vonkaší rozmer-163,6x90x203,2/ Posteľ 180&#215;200/vonkajší rozmer-183,6x90x203,2/ Komoda/120x80x38cm/ Nočný stolík 2ks/41,8x40x38cm/ </p>
