{"id":120224,"date":"2023-04-22T20:12:00","date_gmt":"2023-04-22T20:12:00","guid":{"rendered":"https:\/\/nabytoklaguna.sk\/sk\/?post_type=product&#038;p=120224"},"modified":"2026-03-18T12:25:14","modified_gmt":"2026-03-18T11:25:14","slug":"tempo-kondela-jachim-juno-new","status":"publish","type":"product","link":"https:\/\/nabytoklaguna.sk\/sk\/produkt\/tempo-kondela-jachim-juno-new\/","title":{"rendered":"K JACHIM &#8211; JUNO NEW"},"content":{"rendered":"<p>Modern\u00e1 komoda JACHIM-JUNO NEW v\u00e1m pon\u00faka mno\u017estvo \u00falo\u017en\u00e9ho priestoru. Je vyroben\u00e1 z DTD laminovanej v modernom farebnom preveden\u00ed dub sonoma\/biela. Komoda je \u0161tvordverov\u00e1 so \u0161tyrmi \u0161upl\u00edkmi. Na vrchu je jedna vyv\u00fd\u0161en\u00e1 polica.<\/p>\n<ul>\n<li><b>Materi\u00e1l:<\/b>\u00a0DTD laminovan\u00e1<\/li>\n<li><b>Farba:<\/b>biela\/dub sonoma<\/li>\n<li><b>Rozmery (\u0160xHxV):<\/b>195x37x96,5 cm<\/li>\n<li>4 dverov\u00e1<\/li>\n<li>4 \u0161upl\u00edky<\/li>\n<li>Vyv\u00fd\u0161en\u00e1 polica<\/li>\n<li>Dod\u00e1van\u00e9 v demonte<\/li>\n<\/ul>\n","protected":false},"excerpt":{"rendered":"<p>Modern\u00e1 komoda JACHIM-JUNO NEW v\u00e1m pon\u00faka mno\u017estvo \u00falo\u017en\u00e9ho priestoru. Je vyroben\u00e1 z DTD laminovanej v modernom farebnom preveden\u00ed dub sonoma\/biela. Komoda je \u0161tvordverov\u00e1 so \u0161tyrmi \u0161upl\u00edkmi. Na vrchu je jedna vyv\u00fd\u0161en\u00e1 polica. Materi\u00e1l:\u00a0DTD laminovan\u00e1 Farba:biela\/dub sonoma Rozmery (\u0160xHxV):195x37x96,5 cm 4 dverov\u00e1 4 \u0161upl\u00edky Vyv\u00fd\u0161en\u00e1 polica Dod\u00e1van\u00e9 v demonte<\/p>\n","protected":false},"featured_media":70530,"comment_status":"closed","ping_status":"closed","template":"","meta":{"_seopress_robots_primary_cat":"1109","_seopress_titles_title":"","_seopress_titles_desc":"","_seopress_robots_index":""},"product_brand":[],"product_cat":[1109,222],"product_tag":[],"class_list":{"0":"post-120224","1":"product","2":"type-product","3":"status-publish","4":"has-post-thumbnail","6":"product_cat-komody-k-obyvacim-stenam","7":"product_cat-komody","9":"first","10":"onbackorder","11":"shipping-taxable","12":"purchasable","13":"product-type-simple"},"_links":{"self":[{"href":"https:\/\/nabytoklaguna.sk\/sk\/wp-json\/wp\/v2\/product\/120224","targetHints":{"allow":["GET"]}}],"collection":[{"href":"https:\/\/nabytoklaguna.sk\/sk\/wp-json\/wp\/v2\/product"}],"about":[{"href":"https:\/\/nabytoklaguna.sk\/sk\/wp-json\/wp\/v2\/types\/product"}],"replies":[{"embeddable":true,"href":"https:\/\/nabytoklaguna.sk\/sk\/wp-json\/wp\/v2\/comments?post=120224"}],"wp:featuredmedia":[{"embeddable":true,"href":"https:\/\/nabytoklaguna.sk\/sk\/wp-json\/wp\/v2\/media\/70530"}],"wp:attachment":[{"href":"https:\/\/nabytoklaguna.sk\/sk\/wp-json\/wp\/v2\/media?parent=120224"}],"wp:term":[{"taxonomy":"product_brand","embeddable":true,"href":"https:\/\/nabytoklaguna.sk\/sk\/wp-json\/wp\/v2\/product_brand?post=120224"},{"taxonomy":"product_cat","embeddable":true,"href":"https:\/\/nabytoklaguna.sk\/sk\/wp-json\/wp\/v2\/product_cat?post=120224"},{"taxonomy":"product_tag","embeddable":true,"href":"https:\/\/nabytoklaguna.sk\/sk\/wp-json\/wp\/v2\/product_tag?post=120224"}],"curies":[{"name":"wp","href":"https:\/\/api.w.org\/{rel}","templated":true}]}}

<p>Moderná komoda JACHIM-JUNO NEW vám ponúka množstvo úložného priestoru. Je vyrobená z DTD laminovanej v modernom farebnom prevedení dub sonoma/biela. Komoda je štvordverová so štyrmi šuplíkmi. Na vrchu je jedna vyvýšená polica.</p>
<ul>
<li><b>Materiál:</b> DTD laminovaná</li>
<li><b>Farba:</b>biela/dub sonoma</li>
<li><b>Rozmery (ŠxHxV):</b>195x37x96,5 cm</li>
<li>4 dverová</li>
<li>4 šuplíky</li>
<li>Vyvýšená polica</li>
<li>Dodávané v demonte</li>
</ul>

<p>Moderná komoda JACHIM-JUNO NEW vám ponúka množstvo úložného priestoru. Je vyrobená z DTD laminovanej v modernom farebnom prevedení dub sonoma/biela. Komoda je štvordverová so štyrmi šuplíkmi. Na vrchu je jedna vyvýšená polica. Materiál: DTD laminovaná Farba:biela/dub sonoma Rozmery (ŠxHxV):195x37x96,5 cm 4 dverová 4 šuplíky Vyvýšená polica Dodávané v demonte</p>
