{"id":120581,"date":"2023-10-31T16:27:29","date_gmt":"2023-10-31T15:27:29","guid":{"rendered":"https:\/\/nabytoklaguna.sk\/sk\/?post_type=product&#038;p=120581"},"modified":"2026-01-01T00:45:11","modified_gmt":"2025-12-31T23:45:11","slug":"dcl-408","status":"publish","type":"product","link":"https:\/\/nabytoklaguna.sk\/sk\/produkt\/dcl-408\/","title":{"rendered":"DCL-408"},"content":{"rendered":"<p>Elegantn\u00e1 jed\u00e1lensk\u00e1 stoli\u010dka o\u010dal\u00fanen\u00e1 <strong>sivou\u00a0<\/strong>alebo<strong> bielou ekoko\u017eou<\/strong>.\u00a0 Po\u0165ah sed\u00e1kov a opierky je dvojradovo <strong>pre\u0161it\u00fd<\/strong>. \u0160vy s\u00fa vo farbe po\u0165ahov\u00e9ho materi\u00e1lu. Pohupovacia <strong>chromov\u00e1 podno\u017e<\/strong> v elegantnom hranat\u00fdm profile je podlo\u017een\u00e1 klz\u00e1kmi\u00a0 <strong>proti po\u0161kodeniu podlahy<\/strong>.<\/p>\n<p>Rozmery :\u00a0 42 x 55 x 100 x 48 cm<\/p>\n<p>Dod\u00e1van\u00e9 v demonte<\/p>\n<table style=\"width: 1159px;\">\n<tbody>\n<tr>\n<td class=\"popis\" style=\"width: 687px;\">\u0160\u00edrka (cm):<\/td>\n<td style=\"width: 472px;\">42 cm<\/td>\n<\/tr>\n<tr>\n<td class=\"popis\" style=\"width: 687px;\">H\u013abka (cm):<\/td>\n<td style=\"width: 472px;\">55 cm<\/td>\n<\/tr>\n<tr>\n<td class=\"popis\" style=\"width: 687px;\">V\u00fd\u0161ka (cm):<\/td>\n<td style=\"width: 472px;\">100 cm<\/td>\n<\/tr>\n<tr>\n<td style=\"width: 687px;\">v\u00fd\u0161ka sedu:<\/td>\n<td style=\"width: 472px;\">48 cm<\/td>\n<\/tr>\n<tr>\n<td style=\"width: 687px;\">Materi\u00e1l v\u00fdplne:<\/td>\n<td style=\"width: 472px;\">PU pena<\/td>\n<\/tr>\n<tr>\n<td style=\"width: 687px;\">nohy:<\/td>\n<td style=\"width: 472px;\">kov<\/td>\n<\/tr>\n<tr>\n<td style=\"width: 687px;\">hmotnos\u0165:<\/td>\n<td style=\"width: 472px;\">8 kg<\/td>\n<\/tr>\n<tr>\n<td style=\"width: 687px;\"><\/td>\n<td style=\"width: 472px;\"><\/td>\n<\/tr>\n<\/tbody>\n<\/table>\n","protected":false},"excerpt":{"rendered":"<p>Elegantn\u00e1 jed\u00e1lensk\u00e1 stoli\u010dka o\u010dal\u00fanen\u00e1 sivou\u00a0alebo bielou ekoko\u017eou.\u00a0 Po\u0165ah sed\u00e1kov a opierky je dvojradovo pre\u0161it\u00fd. \u0160vy s\u00fa vo farbe po\u0165ahov\u00e9ho materi\u00e1lu. Pohupovacia chromov\u00e1 podno\u017e v elegantnom hranat\u00fdm profile je podlo\u017een\u00e1 klz\u00e1kmi\u00a0 proti po\u0161kodeniu podlahy. Rozmery :\u00a0 42 x 55 x 100 x 48 cm Dod\u00e1van\u00e9 v demonte \u0160\u00edrka (cm): 42 cm H\u013abka (cm): 55 cm V\u00fd\u0161ka&#8230;<\/p>\n","protected":false},"featured_media":120586,"comment_status":"closed","ping_status":"closed","template":"","meta":{"_seopress_robots_primary_cat":"none","_seopress_titles_title":"","_seopress_titles_desc":"","_seopress_robots_index":""},"product_brand":[],"product_cat":[4721,239,237],"product_tag":[],"class_list":{"0":"post-120581","1":"product","2":"type-product","3":"status-publish","4":"has-post-thumbnail","6":"product_cat-jedalenske-stolicky","7":"product_cat-kovove-stolicky","8":"product_cat-stolicky","9":"pa_farba-biela","10":"pa_farba-grey","12":"first","13":"instock","14":"shipping-taxable","15":"purchasable","16":"product-type-variable"},"_links":{"self":[{"href":"https:\/\/nabytoklaguna.sk\/sk\/wp-json\/wp\/v2\/product\/120581","targetHints":{"allow":["GET"]}}],"collection":[{"href":"https:\/\/nabytoklaguna.sk\/sk\/wp-json\/wp\/v2\/product"}],"about":[{"href":"https:\/\/nabytoklaguna.sk\/sk\/wp-json\/wp\/v2\/types\/product"}],"replies":[{"embeddable":true,"href":"https:\/\/nabytoklaguna.sk\/sk\/wp-json\/wp\/v2\/comments?post=120581"}],"wp:featuredmedia":[{"embeddable":true,"href":"https:\/\/nabytoklaguna.sk\/sk\/wp-json\/wp\/v2\/media\/120586"}],"wp:attachment":[{"href":"https:\/\/nabytoklaguna.sk\/sk\/wp-json\/wp\/v2\/media?parent=120581"}],"wp:term":[{"taxonomy":"product_brand","embeddable":true,"href":"https:\/\/nabytoklaguna.sk\/sk\/wp-json\/wp\/v2\/product_brand?post=120581"},{"taxonomy":"product_cat","embeddable":true,"href":"https:\/\/nabytoklaguna.sk\/sk\/wp-json\/wp\/v2\/product_cat?post=120581"},{"taxonomy":"product_tag","embeddable":true,"href":"https:\/\/nabytoklaguna.sk\/sk\/wp-json\/wp\/v2\/product_tag?post=120581"}],"curies":[{"name":"wp","href":"https:\/\/api.w.org\/{rel}","templated":true}]}}

<p>Elegantná jedálenská stolička očalúnená <strong>sivou </strong>alebo<strong> bielou ekokožou</strong>.  Poťah sedákov a opierky je dvojradovo <strong>prešitý</strong>. Švy sú vo farbe poťahového materiálu. Pohupovacia <strong>chromová podnož</strong> v elegantnom hranatým profile je podložená klzákmi  <strong>proti poškodeniu podlahy</strong>.</p>
<p>Rozmery :  42 x 55 x 100 x 48 cm</p>
<p>Dodávané v demonte</p>
<table style="width: 1159px;">
<tbody>
<tr>
<td class="popis" style="width: 687px;">Šírka (cm):</td>
<td style="width: 472px;">42 cm</td>
</tr>
<tr>
<td class="popis" style="width: 687px;">Hĺbka (cm):</td>
<td style="width: 472px;">55 cm</td>
</tr>
<tr>
<td class="popis" style="width: 687px;">Výška (cm):</td>
<td style="width: 472px;">100 cm</td>
</tr>
<tr>
<td style="width: 687px;">výška sedu:</td>
<td style="width: 472px;">48 cm</td>
</tr>
<tr>
<td style="width: 687px;">Materiál výplne:</td>
<td style="width: 472px;">PU pena</td>
</tr>
<tr>
<td style="width: 687px;">nohy:</td>
<td style="width: 472px;">kov</td>
</tr>
<tr>
<td style="width: 687px;">hmotnosť:</td>
<td style="width: 472px;">8 kg</td>
</tr>
<tr>
<td style="width: 687px;"></td>
<td style="width: 472px;"></td>
</tr>
</tbody>
</table>

<p>Elegantná jedálenská stolička očalúnená sivou alebo bielou ekokožou.  Poťah sedákov a opierky je dvojradovo prešitý. Švy sú vo farbe poťahového materiálu. Pohupovacia chromová podnož v elegantnom hranatým profile je podložená klzákmi  proti poškodeniu podlahy. Rozmery :  42 x 55 x 100 x 48 cm Dodávané v demonte Šírka (cm): 42 cm Hĺbka (cm): 55 cm Výška&#8230;</p>
