{"id":120687,"date":"2023-11-10T11:45:50","date_gmt":"2023-11-10T10:45:50","guid":{"rendered":"https:\/\/nabytoklaguna.sk\/sk\/?post_type=product&#038;p=120687"},"modified":"2026-01-01T00:45:11","modified_gmt":"2025-12-31T23:45:11","slug":"ct-384","status":"publish","type":"product","link":"https:\/\/nabytoklaguna.sk\/sk\/produkt\/ct-384\/","title":{"rendered":"CT-384"},"content":{"rendered":"<p>Kvalitn\u00e1 jed\u00e1lensk\u00e1 stoli\u010dka v industri\u00e1lnom \u0161t\u00fdle .Po\u0165ah je z jemne\u00a0<strong>hrubej l\u00e1tky<\/strong>\u00a0vo ve\u013emi \u017eiadan\u00fdch odtie\u0148och. Ve\u013emi dekorat\u00edvne a v\u00fdrazn\u00e9 je\u00a0<strong>\u0161tvorcov\u00e9 pre\u0161\u00edvanie<\/strong>\u00a0\u010deln\u00fdch pl\u00f4ch sedaka i operadla.\u00a0 Polstrovanie je z kvalitnej PU peny. Stabilitu stoli\u010dky zais\u0165uj\u00fa kovov\u00e9 nohy s kvalitn\u00fdm pr\u00e1\u0161kov\u00fdm n\u00e1strekom v \u010diernej matnej farbe.<\/p>\n<p>Rozmery : 49 x 62 x 87 x 49 cm<\/p>\n<p>dod\u00e1van\u00e9 v demonte<\/p>\n<table>\n<tbody>\n<tr>\n<td class=\"popis\">\u0160\u00edrka (cm):<\/td>\n<td>50 cm<\/td>\n<\/tr>\n<tr>\n<td class=\"popis\">H\u013abka (cm):<\/td>\n<td>62 cm<\/td>\n<\/tr>\n<tr>\n<td class=\"popis\">V\u00fd\u0161ka (cm):<\/td>\n<td>87 cm<\/td>\n<\/tr>\n<tr>\n<td>v\u00fd\u0161ka sedu:<\/td>\n<td>50 cm<\/td>\n<\/tr>\n<tr>\n<td>Materi\u00e1l v\u00fdplne:<\/td>\n<td>PU pena<\/td>\n<\/tr>\n<tr>\n<td>nohy:<\/td>\n<td>kov<\/td>\n<\/tr>\n<tr>\n<td>nosnos\u0165:<\/td>\n<td>120 kg<\/td>\n<\/tr>\n<tr>\n<td>hmotnos\u0165:<\/td>\n<td>8 kg<\/td>\n<\/tr>\n<\/tbody>\n<\/table>\n","protected":false},"excerpt":{"rendered":"<p>Kvalitn\u00e1 jed\u00e1lensk\u00e1 stoli\u010dka v industri\u00e1lnom \u0161t\u00fdle .Po\u0165ah je z jemne\u00a0hrubej l\u00e1tky\u00a0vo ve\u013emi \u017eiadan\u00fdch odtie\u0148och. Ve\u013emi dekorat\u00edvne a v\u00fdrazn\u00e9 je\u00a0\u0161tvorcov\u00e9 pre\u0161\u00edvanie\u00a0\u010deln\u00fdch pl\u00f4ch sedaka i operadla.\u00a0 Polstrovanie je z kvalitnej PU peny. Stabilitu stoli\u010dky zais\u0165uj\u00fa kovov\u00e9 nohy s kvalitn\u00fdm pr\u00e1\u0161kov\u00fdm n\u00e1strekom v \u010diernej matnej farbe. Rozmery : 49 x 62 x 87 x 49 cm dod\u00e1van\u00e9 v&#8230;<\/p>\n","protected":false},"featured_media":120696,"comment_status":"closed","ping_status":"closed","template":"","meta":{"_seopress_robots_primary_cat":"none","_seopress_titles_title":"","_seopress_titles_desc":"","_seopress_robots_index":""},"product_brand":[],"product_cat":[239,237],"product_tag":[],"class_list":{"0":"post-120687","1":"product","2":"type-product","3":"status-publish","4":"has-post-thumbnail","6":"product_cat-kovove-stolicky","7":"product_cat-stolicky","8":"pa_farba-blue","9":"pa_farba-grey4","10":"pa_farba-grn","11":"pa_farba-cap","13":"first","14":"instock","15":"shipping-taxable","16":"purchasable","17":"product-type-variable"},"_links":{"self":[{"href":"https:\/\/nabytoklaguna.sk\/sk\/wp-json\/wp\/v2\/product\/120687","targetHints":{"allow":["GET"]}}],"collection":[{"href":"https:\/\/nabytoklaguna.sk\/sk\/wp-json\/wp\/v2\/product"}],"about":[{"href":"https:\/\/nabytoklaguna.sk\/sk\/wp-json\/wp\/v2\/types\/product"}],"replies":[{"embeddable":true,"href":"https:\/\/nabytoklaguna.sk\/sk\/wp-json\/wp\/v2\/comments?post=120687"}],"wp:featuredmedia":[{"embeddable":true,"href":"https:\/\/nabytoklaguna.sk\/sk\/wp-json\/wp\/v2\/media\/120696"}],"wp:attachment":[{"href":"https:\/\/nabytoklaguna.sk\/sk\/wp-json\/wp\/v2\/media?parent=120687"}],"wp:term":[{"taxonomy":"product_brand","embeddable":true,"href":"https:\/\/nabytoklaguna.sk\/sk\/wp-json\/wp\/v2\/product_brand?post=120687"},{"taxonomy":"product_cat","embeddable":true,"href":"https:\/\/nabytoklaguna.sk\/sk\/wp-json\/wp\/v2\/product_cat?post=120687"},{"taxonomy":"product_tag","embeddable":true,"href":"https:\/\/nabytoklaguna.sk\/sk\/wp-json\/wp\/v2\/product_tag?post=120687"}],"curies":[{"name":"wp","href":"https:\/\/api.w.org\/{rel}","templated":true}]}}

<p>Kvalitná jedálenská stolička v industriálnom štýle .Poťah je z jemne <strong>hrubej látky</strong> vo veľmi žiadaných odtieňoch. Veľmi dekoratívne a výrazné je <strong>štvorcové prešívanie</strong> čelných plôch sedaka i operadla.  Polstrovanie je z kvalitnej PU peny. Stabilitu stoličky zaisťujú kovové nohy s kvalitným práškovým nástrekom v čiernej matnej farbe.</p>
<p>Rozmery : 49 x 62 x 87 x 49 cm</p>
<p>dodávané v demonte</p>
<table>
<tbody>
<tr>
<td class="popis">Šírka (cm):</td>
<td>50 cm</td>
</tr>
<tr>
<td class="popis">Hĺbka (cm):</td>
<td>62 cm</td>
</tr>
<tr>
<td class="popis">Výška (cm):</td>
<td>87 cm</td>
</tr>
<tr>
<td>výška sedu:</td>
<td>50 cm</td>
</tr>
<tr>
<td>Materiál výplne:</td>
<td>PU pena</td>
</tr>
<tr>
<td>nohy:</td>
<td>kov</td>
</tr>
<tr>
<td>nosnosť:</td>
<td>120 kg</td>
</tr>
<tr>
<td>hmotnosť:</td>
<td>8 kg</td>
</tr>
</tbody>
</table>

<p>Kvalitná jedálenská stolička v industriálnom štýle .Poťah je z jemne hrubej látky vo veľmi žiadaných odtieňoch. Veľmi dekoratívne a výrazné je štvorcové prešívanie čelných plôch sedaka i operadla.  Polstrovanie je z kvalitnej PU peny. Stabilitu stoličky zaisťujú kovové nohy s kvalitným práškovým nástrekom v čiernej matnej farbe. Rozmery : 49 x 62 x 87 x 49 cm dodávané v&#8230;</p>
