{"id":120730,"date":"2023-11-21T16:54:24","date_gmt":"2023-11-21T15:54:24","guid":{"rendered":"https:\/\/nabytoklaguna.sk\/sk\/?post_type=product&#038;p=120730"},"modified":"2026-04-22T15:59:35","modified_gmt":"2026-04-22T13:59:35","slug":"ct-283","status":"publish","type":"product","link":"https:\/\/nabytoklaguna.sk\/sk\/produkt\/ct-283\/","title":{"rendered":"CT-283"},"content":{"rendered":"<p>Modern\u00e1, \u0161t\u00fdlov\u00e1 a pohodln\u00e1 \u2013 to s\u00fa hlavn\u00e9 atrib\u00faty tejto modr\u00e9 jed\u00e1lenskej stoli\u010dky s l\u00e1tkov\u00fdm po\u0165ahom a \u010diernymi kovov\u00fdmi nohami. T\u00e1to elegantn\u00e1 stoli\u010dka je ide\u00e1lnou vo\u013ebou pre modern\u00e9 interi\u00e9ry. Maxim\u00e1lny komfort je dosiahnut\u00fd polstrovan\u00edm sed\u00e1ku i zadovej opierky. \u010cal\u00fanenie z vysoko kvalitnej hladkej tkaniny zaist\u00ed skvel\u00fd komfort pri jedle alebo dlh\u00fdch ve\u010deroch s priate\u013emi a rodinou.<br \/>\nV\u010faka noh\u00e1m vyroben\u00fdm z kovu je zaisten\u00e1 zv\u00fd\u0161en\u00e1 stabilita a odolnos\u0165.<br \/>\nMatn\u00e1 farba v kombin\u00e1cii s hladkou l\u00e1tkou vytv\u00e1ra vkusn\u00fd a moderny vzh\u013ead.<\/p>\n<p>Nosnos\u0165 je a\u017e 120 kg.<\/p>\n<p>Dod\u00e1van\u00e9 v demonte.<\/p>\n<p>Rozmery: 43 x 54 x 90 x 52 cm<\/p>\n<table>\n<tbody>\n<tr>\n<td class=\"popis\">\u0160\u00edrka (cm):<\/td>\n<td>43 cm<\/td>\n<\/tr>\n<tr>\n<td class=\"popis\">H\u013abka (cm):<\/td>\n<td>54 cm<\/td>\n<\/tr>\n<tr>\n<td class=\"popis\">V\u00fd\u0161ka (cm):<\/td>\n<td>90 cm<\/td>\n<\/tr>\n<tr>\n<td>v\u00fd\u0161ka sedu:<\/td>\n<td>52 cm<\/td>\n<\/tr>\n<tr>\n<td>Materi\u00e1l v\u00fdplne:<\/td>\n<td>PU pena<\/td>\n<\/tr>\n<tr>\n<td>nohy:<\/td>\n<td>kov<\/td>\n<\/tr>\n<tr>\n<td>nosnos\u0165:<\/td>\n<td>120 kg<\/td>\n<\/tr>\n<tr>\n<td>hmotnos\u0165:<\/td>\n<td>4,8 kg<\/td>\n<\/tr>\n<\/tbody>\n<\/table>\n","protected":false},"excerpt":{"rendered":"<p>Modern\u00e1, \u0161t\u00fdlov\u00e1 a pohodln\u00e1 \u2013 to s\u00fa hlavn\u00e9 atrib\u00faty tejto modr\u00e9 jed\u00e1lenskej stoli\u010dky s l\u00e1tkov\u00fdm po\u0165ahom a \u010diernymi kovov\u00fdmi nohami. T\u00e1to elegantn\u00e1 stoli\u010dka je ide\u00e1lnou vo\u013ebou pre modern\u00e9 interi\u00e9ry. Maxim\u00e1lny komfort je dosiahnut\u00fd polstrovan\u00edm sed\u00e1ku i zadovej opierky. \u010cal\u00fanenie z vysoko kvalitnej hladkej tkaniny zaist\u00ed skvel\u00fd komfort pri jedle alebo dlh\u00fdch ve\u010deroch s priate\u013emi a&#8230;<\/p>\n","protected":false},"featured_media":120739,"comment_status":"closed","ping_status":"closed","template":"","meta":{"_seopress_robots_primary_cat":"none","_seopress_titles_title":"","_seopress_titles_desc":"","_seopress_robots_index":""},"product_brand":[],"product_cat":[239,237],"product_tag":[],"class_list":{"0":"post-120730","1":"product","2":"type-product","3":"status-publish","4":"has-post-thumbnail","6":"product_cat-kovove-stolicky","7":"product_cat-stolicky","8":"pa_farba-cierna","9":"pa_farba-hneda","10":"pa_farba-modra","11":"pa_farba-svetlosiva","13":"first","14":"instock","15":"sale","16":"shipping-taxable","17":"purchasable","18":"product-type-variable"},"_links":{"self":[{"href":"https:\/\/nabytoklaguna.sk\/sk\/wp-json\/wp\/v2\/product\/120730","targetHints":{"allow":["GET"]}}],"collection":[{"href":"https:\/\/nabytoklaguna.sk\/sk\/wp-json\/wp\/v2\/product"}],"about":[{"href":"https:\/\/nabytoklaguna.sk\/sk\/wp-json\/wp\/v2\/types\/product"}],"replies":[{"embeddable":true,"href":"https:\/\/nabytoklaguna.sk\/sk\/wp-json\/wp\/v2\/comments?post=120730"}],"wp:featuredmedia":[{"embeddable":true,"href":"https:\/\/nabytoklaguna.sk\/sk\/wp-json\/wp\/v2\/media\/120739"}],"wp:attachment":[{"href":"https:\/\/nabytoklaguna.sk\/sk\/wp-json\/wp\/v2\/media?parent=120730"}],"wp:term":[{"taxonomy":"product_brand","embeddable":true,"href":"https:\/\/nabytoklaguna.sk\/sk\/wp-json\/wp\/v2\/product_brand?post=120730"},{"taxonomy":"product_cat","embeddable":true,"href":"https:\/\/nabytoklaguna.sk\/sk\/wp-json\/wp\/v2\/product_cat?post=120730"},{"taxonomy":"product_tag","embeddable":true,"href":"https:\/\/nabytoklaguna.sk\/sk\/wp-json\/wp\/v2\/product_tag?post=120730"}],"curies":[{"name":"wp","href":"https:\/\/api.w.org\/{rel}","templated":true}]}}

<p>Moderná, štýlová a pohodlná – to sú hlavné atribúty tejto modré jedálenskej stoličky s látkovým poťahom a čiernymi kovovými nohami. Táto elegantná stolička je ideálnou voľbou pre moderné interiéry. Maximálny komfort je dosiahnutý polstrovaním sedáku i zadovej opierky. Čalúnenie z vysoko kvalitnej hladkej tkaniny zaistí skvelý komfort pri jedle alebo dlhých večeroch s priateľmi a rodinou.<br />
Vďaka nohám vyrobeným z kovu je zaistená zvýšená stabilita a odolnosť.<br />
Matná farba v kombinácii s hladkou látkou vytvára vkusný a moderny vzhľad.</p>
<p>Nosnosť je až 120 kg.</p>
<p>Dodávané v demonte.</p>
<p>Rozmery: 43 x 54 x 90 x 52 cm</p>
<table>
<tbody>
<tr>
<td class="popis">Šírka (cm):</td>
<td>43 cm</td>
</tr>
<tr>
<td class="popis">Hĺbka (cm):</td>
<td>54 cm</td>
</tr>
<tr>
<td class="popis">Výška (cm):</td>
<td>90 cm</td>
</tr>
<tr>
<td>výška sedu:</td>
<td>52 cm</td>
</tr>
<tr>
<td>Materiál výplne:</td>
<td>PU pena</td>
</tr>
<tr>
<td>nohy:</td>
<td>kov</td>
</tr>
<tr>
<td>nosnosť:</td>
<td>120 kg</td>
</tr>
<tr>
<td>hmotnosť:</td>
<td>4,8 kg</td>
</tr>
</tbody>
</table>

<p>Moderná, štýlová a pohodlná – to sú hlavné atribúty tejto modré jedálenskej stoličky s látkovým poťahom a čiernymi kovovými nohami. Táto elegantná stolička je ideálnou voľbou pre moderné interiéry. Maximálny komfort je dosiahnutý polstrovaním sedáku i zadovej opierky. Čalúnenie z vysoko kvalitnej hladkej tkaniny zaistí skvelý komfort pri jedle alebo dlhých večeroch s priateľmi a&#8230;</p>
