{"id":121202,"date":"2024-03-21T16:31:04","date_gmt":"2024-03-21T15:31:04","guid":{"rendered":"https:\/\/nabytoklaguna.sk\/sk\/?post_type=product&#038;p=121202"},"modified":"2025-06-02T12:17:44","modified_gmt":"2025-06-02T10:17:44","slug":"tk-matar","status":"publish","type":"product","link":"https:\/\/nabytoklaguna.sk\/sk\/produkt\/tk-matar\/","title":{"rendered":"K MATAR U"},"content":{"rendered":"<p>Cez de\u0148 modern\u00e1 seda\u010dka a v noci poste\u013e, ktor\u00e1 pon\u00faka priestor na odpo\u010dinok a sp\u00e1nok. \u00c1no, presne tak\u00e1 je\u00a0rohov\u00e1 sedacia s\u00faprava<b> MATAR U<\/b>.\u00a0 Jednoducho ju rozlo\u017e\u00edte na <b>plnohodnotn\u00e9 l\u00f4\u017eko<\/b>\u00a0s rozmerom\u00a0<b>135&#215;285 cm<\/b>.\u00a0 Pastvou pre o\u010di je ob\u013e\u00faben\u00e1 biela ekoko\u017ea\u00a0v kombin\u00e1cii s\u00a0<b>l\u00e1tkou Soro<\/b>\u00a0v nestarn\u00facom\u00a0<b>sivom<\/b>\u00a0farebnom preveden\u00ed. Je\u00a0celo\u010dal\u00fanen\u00e1, postavte ju doprostred miestnosti, aby vynikol jej dizajn a prepracovan\u00e9 detaily. S\u00fa\u010das\u0165ou sedacej s\u00fapravy je\u00a0\u0161es\u0165 ve\u013ek\u00fdch vank\u00fa\u0161ov\u00a0a\u00a0tri mal\u00e9, ktor\u00e9 nemusia sl\u00fa\u017ei\u0165 len ako spestrenie sedacej s\u00fapravy, ale aj ako pohodln\u00e9 opretie chrbta. Kon\u0161trukcia stoj\u00ed na\u00a0<b>plastov\u00fdch no\u017ei\u010dk\u00e1ch<\/b>, ktor\u00e9 dod\u00e1vaj\u00fa sedacej s\u00faprave\u00a0<b>MATAR U<\/b>\u00a0potrebn\u00fa pevnos\u0165 a stabilitu. Seda\u010dka, ktor\u00e1 do bodky spln\u00ed v\u0161etky va\u0161e predstavy.<\/p>\n<ul>\n<li><b>Materi\u00e1l:<\/b> biela ekoko\u017ea \/ l\u00e1tka Soro 93\u00a0 siv\u00e1<\/li>\n<li><b>Rozmery (\u0160xHxV):\u00a0<\/b>355&#215;205\/162&#215;65\/76 cm<\/li>\n<li><b>Plocha na spanie (\u0160xD):<\/b>\u00a0135&#215;285 cm<\/li>\n<li><b>V\u00fd\u0161ka sedu:\u00a0<\/b>41 cm<\/li>\n<li><b>H\u013abka sedu:\u00a0<\/b>48\/63 cm<\/li>\n<li><b>\u0160\u00edrka otomanu:<\/b>\u00a096 cm<\/li>\n<li><b>\u0160\u00edrka sedacej \u010dasti:<\/b>\u00a0135 cm<\/li>\n<li><b>V\u00fd\u0161ka no\u017ei\u010diek:<\/b>\u00a04 cm<\/li>\n<li><b>V\u00fdpl\u0148:\u00a0<\/b>pru\u017eina falista + Pur pena<\/li>\n<\/ul>\n<p>Mo\u017enos\u0165<strong> objednania v 4 farebn\u00fdch<\/strong> prevedeniach ekoko\u017ee a v 7 farebn\u00fdch prevedeniach l\u00e1tky Soro <strong>v cene 1.159 eur.\u00a0<\/strong> \u00a0Dod\u00e1van\u00e9 v demonte.<\/p>\n","protected":false},"excerpt":{"rendered":"<p>Cez de\u0148 modern\u00e1 seda\u010dka a v noci poste\u013e, ktor\u00e1 pon\u00faka priestor na odpo\u010dinok a sp\u00e1nok. \u00c1no, presne tak\u00e1 je\u00a0rohov\u00e1 sedacia s\u00faprava MATAR U.\u00a0 Jednoducho ju rozlo\u017e\u00edte na plnohodnotn\u00e9 l\u00f4\u017eko\u00a0s rozmerom\u00a0135&#215;285 cm.\u00a0 Pastvou pre o\u010di je ob\u013e\u00faben\u00e1 biela ekoko\u017ea\u00a0v kombin\u00e1cii s\u00a0l\u00e1tkou Soro\u00a0v nestarn\u00facom\u00a0sivom\u00a0farebnom preveden\u00ed. Je\u00a0celo\u010dal\u00fanen\u00e1, postavte ju doprostred miestnosti, aby vynikol jej dizajn a prepracovan\u00e9 detaily&#8230;.<\/p>\n","protected":false},"featured_media":121210,"comment_status":"closed","ping_status":"closed","template":"","meta":{"_seopress_robots_primary_cat":"none","_seopress_titles_title":"","_seopress_titles_desc":"","_seopress_robots_index":""},"product_brand":[],"product_cat":[140,254],"product_tag":[],"class_list":{"0":"post-121202","1":"product","2":"type-product","3":"status-publish","4":"has-post-thumbnail","6":"product_cat-sedacie-supravy","7":"product_cat-sedacie-supravy-u","9":"first","10":"onbackorder","11":"shipping-taxable","12":"purchasable","13":"product-type-variable"},"_links":{"self":[{"href":"https:\/\/nabytoklaguna.sk\/sk\/wp-json\/wp\/v2\/product\/121202","targetHints":{"allow":["GET"]}}],"collection":[{"href":"https:\/\/nabytoklaguna.sk\/sk\/wp-json\/wp\/v2\/product"}],"about":[{"href":"https:\/\/nabytoklaguna.sk\/sk\/wp-json\/wp\/v2\/types\/product"}],"replies":[{"embeddable":true,"href":"https:\/\/nabytoklaguna.sk\/sk\/wp-json\/wp\/v2\/comments?post=121202"}],"wp:featuredmedia":[{"embeddable":true,"href":"https:\/\/nabytoklaguna.sk\/sk\/wp-json\/wp\/v2\/media\/121210"}],"wp:attachment":[{"href":"https:\/\/nabytoklaguna.sk\/sk\/wp-json\/wp\/v2\/media?parent=121202"}],"wp:term":[{"taxonomy":"product_brand","embeddable":true,"href":"https:\/\/nabytoklaguna.sk\/sk\/wp-json\/wp\/v2\/product_brand?post=121202"},{"taxonomy":"product_cat","embeddable":true,"href":"https:\/\/nabytoklaguna.sk\/sk\/wp-json\/wp\/v2\/product_cat?post=121202"},{"taxonomy":"product_tag","embeddable":true,"href":"https:\/\/nabytoklaguna.sk\/sk\/wp-json\/wp\/v2\/product_tag?post=121202"}],"curies":[{"name":"wp","href":"https:\/\/api.w.org\/{rel}","templated":true}]}}

<p>Cez deň moderná sedačka a v noci posteľ, ktorá ponúka priestor na odpočinok a spánok. Áno, presne taká je rohová sedacia súprava<b> MATAR U</b>.  Jednoducho ju rozložíte na <b>plnohodnotné lôžko</b> s rozmerom <b>135&#215;285 cm</b>.  Pastvou pre oči je obľúbená biela ekokoža v kombinácii s <b>látkou Soro</b> v nestarnúcom <b>sivom</b> farebnom prevedení. Je celočalúnená, postavte ju doprostred miestnosti, aby vynikol jej dizajn a prepracované detaily. Súčasťou sedacej súpravy je šesť veľkých vankúšov a tri malé, ktoré nemusia slúžiť len ako spestrenie sedacej súpravy, ale aj ako pohodlné opretie chrbta. Konštrukcia stojí na <b>plastových nožičkách</b>, ktoré dodávajú sedacej súprave <b>MATAR U</b> potrebnú pevnosť a stabilitu. Sedačka, ktorá do bodky splní všetky vaše predstavy.</p>
<ul>
<li><b>Materiál:</b> biela ekokoža / látka Soro 93  sivá</li>
<li><b>Rozmery (ŠxHxV): </b>355&#215;205/162&#215;65/76 cm</li>
<li><b>Plocha na spanie (ŠxD):</b> 135&#215;285 cm</li>
<li><b>Výška sedu: </b>41 cm</li>
<li><b>Hĺbka sedu: </b>48/63 cm</li>
<li><b>Šírka otomanu:</b> 96 cm</li>
<li><b>Šírka sedacej časti:</b> 135 cm</li>
<li><b>Výška nožičiek:</b> 4 cm</li>
<li><b>Výplň: </b>pružina falista + Pur pena</li>
</ul>
<p>Možnosť<strong> objednania v 4 farebných</strong> prevedeniach ekokože a v 7 farebných prevedeniach látky Soro <strong>v cene 1.159 eur. </strong>  Dodávané v demonte.</p>

<p>Cez deň moderná sedačka a v noci posteľ, ktorá ponúka priestor na odpočinok a spánok. Áno, presne taká je rohová sedacia súprava MATAR U.  Jednoducho ju rozložíte na plnohodnotné lôžko s rozmerom 135&#215;285 cm.  Pastvou pre oči je obľúbená biela ekokoža v kombinácii s látkou Soro v nestarnúcom sivom farebnom prevedení. Je celočalúnená, postavte ju doprostred miestnosti, aby vynikol jej dizajn a prepracované detaily&#8230;.</p>
