{"id":121245,"date":"2024-03-22T12:30:47","date_gmt":"2024-03-22T11:30:47","guid":{"rendered":"https:\/\/nabytoklaguna.sk\/sk\/?post_type=product&#038;p=121245"},"modified":"2026-04-20T13:46:54","modified_gmt":"2026-04-20T11:46:54","slug":"k-beld","status":"publish","type":"product","link":"https:\/\/nabytoklaguna.sk\/sk\/produkt\/k-beld\/","title":{"rendered":"K BELD"},"content":{"rendered":"<p>Dominantna alebo len sedacia s\u00faprava? Rozhodne oboje.\u00a0 <b>BELD ROH<\/b>\u00a0je modern\u00e1,\u00a0<b>univerz\u00e1lna<\/b>\u00a0sedacia s\u00faprava. Jednoducho ju posklad\u00e1te s rohom na \u013eavej alebo na pravej strane. Ide\u00e1lna aj do mal\u00fdch priestorov.\u00a0BELD ROH\u00a0disponuje\u00a0<b>\u00falo\u017en\u00fdm priestorom<\/b>\u00a0a funkciou\u00a0<b>rozkladu<\/b>\u00a0s plochou na spanie\u00a0149&#215;230 cm.\u00a0Je \u010dal\u00fanen\u00e1 pr\u00edjemnou l\u00e1tkou\u00a0<b>Itaka v smaragdovej farbe.<\/b>\u00a0V\u00fdpl\u0148 seda\u010dky tvor\u00ed ob\u013e\u00faben\u00e1 PUR pena s kvalitnou pru\u017einou falista, ktor\u00e1 komfortne poskyne stredne tvrd\u00e9 sedenie. Sedacia \u010das\u0165 je\u00a0<b>dekorat\u00edvne pre\u0161it\u00e1<\/b>, \u010do umoc\u0148uje jedine\u010dn\u00fd dizajn tejto seda\u010dky. Doplnkom k sedacej s\u00faprave s\u00fa\u00a0<b>tri ve\u013ek\u00e9 vank\u00fa\u0161e a tri mal\u00e9 dekorat\u00edcne vank\u00fa\u0161iky.<\/b> Postaven\u00e1 je na plastov\u00fdch no\u017ei\u010dk\u00e1ch.<\/p>\n<p>Mo\u017enos\u0165 objednania v\u00a0<b>6 farebn\u00fdch<\/b> prevedeniach l\u00e1tky Itaka v cene 849Eur.\u00a0 Doba dodania 6-8 t\u00fd\u017ed\u0148ov.<\/p>\n<table class=\"table-data-sheet\">\n<tbody>\n<tr class=\"odd\">\n<td>H\u013abka<\/td>\n<td>180 cm<\/td>\n<\/tr>\n<tr class=\"even\">\n<td>\u0160\u00edrka<\/td>\n<td>280 cm<\/td>\n<\/tr>\n<tr class=\"odd\">\n<td>V\u00fd\u0161ka a h\u013abka sedu<\/td>\n<td>39 x 65\/90 cm<\/td>\n<\/tr>\n<tr class=\"even\">\n<td>Vhodn\u00e1 miestnos\u0165<\/td>\n<td>ob\u00fdva\u010dka, spolo\u010densk\u00e1 miestnos\u0165, hotely, kaviarne<\/td>\n<\/tr>\n<tr class=\"odd\">\n<td>Typ n\u00e1bytku<\/td>\n<td>rohov\u00e1 sedacia s\u00faprava<\/td>\n<\/tr>\n<tr class=\"even\">\n<td>\u0160t\u00fdl n\u00e1bytku<\/td>\n<td>modern\u00fd<\/td>\n<\/tr>\n<tr class=\"odd\">\n<td>Z\u00e1ruka<\/td>\n<td>2 roky<\/td>\n<\/tr>\n<tr class=\"even\">\n<td>Sp\u00f4sob dodania<\/td>\n<td>demont v dvoch bal\u00edkoch<\/td>\n<\/tr>\n<tr class=\"odd\">\n<td>Hmotnos\u0165<\/td>\n<td>156 kg<\/td>\n<\/tr>\n<tr class=\"even\">\n<td>\u00dalo\u017en\u00fd priestor<\/td>\n<td>\u00e1no<\/td>\n<\/tr>\n<tr class=\"odd\">\n<td>Rohov\u00e9 prevedenie<\/td>\n<td>\u00e1no<\/td>\n<\/tr>\n<tr class=\"even\">\n<td>V\u00fd\u0161ka<\/td>\n<td>83 cm<\/td>\n<\/tr>\n<tr class=\"odd\">\n<td>V\u00fd\u0161ka zadn\u00e9ho \u010dela<\/td>\n<td>max. 83 cm<\/td>\n<\/tr>\n<tr class=\"even\">\n<td>Mo\u017enos\u0165 rozkladania<\/td>\n<td>\u00e1no<\/td>\n<\/tr>\n<tr class=\"odd\">\n<td>Plocha na spanie<\/td>\n<td>149&#215;230 cm<\/td>\n<\/tr>\n<tr class=\"even\">\n<td>Kon\u0161trukcia<\/td>\n<td>DTD<\/td>\n<\/tr>\n<tr class=\"odd\">\n<td>N\u00f4\u017eky<\/td>\n<td>plast<\/td>\n<\/tr>\n<tr class=\"even\">\n<td>Obsahuje vank\u00fa\u0161e<\/td>\n<td>\u00e1no<\/td>\n<\/tr>\n<tr class=\"odd\">\n<td>Nastavenie opierok<\/td>\n<td>nie<\/td>\n<\/tr>\n<tr class=\"even\">\n<td>V\u00fdpl\u0148 seda\u010dky<\/td>\n<td>pena + pru\u017eina falista<\/td>\n<\/tr>\n<\/tbody>\n<\/table>\n","protected":false},"excerpt":{"rendered":"<p>Dominantna alebo len sedacia s\u00faprava? Rozhodne oboje.\u00a0 BELD ROH\u00a0je modern\u00e1,\u00a0univerz\u00e1lna\u00a0sedacia s\u00faprava. Jednoducho ju posklad\u00e1te s rohom na \u013eavej alebo na pravej strane. Ide\u00e1lna aj do mal\u00fdch priestorov.\u00a0BELD ROH\u00a0disponuje\u00a0\u00falo\u017en\u00fdm priestorom\u00a0a funkciou\u00a0rozkladu\u00a0s plochou na spanie\u00a0149&#215;230 cm.\u00a0Je \u010dal\u00fanen\u00e1 pr\u00edjemnou l\u00e1tkou\u00a0Itaka v smaragdovej farbe.\u00a0V\u00fdpl\u0148 seda\u010dky tvor\u00ed ob\u013e\u00faben\u00e1 PUR pena s kvalitnou pru\u017einou falista, ktor\u00e1 komfortne poskyne stredne tvrd\u00e9 sedenie&#8230;.<\/p>\n","protected":false},"featured_media":121249,"comment_status":"closed","ping_status":"closed","template":"","meta":{"_seopress_robots_primary_cat":"none","_seopress_titles_title":"","_seopress_titles_desc":"","_seopress_robots_index":""},"product_brand":[],"product_cat":[255,140],"product_tag":[],"class_list":{"0":"post-121245","1":"product","2":"type-product","3":"status-publish","4":"has-post-thumbnail","6":"product_cat-rohove-supravy","7":"product_cat-sedacie-supravy","9":"first","10":"onbackorder","11":"shipping-taxable","12":"purchasable","13":"product-type-simple"},"_links":{"self":[{"href":"https:\/\/nabytoklaguna.sk\/sk\/wp-json\/wp\/v2\/product\/121245","targetHints":{"allow":["GET"]}}],"collection":[{"href":"https:\/\/nabytoklaguna.sk\/sk\/wp-json\/wp\/v2\/product"}],"about":[{"href":"https:\/\/nabytoklaguna.sk\/sk\/wp-json\/wp\/v2\/types\/product"}],"replies":[{"embeddable":true,"href":"https:\/\/nabytoklaguna.sk\/sk\/wp-json\/wp\/v2\/comments?post=121245"}],"wp:featuredmedia":[{"embeddable":true,"href":"https:\/\/nabytoklaguna.sk\/sk\/wp-json\/wp\/v2\/media\/121249"}],"wp:attachment":[{"href":"https:\/\/nabytoklaguna.sk\/sk\/wp-json\/wp\/v2\/media?parent=121245"}],"wp:term":[{"taxonomy":"product_brand","embeddable":true,"href":"https:\/\/nabytoklaguna.sk\/sk\/wp-json\/wp\/v2\/product_brand?post=121245"},{"taxonomy":"product_cat","embeddable":true,"href":"https:\/\/nabytoklaguna.sk\/sk\/wp-json\/wp\/v2\/product_cat?post=121245"},{"taxonomy":"product_tag","embeddable":true,"href":"https:\/\/nabytoklaguna.sk\/sk\/wp-json\/wp\/v2\/product_tag?post=121245"}],"curies":[{"name":"wp","href":"https:\/\/api.w.org\/{rel}","templated":true}]}}

<p>Dominantna alebo len sedacia súprava? Rozhodne oboje.  <b>BELD ROH</b> je moderná, <b>univerzálna</b> sedacia súprava. Jednoducho ju poskladáte s rohom na ľavej alebo na pravej strane. Ideálna aj do malých priestorov. BELD ROH disponuje <b>úložným priestorom</b> a funkciou <b>rozkladu</b> s plochou na spanie 149&#215;230 cm. Je čalúnená príjemnou látkou <b>Itaka v smaragdovej farbe.</b> Výplň sedačky tvorí obľúbená PUR pena s kvalitnou pružinou falista, ktorá komfortne poskyne stredne tvrdé sedenie. Sedacia časť je <b>dekoratívne prešitá</b>, čo umocňuje jedinečný dizajn tejto sedačky. Doplnkom k sedacej súprave sú <b>tri veľké vankúše a tri malé dekoratícne vankúšiky.</b> Postavená je na plastových nožičkách.</p>
<p>Možnosť objednania v <b>6 farebných</b> prevedeniach látky Itaka v cene 849Eur.  Doba dodania 6-8 týždňov.</p>
<table class="table-data-sheet">
<tbody>
<tr class="odd">
<td>Hĺbka</td>
<td>180 cm</td>
</tr>
<tr class="even">
<td>Šírka</td>
<td>280 cm</td>
</tr>
<tr class="odd">
<td>Výška a hĺbka sedu</td>
<td>39 x 65/90 cm</td>
</tr>
<tr class="even">
<td>Vhodná miestnosť</td>
<td>obývačka, spoločenská miestnosť, hotely, kaviarne</td>
</tr>
<tr class="odd">
<td>Typ nábytku</td>
<td>rohová sedacia súprava</td>
</tr>
<tr class="even">
<td>Štýl nábytku</td>
<td>moderný</td>
</tr>
<tr class="odd">
<td>Záruka</td>
<td>2 roky</td>
</tr>
<tr class="even">
<td>Spôsob dodania</td>
<td>demont v dvoch balíkoch</td>
</tr>
<tr class="odd">
<td>Hmotnosť</td>
<td>156 kg</td>
</tr>
<tr class="even">
<td>Úložný priestor</td>
<td>áno</td>
</tr>
<tr class="odd">
<td>Rohové prevedenie</td>
<td>áno</td>
</tr>
<tr class="even">
<td>Výška</td>
<td>83 cm</td>
</tr>
<tr class="odd">
<td>Výška zadného čela</td>
<td>max. 83 cm</td>
</tr>
<tr class="even">
<td>Možnosť rozkladania</td>
<td>áno</td>
</tr>
<tr class="odd">
<td>Plocha na spanie</td>
<td>149&#215;230 cm</td>
</tr>
<tr class="even">
<td>Konštrukcia</td>
<td>DTD</td>
</tr>
<tr class="odd">
<td>Nôžky</td>
<td>plast</td>
</tr>
<tr class="even">
<td>Obsahuje vankúše</td>
<td>áno</td>
</tr>
<tr class="odd">
<td>Nastavenie opierok</td>
<td>nie</td>
</tr>
<tr class="even">
<td>Výplň sedačky</td>
<td>pena + pružina falista</td>
</tr>
</tbody>
</table>

<p>Dominantna alebo len sedacia súprava? Rozhodne oboje.  BELD ROH je moderná, univerzálna sedacia súprava. Jednoducho ju poskladáte s rohom na ľavej alebo na pravej strane. Ideálna aj do malých priestorov. BELD ROH disponuje úložným priestorom a funkciou rozkladu s plochou na spanie 149&#215;230 cm. Je čalúnená príjemnou látkou Itaka v smaragdovej farbe. Výplň sedačky tvorí obľúbená PUR pena s kvalitnou pružinou falista, ktorá komfortne poskyne stredne tvrdé sedenie&#8230;.</p>
