{"id":121357,"date":"2024-03-27T12:08:17","date_gmt":"2024-03-27T11:08:17","guid":{"rendered":"https:\/\/nabytoklaguna.sk\/sk\/?post_type=product&#038;p=121357"},"modified":"2025-06-02T12:13:32","modified_gmt":"2025-06-02T10:13:32","slug":"tk-porima-u","status":"publish","type":"product","link":"https:\/\/nabytoklaguna.sk\/sk\/produkt\/tk-porima-u\/","title":{"rendered":"K PORIMA U"},"content":{"rendered":"<p>Dokonal\u00e9 spojenie kvality a dizajnu. So \u0161t\u00fdlovou\u00a0<b>univerz\u00e1lnou<\/b> sedacou s\u00fapravou<b> PORIMA U<\/b>\u00a0si budete u\u017e\u00edva\u0165 komfort pln\u00fdmi d\u00fa\u0161kami. \u0160t\u00fdlovou a luxusnou ju rob\u00ed\u00a0celo\u010dal\u00fanen\u00e9\u00a0prevedenie l\u00e1tkou Monolith v\u00a0<b>sivej farbe<\/b>, tak\u017ee ju m\u00f4\u017eete umiestni\u0165 do priestoru a necha\u0165 ju vynikn\u00fa\u0165. Seda\u010dka prich\u00e1dza so\u00a0\u0161tyrmi ve\u013ek\u00fdmi\u00a0a\u00a0troma mal\u00fdmi vank\u00fa\u0161ami, ktor\u00e9 sa postaraj\u00fa o komfortn\u00e9 sedenie. Navy\u0161e sa m\u00f4\u017ee pochv\u00e1li\u0165 funkciou\u00a0<b>rozkladu<\/b>, tak\u017ee \u013eahko zo seda\u010dky vy\u010darujete l\u00f4\u017eko na spanie s plochou\u00a0<b>130&#215;275 cm<\/b>.\u00a0PORIMA U\u00a0v sebe ukr\u00fdva\u00a0<b>\u00falo\u017en\u00fd priestor<\/b>, ktor\u00fd sa postar\u00e1 o poriadok v dom\u00e1cnosti. Potrebn\u00fa stabilitu jej zabezpe\u010duj\u00fa\u00a0<b>strieborn\u00e9 no\u017ei\u010dky<\/b>, na ktor\u00fdch je postaven\u00e1.<\/p>\n<ul>\n<li><b>Materi\u00e1l \u010dal\u00fanenie:<\/b> Monolith 85\u00a0 siv\u00e1,\u00a0 \u00a0Monolith 37 smaragdov\u00e1<\/li>\n<li><b>Rozmery (\u0160xHxV):<\/b>\u00a0320&#215;147\/147&#215;86 cm<\/li>\n<li><b>Plocha na spanie (\u0160xD):<\/b>\u00a0130&#215;275 cm<\/li>\n<li><b>V\u00fd\u0161ka sedu:<\/b>\u00a047 cm<\/li>\n<li><b>H\u013abka sedu:<\/b>\u00a050 cm<\/li>\n<li><b>\u0160\u00edrka otomanov:<\/b>\u00a070 cm<\/li>\n<li><b>\u0160\u00edrka sedacej \u010dasti:<\/b>\u00a0135 cm<\/li>\n<li><b>\u0160\u00edrka opierky na ruku:<\/b>\u00a020 cm<\/li>\n<li><b>No\u017ei\u010dky:<\/b> strieborn\u00e9, plastov\u00e9<\/li>\n<li><b>V\u00fdpl\u0148:<\/b> bonelov\u00e1 pru\u017eina +Pur pena<\/li>\n<li>Dod\u00e1van\u00e9 v demonte<\/li>\n<\/ul>\n<p>&nbsp;<\/p>\n","protected":false},"excerpt":{"rendered":"<p>Dokonal\u00e9 spojenie kvality a dizajnu. So \u0161t\u00fdlovou\u00a0univerz\u00e1lnou sedacou s\u00fapravou PORIMA U\u00a0si budete u\u017e\u00edva\u0165 komfort pln\u00fdmi d\u00fa\u0161kami. \u0160t\u00fdlovou a luxusnou ju rob\u00ed\u00a0celo\u010dal\u00fanen\u00e9\u00a0prevedenie l\u00e1tkou Monolith v\u00a0sivej farbe, tak\u017ee ju m\u00f4\u017eete umiestni\u0165 do priestoru a necha\u0165 ju vynikn\u00fa\u0165. Seda\u010dka prich\u00e1dza so\u00a0\u0161tyrmi ve\u013ek\u00fdmi\u00a0a\u00a0troma mal\u00fdmi vank\u00fa\u0161ami, ktor\u00e9 sa postaraj\u00fa o komfortn\u00e9 sedenie. Navy\u0161e sa m\u00f4\u017ee pochv\u00e1li\u0165 funkciou\u00a0rozkladu, tak\u017ee \u013eahko zo&#8230;<\/p>\n","protected":false},"featured_media":121364,"comment_status":"closed","ping_status":"closed","template":"","meta":{"_seopress_robots_primary_cat":"none","_seopress_titles_title":"","_seopress_titles_desc":"","_seopress_robots_index":""},"product_brand":[],"product_cat":[140,254],"product_tag":[],"class_list":{"0":"post-121357","1":"product","2":"type-product","3":"status-publish","4":"has-post-thumbnail","6":"product_cat-sedacie-supravy","7":"product_cat-sedacie-supravy-u","8":"pa_farba-siva-3","9":"pa_farba-smaragdova","11":"first","12":"onbackorder","13":"shipping-taxable","14":"purchasable","15":"product-type-variable"},"_links":{"self":[{"href":"https:\/\/nabytoklaguna.sk\/sk\/wp-json\/wp\/v2\/product\/121357","targetHints":{"allow":["GET"]}}],"collection":[{"href":"https:\/\/nabytoklaguna.sk\/sk\/wp-json\/wp\/v2\/product"}],"about":[{"href":"https:\/\/nabytoklaguna.sk\/sk\/wp-json\/wp\/v2\/types\/product"}],"replies":[{"embeddable":true,"href":"https:\/\/nabytoklaguna.sk\/sk\/wp-json\/wp\/v2\/comments?post=121357"}],"wp:featuredmedia":[{"embeddable":true,"href":"https:\/\/nabytoklaguna.sk\/sk\/wp-json\/wp\/v2\/media\/121364"}],"wp:attachment":[{"href":"https:\/\/nabytoklaguna.sk\/sk\/wp-json\/wp\/v2\/media?parent=121357"}],"wp:term":[{"taxonomy":"product_brand","embeddable":true,"href":"https:\/\/nabytoklaguna.sk\/sk\/wp-json\/wp\/v2\/product_brand?post=121357"},{"taxonomy":"product_cat","embeddable":true,"href":"https:\/\/nabytoklaguna.sk\/sk\/wp-json\/wp\/v2\/product_cat?post=121357"},{"taxonomy":"product_tag","embeddable":true,"href":"https:\/\/nabytoklaguna.sk\/sk\/wp-json\/wp\/v2\/product_tag?post=121357"}],"curies":[{"name":"wp","href":"https:\/\/api.w.org\/{rel}","templated":true}]}}

<p>Dokonalé spojenie kvality a dizajnu. So štýlovou <b>univerzálnou</b> sedacou súpravou<b> PORIMA U</b> si budete užívať komfort plnými dúškami. Štýlovou a luxusnou ju robí celočalúnené prevedenie látkou Monolith v <b>sivej farbe</b>, takže ju môžete umiestniť do priestoru a nechať ju vyniknúť. Sedačka prichádza so štyrmi veľkými a troma malými vankúšami, ktoré sa postarajú o komfortné sedenie. Navyše sa môže pochváliť funkciou <b>rozkladu</b>, takže ľahko zo sedačky vyčarujete lôžko na spanie s plochou <b>130&#215;275 cm</b>. PORIMA U v sebe ukrýva <b>úložný priestor</b>, ktorý sa postará o poriadok v domácnosti. Potrebnú stabilitu jej zabezpečujú <b>strieborné nožičky</b>, na ktorých je postavená.</p>
<ul>
<li><b>Materiál čalúnenie:</b> Monolith 85  sivá,   Monolith 37 smaragdová</li>
<li><b>Rozmery (ŠxHxV):</b> 320&#215;147/147&#215;86 cm</li>
<li><b>Plocha na spanie (ŠxD):</b> 130&#215;275 cm</li>
<li><b>Výška sedu:</b> 47 cm</li>
<li><b>Hĺbka sedu:</b> 50 cm</li>
<li><b>Šírka otomanov:</b> 70 cm</li>
<li><b>Šírka sedacej časti:</b> 135 cm</li>
<li><b>Šírka opierky na ruku:</b> 20 cm</li>
<li><b>Nožičky:</b> strieborné, plastové</li>
<li><b>Výplň:</b> bonelová pružina +Pur pena</li>
<li>Dodávané v demonte</li>
</ul>
<p>&nbsp;</p>

<p>Dokonalé spojenie kvality a dizajnu. So štýlovou univerzálnou sedacou súpravou PORIMA U si budete užívať komfort plnými dúškami. Štýlovou a luxusnou ju robí celočalúnené prevedenie látkou Monolith v sivej farbe, takže ju môžete umiestniť do priestoru a nechať ju vyniknúť. Sedačka prichádza so štyrmi veľkými a troma malými vankúšami, ktoré sa postarajú o komfortné sedenie. Navyše sa môže pochváliť funkciou rozkladu, takže ľahko zo&#8230;</p>
