{"id":121415,"date":"2024-04-18T12:59:49","date_gmt":"2024-04-18T10:59:49","guid":{"rendered":"https:\/\/nabytoklaguna.sk\/sk\/?post_type=product&#038;p=121415"},"modified":"2026-04-20T13:27:42","modified_gmt":"2026-04-20T11:27:42","slug":"k-enif","status":"publish","type":"product","link":"https:\/\/nabytoklaguna.sk\/sk\/produkt\/k-enif\/","title":{"rendered":"K ENIF"},"content":{"rendered":"<p>Rohov\u00e1 sedacia s\u00faprava\u00a0 <b>ENIF<\/b> patr\u00ed do sedac\u00edch s\u00faprav vhodn\u00fdch aj do men\u0161\u00edch ob\u00fdvac\u00edch izieb.\u00a0 Poskytne dostatok priestoru pre posedenie pri k\u00e1ve s priate\u013emi alebo le\u0148o\u0161enie rodinn\u00fdch pr\u00edslu\u0161n\u00edkov. Svojou kombin\u00e1ciou\u00a0<b>b\u00e9\u017eovej ekoko\u017ee a svetlohnedej l\u00e1tky Orinoco,\u00a0 <\/b>alebo<b>svetlosivej s tmavosivou l\u00e1tkou Orinoco \u00a0<\/b>o\u017eiv\u00fd nejeden interi\u00e9r. Je\u00a0<b>rozkladacia,<\/b>\u00a0\u010d\u00edm vytvor\u00ed priestor na spanie s rozmerom\u00a0<b>130&#215;200 cm.<\/b>\u00a0Na komfortnom seden\u00ed sa podpisuje v\u00fdpl\u0148 sedacej s\u00fapravy v podobe\u00a0<b>pru\u017eina falista a pur pena.<\/b>\u00a0O komfortn\u00e9 opretie unaven\u00e9ho chrbta sa postaraj\u00fa opierky v podobe dekorat\u00edvne pre\u0161it\u00fdch vank\u00fa\u0161ov. Vkusne pre\u0161it\u00e1 je aj sedacia \u010das\u0165.\u00a0<b>ENIF ROH<\/b>\u00a0je postaven\u00fd na plastov\u00fdch no\u017ei\u010dk\u00e1ch v\u00a0<b>striebornej farbe.<\/b>\u00a0Taktie\u017e disponuje\u00a0<b>\u00falo\u017en\u00fdm priestorom,<\/b> vhodn\u00fdm na ukladanie sez\u00f3nnych prikr\u00fdvok, diek &#8230;<\/p>\n<ul>\n<li><b>Rozmery (\u0160xHxV):\u00a0<\/b>268x157x97 cm<\/li>\n<li><b>Farba:\u00a0<\/b>svetlosiv\u00e1 Orinoco 90 \/ tmavosiv\u00e1 Orinoco 96<\/li>\n<li><strong>Farba:<\/strong> ekoko\u017ea b\u00e9\u017eov\u00e1112 \/ l\u00e1tka svetlohned\u00e1 Orinoco 24<\/li>\n<li>Dod\u00e1van\u00e9 v demonte<\/li>\n<\/ul>\n<table class=\"table-data-sheet\">\n<tbody>\n<tr class=\"odd\">\n<td>H\u013abka<\/td>\n<td>157 cm<\/td>\n<\/tr>\n<tr class=\"even\">\n<td>\u0160\u00edrka<\/td>\n<td>268 cm<\/td>\n<\/tr>\n<tr class=\"odd\">\n<td>V\u00fd\u0161ka<\/td>\n<td>74 &#8211; 97 cm<\/td>\n<\/tr>\n<tr class=\"even\">\n<td>Vhodn\u00e1 miestnos\u0165<\/td>\n<td>ob\u00fdva\u010dka, spolo\u010densk\u00e1 miestnos\u0165, hotely, kaviarne<\/td>\n<\/tr>\n<tr class=\"odd\">\n<td>Typ n\u00e1bytku<\/td>\n<td>rohov\u00e1 sedacia s\u00faprava<\/td>\n<\/tr>\n<tr class=\"even\">\n<td>\u0160t\u00fdl n\u00e1bytku<\/td>\n<td>modern\u00fd<\/td>\n<\/tr>\n<tr class=\"odd\">\n<td>Z\u00e1ruka<\/td>\n<td>2 roky<\/td>\n<\/tr>\n<tr class=\"even\">\n<td>Sp\u00f4sob dodania<\/td>\n<td>demont v dvoch bal\u00edkoch<\/td>\n<\/tr>\n<tr class=\"odd\">\n<td>Hmotnos\u0165<\/td>\n<td>135 kg<\/td>\n<\/tr>\n<tr class=\"even\">\n<td>\u00dalo\u017en\u00fd priestor<\/td>\n<td>\u00e1no<\/td>\n<\/tr>\n<tr class=\"odd\">\n<td>Rohov\u00e9 prevedenie<\/td>\n<td>\u00e1no<\/td>\n<\/tr>\n<tr class=\"even\">\n<td>V\u00fd\u0161ka\u00a0 a h\u013abka sed\u00e1ka<\/td>\n<td>40 cm \/ 50 cm<\/td>\n<\/tr>\n<tr class=\"odd\">\n<td>V\u00fd\u0161ka zadn\u00e9ho \u010dela<\/td>\n<td>74 cm<\/td>\n<\/tr>\n<tr class=\"even\">\n<td>Mo\u017enos\u0165 rozkladania<\/td>\n<td>\u00e1no<\/td>\n<\/tr>\n<tr class=\"odd\">\n<td>Plocha na spanie<\/td>\n<td>130 x 200 cm<\/td>\n<\/tr>\n<tr class=\"even\">\n<td>Kon\u0161trukcia<\/td>\n<td>DTD<\/td>\n<\/tr>\n<tr class=\"odd\">\n<td>N\u00f4\u017eky<\/td>\n<td>plast<\/td>\n<\/tr>\n<tr class=\"even\">\n<td>Obsahuje vank\u00fa\u0161e<\/td>\n<td>\u00e1no<\/td>\n<\/tr>\n<tr class=\"odd\">\n<td>Nastavenie opierok<\/td>\n<td>nie<\/td>\n<\/tr>\n<tr class=\"even\">\n<td>V\u00fdpl\u0148 seda\u010dky<\/td>\n<td>pena + pru\u017eina falista<\/td>\n<\/tr>\n<\/tbody>\n<\/table>\n<p>&nbsp;<\/p>\n<p>&nbsp;<\/p>\n","protected":false},"excerpt":{"rendered":"<p>Rohov\u00e1 sedacia s\u00faprava\u00a0 ENIF patr\u00ed do sedac\u00edch s\u00faprav vhodn\u00fdch aj do men\u0161\u00edch ob\u00fdvac\u00edch izieb.\u00a0 Poskytne dostatok priestoru pre posedenie pri k\u00e1ve s priate\u013emi alebo le\u0148o\u0161enie rodinn\u00fdch pr\u00edslu\u0161n\u00edkov. Svojou kombin\u00e1ciou\u00a0b\u00e9\u017eovej ekoko\u017ee a svetlohnedej l\u00e1tky Orinoco,\u00a0 alebosvetlosivej s tmavosivou l\u00e1tkou Orinoco \u00a0o\u017eiv\u00fd nejeden interi\u00e9r. Je\u00a0rozkladacia,\u00a0\u010d\u00edm vytvor\u00ed priestor na spanie s rozmerom\u00a0130&#215;200 cm.\u00a0Na komfortnom seden\u00ed sa podpisuje v\u00fdpl\u0148&#8230;<\/p>\n","protected":false},"featured_media":121428,"comment_status":"closed","ping_status":"closed","template":"","meta":{"_seopress_robots_primary_cat":"none","_seopress_titles_title":"","_seopress_titles_desc":"","_seopress_robots_index":""},"product_brand":[],"product_cat":[255,140],"product_tag":[],"class_list":{"0":"post-121415","1":"product","2":"type-product","3":"status-publish","4":"has-post-thumbnail","6":"product_cat-rohove-supravy","7":"product_cat-sedacie-supravy","9":"first","10":"instock","11":"shipping-taxable","12":"purchasable","13":"product-type-variable"},"_links":{"self":[{"href":"https:\/\/nabytoklaguna.sk\/sk\/wp-json\/wp\/v2\/product\/121415","targetHints":{"allow":["GET"]}}],"collection":[{"href":"https:\/\/nabytoklaguna.sk\/sk\/wp-json\/wp\/v2\/product"}],"about":[{"href":"https:\/\/nabytoklaguna.sk\/sk\/wp-json\/wp\/v2\/types\/product"}],"replies":[{"embeddable":true,"href":"https:\/\/nabytoklaguna.sk\/sk\/wp-json\/wp\/v2\/comments?post=121415"}],"wp:featuredmedia":[{"embeddable":true,"href":"https:\/\/nabytoklaguna.sk\/sk\/wp-json\/wp\/v2\/media\/121428"}],"wp:attachment":[{"href":"https:\/\/nabytoklaguna.sk\/sk\/wp-json\/wp\/v2\/media?parent=121415"}],"wp:term":[{"taxonomy":"product_brand","embeddable":true,"href":"https:\/\/nabytoklaguna.sk\/sk\/wp-json\/wp\/v2\/product_brand?post=121415"},{"taxonomy":"product_cat","embeddable":true,"href":"https:\/\/nabytoklaguna.sk\/sk\/wp-json\/wp\/v2\/product_cat?post=121415"},{"taxonomy":"product_tag","embeddable":true,"href":"https:\/\/nabytoklaguna.sk\/sk\/wp-json\/wp\/v2\/product_tag?post=121415"}],"curies":[{"name":"wp","href":"https:\/\/api.w.org\/{rel}","templated":true}]}}

<p>Rohová sedacia súprava  <b>ENIF</b> patrí do sedacích súprav vhodných aj do menších obývacích izieb.  Poskytne dostatok priestoru pre posedenie pri káve s priateľmi alebo leňošenie rodinných príslušníkov. Svojou kombináciou <b>béžovej ekokože a svetlohnedej látky Orinoco,  </b>alebo<b>svetlosivej s tmavosivou látkou Orinoco  </b>oživý nejeden interiér. Je <b>rozkladacia,</b> čím vytvorí priestor na spanie s rozmerom <b>130&#215;200 cm.</b> Na komfortnom sedení sa podpisuje výplň sedacej súpravy v podobe <b>pružina falista a pur pena.</b> O komfortné opretie unaveného chrbta sa postarajú opierky v podobe dekoratívne prešitých vankúšov. Vkusne prešitá je aj sedacia časť. <b>ENIF ROH</b> je postavený na plastových nožičkách v <b>striebornej farbe.</b> Taktiež disponuje <b>úložným priestorom,</b> vhodným na ukladanie sezónnych prikrývok, diek &#8230;</p>
<ul>
<li><b>Rozmery (ŠxHxV): </b>268x157x97 cm</li>
<li><b>Farba: </b>svetlosivá Orinoco 90 / tmavosivá Orinoco 96</li>
<li><strong>Farba:</strong> ekokoža béžová112 / látka svetlohnedá Orinoco 24</li>
<li>Dodávané v demonte</li>
</ul>
<table class="table-data-sheet">
<tbody>
<tr class="odd">
<td>Hĺbka</td>
<td>157 cm</td>
</tr>
<tr class="even">
<td>Šírka</td>
<td>268 cm</td>
</tr>
<tr class="odd">
<td>Výška</td>
<td>74 &#8211; 97 cm</td>
</tr>
<tr class="even">
<td>Vhodná miestnosť</td>
<td>obývačka, spoločenská miestnosť, hotely, kaviarne</td>
</tr>
<tr class="odd">
<td>Typ nábytku</td>
<td>rohová sedacia súprava</td>
</tr>
<tr class="even">
<td>Štýl nábytku</td>
<td>moderný</td>
</tr>
<tr class="odd">
<td>Záruka</td>
<td>2 roky</td>
</tr>
<tr class="even">
<td>Spôsob dodania</td>
<td>demont v dvoch balíkoch</td>
</tr>
<tr class="odd">
<td>Hmotnosť</td>
<td>135 kg</td>
</tr>
<tr class="even">
<td>Úložný priestor</td>
<td>áno</td>
</tr>
<tr class="odd">
<td>Rohové prevedenie</td>
<td>áno</td>
</tr>
<tr class="even">
<td>Výška  a hĺbka sedáka</td>
<td>40 cm / 50 cm</td>
</tr>
<tr class="odd">
<td>Výška zadného čela</td>
<td>74 cm</td>
</tr>
<tr class="even">
<td>Možnosť rozkladania</td>
<td>áno</td>
</tr>
<tr class="odd">
<td>Plocha na spanie</td>
<td>130 x 200 cm</td>
</tr>
<tr class="even">
<td>Konštrukcia</td>
<td>DTD</td>
</tr>
<tr class="odd">
<td>Nôžky</td>
<td>plast</td>
</tr>
<tr class="even">
<td>Obsahuje vankúše</td>
<td>áno</td>
</tr>
<tr class="odd">
<td>Nastavenie opierok</td>
<td>nie</td>
</tr>
<tr class="even">
<td>Výplň sedačky</td>
<td>pena + pružina falista</td>
</tr>
</tbody>
</table>
<p>&nbsp;</p>
<p>&nbsp;</p>

<p>Rohová sedacia súprava  ENIF patrí do sedacích súprav vhodných aj do menších obývacích izieb.  Poskytne dostatok priestoru pre posedenie pri káve s priateľmi alebo leňošenie rodinných príslušníkov. Svojou kombináciou béžovej ekokože a svetlohnedej látky Orinoco,  alebosvetlosivej s tmavosivou látkou Orinoco  oživý nejeden interiér. Je rozkladacia, čím vytvorí priestor na spanie s rozmerom 130&#215;200 cm. Na komfortnom sedení sa podpisuje výplň&#8230;</p>
