{"id":122002,"date":"2025-02-06T15:08:38","date_gmt":"2025-02-06T14:08:38","guid":{"rendered":"https:\/\/nabytoklaguna.sk\/sk\/?post_type=product&#038;p=122002"},"modified":"2025-04-23T10:39:52","modified_gmt":"2025-04-23T08:39:52","slug":"vero-obyvacia-stena","status":"publish","type":"product","link":"https:\/\/nabytoklaguna.sk\/sk\/produkt\/vero-obyvacia-stena\/","title":{"rendered":"NER VERO"},"content":{"rendered":"<p><strong>Modern\u00fd sektorov\u00fd n\u00e1bytok\u00a0 VERO<\/strong>\u00a0 pozost\u00e1va z jednotliv\u00fdch dielov n\u00e1bytku tejto modelovej rady, ktor\u00e9 je mo\u017en\u00e9 medzi sebou \u013eubovolne vysklada\u0165 a vytvori\u0165 si zostavu pod\u013ea svojich predst\u00e1v. Dvierka s\u00fa vyroben\u00e9 z odolnej <strong>MDF dosky s PVC f\u00f3liou<\/strong>. Prednos\u0165ou t\u00fdchto dvierok je dotykov\u00fd syst\u00e9m\u00a0<strong>otv\u00e1rania CLICK a kvalitn\u00e9 p\u00e1nty Hettich<\/strong>. Syst\u00e9m Vero je vyroben\u00fd z lamino dosiek s hr\u00fabkou 28 mm, ktor\u00e9 s\u00fa <strong>ohrani\u010den\u00e9 ABS \u00fapravou<\/strong>.\u00a0 Farebn\u00e9 prevedenie: <strong>orech \/\u00a0 vlo\u017eka \u010dierny.<\/strong><\/p>\n<p>No\u017ei\u010dky \u010dierne plastov\u00e9.\u00a0 \u00a0Mo\u017enos\u0165 dok\u00fapi\u0165 LED osvetlenie za pr\u00edplatok 25 eur.<\/p>\n<p><strong>Ob\u00fdvacia stena pozost\u00e1va z komponentov:\u00a0<\/strong><\/p>\n<ul>\n<li>VR 04 \u2013 vitr\u00edna\u00a0 \u2013\u00a0 \u00a0 \u00a0Rozmery: \u0161xvxh: 92x147x39 cm<\/li>\n<li>VR 01 \u2013 TV stol\u00edk\u00a0 \u2013 Rozmery: \u0161xvxh: 163x60x39 cm<\/li>\n<li>VR 07 \u2013 reg\u00e1l\u00a0 \u2013\u00a0 \u00a0 \u00a0 \u00a0 Rozmery: \u0161xvxh: 55x198x39 cm<\/li>\n<li>VR 10 \u2013 Poli\u010dka\u00a0 \u2013\u00a0 \u00a0 Rozmery: \u0161xvxh: 163x22x23 cm<\/li>\n<\/ul>\n<p><strong>Z jednotliv\u00fdch komponentov si m\u00f4\u017eete vysklada\u0165 ob\u00fdvaciu stenu pod\u013ea Va\u0161ich predst\u00e1v:<\/strong><\/p>\n<ul>\n<li class=\"product_title entry-title\">VR 02 \u2013 komoda\u00a0 \u00a0 \u00a0 \u00a0 \u00a0\u2013\u00a0 Rozmery: \u0161xhxv:\u00a0 \u00a098x39x86 cm<\/li>\n<li>VR 03 \u2013 komoda\u00a0 \u00a0 \u00a0 \u00a0 \u00a0\u2013\u00a0 Rozmery: \u0161xhxv: 163x39x86 cm<\/li>\n<li>VR 05 \u2013 vitr\u00edna \u013eav\u00e1\u00a0 \u00a0 \u2013\u00a0 \u00a0Rozmery: \u0161xhxv: 55x39x198 cm<\/li>\n<li>VR 06 \u2013 vitr\u00edna prav\u00e1\u00a0 \u2013\u00a0 \u00a0Rozmery: \u0161xhxv: 55x39x198 cm<\/li>\n<li>VR 07 \u2013 reg\u00e1l \u013eav\u00fd\u00a0 \u00a0 \u00a0 \u2013\u00a0 \u00a0Rozmery: \u0161xhxv: 55x39x198 cm<\/li>\n<li>VR 08 \u2013 reg\u00e1l prav\u00fd\u00a0 \u00a0 \u2013\u00a0 \u00a0Rozmery: \u0161xhxv: 55x39x198 cm<\/li>\n<li>VR 09 \u2013 skri\u0148a\u00a0 \u00a0 \u00a0 \u00a0 \u00a0 \u00a0 \u2013\u00a0 \u00a0Rozmery: \u0161xhxv: 92x54x198 cm<\/li>\n<li>LA 01 \u2013\u00a0 rozkladac\u00ed konf. stol\u00edk \u2013 Rozmery: \u0161xhxv:114-144x68x 52 cm<\/li>\n<li>ST 02 \u2013\u00a0 rozkladac\u00ed st\u00f4l\u2013 Rozmery: \u0161xhxv: 160 -200x90x77cm<\/li>\n<\/ul>\n","protected":false},"excerpt":{"rendered":"<p>Modern\u00fd sektorov\u00fd n\u00e1bytok\u00a0 VERO\u00a0 pozost\u00e1va z jednotliv\u00fdch dielov n\u00e1bytku tejto modelovej rady, ktor\u00e9 je mo\u017en\u00e9 medzi sebou \u013eubovolne vysklada\u0165 a vytvori\u0165 si zostavu pod\u013ea svojich predst\u00e1v. Dvierka s\u00fa vyroben\u00e9 z odolnej MDF dosky s PVC f\u00f3liou. Prednos\u0165ou t\u00fdchto dvierok je dotykov\u00fd syst\u00e9m\u00a0otv\u00e1rania CLICK a kvalitn\u00e9 p\u00e1nty Hettich. Syst\u00e9m Vero je vyroben\u00fd z lamino dosiek s&#8230;<\/p>\n","protected":false},"featured_media":122005,"comment_status":"closed","ping_status":"closed","template":"","meta":{"_seopress_robots_primary_cat":"none","_seopress_titles_title":"","_seopress_titles_desc":"","_seopress_robots_index":""},"product_brand":[],"product_cat":[182,251],"product_tag":[],"class_list":{"0":"post-122002","1":"product","2":"type-product","3":"status-publish","4":"has-post-thumbnail","6":"product_cat-obyvacie-steny","7":"product_cat-steny","9":"first","10":"onbackorder","11":"shipping-taxable","12":"purchasable","13":"product-type-simple"},"_links":{"self":[{"href":"https:\/\/nabytoklaguna.sk\/sk\/wp-json\/wp\/v2\/product\/122002","targetHints":{"allow":["GET"]}}],"collection":[{"href":"https:\/\/nabytoklaguna.sk\/sk\/wp-json\/wp\/v2\/product"}],"about":[{"href":"https:\/\/nabytoklaguna.sk\/sk\/wp-json\/wp\/v2\/types\/product"}],"replies":[{"embeddable":true,"href":"https:\/\/nabytoklaguna.sk\/sk\/wp-json\/wp\/v2\/comments?post=122002"}],"wp:featuredmedia":[{"embeddable":true,"href":"https:\/\/nabytoklaguna.sk\/sk\/wp-json\/wp\/v2\/media\/122005"}],"wp:attachment":[{"href":"https:\/\/nabytoklaguna.sk\/sk\/wp-json\/wp\/v2\/media?parent=122002"}],"wp:term":[{"taxonomy":"product_brand","embeddable":true,"href":"https:\/\/nabytoklaguna.sk\/sk\/wp-json\/wp\/v2\/product_brand?post=122002"},{"taxonomy":"product_cat","embeddable":true,"href":"https:\/\/nabytoklaguna.sk\/sk\/wp-json\/wp\/v2\/product_cat?post=122002"},{"taxonomy":"product_tag","embeddable":true,"href":"https:\/\/nabytoklaguna.sk\/sk\/wp-json\/wp\/v2\/product_tag?post=122002"}],"curies":[{"name":"wp","href":"https:\/\/api.w.org\/{rel}","templated":true}]}}

<p><strong>Moderný sektorový nábytok  VERO</strong>  pozostáva z jednotlivých dielov nábytku tejto modelovej rady, ktoré je možné medzi sebou ľubovolne vyskladať a vytvoriť si zostavu podľa svojich predstáv. Dvierka sú vyrobené z odolnej <strong>MDF dosky s PVC fóliou</strong>. Prednosťou týchto dvierok je dotykový systém <strong>otvárania CLICK a kvalitné pánty Hettich</strong>. Systém Vero je vyrobený z lamino dosiek s hrúbkou 28 mm, ktoré sú <strong>ohraničené ABS úpravou</strong>.  Farebné prevedenie: <strong>orech /  vložka čierny.</strong></p>
<p>Nožičky čierne plastové.   Možnosť dokúpiť LED osvetlenie za príplatok 25 eur.</p>
<p><strong>Obývacia stena pozostáva z komponentov: </strong></p>
<ul>
<li>VR 04 – vitrína  –     Rozmery: šxvxh: 92x147x39 cm</li>
<li>VR 01 – TV stolík  – Rozmery: šxvxh: 163x60x39 cm</li>
<li>VR 07 – regál  –        Rozmery: šxvxh: 55x198x39 cm</li>
<li>VR 10 – Polička  –    Rozmery: šxvxh: 163x22x23 cm</li>
</ul>
<p><strong>Z jednotlivých komponentov si môžete vyskladať obývaciu stenu podľa Vašich predstáv:</strong></p>
<ul>
<li class="product_title entry-title">VR 02 – komoda         –  Rozmery: šxhxv:   98x39x86 cm</li>
<li>VR 03 – komoda         –  Rozmery: šxhxv: 163x39x86 cm</li>
<li>VR 05 – vitrína ľavá    –   Rozmery: šxhxv: 55x39x198 cm</li>
<li>VR 06 – vitrína pravá  –   Rozmery: šxhxv: 55x39x198 cm</li>
<li>VR 07 – regál ľavý      –   Rozmery: šxhxv: 55x39x198 cm</li>
<li>VR 08 – regál pravý    –   Rozmery: šxhxv: 55x39x198 cm</li>
<li>VR 09 – skriňa            –   Rozmery: šxhxv: 92x54x198 cm</li>
<li>LA 01 –  rozkladací konf. stolík – Rozmery: šxhxv:114-144x68x 52 cm</li>
<li>ST 02 –  rozkladací stôl– Rozmery: šxhxv: 160 -200x90x77cm</li>
</ul>

<p>Moderný sektorový nábytok  VERO  pozostáva z jednotlivých dielov nábytku tejto modelovej rady, ktoré je možné medzi sebou ľubovolne vyskladať a vytvoriť si zostavu podľa svojich predstáv. Dvierka sú vyrobené z odolnej MDF dosky s PVC fóliou. Prednosťou týchto dvierok je dotykový systém otvárania CLICK a kvalitné pánty Hettich. Systém Vero je vyrobený z lamino dosiek s&#8230;</p>
