{"id":122937,"date":"2025-04-22T14:11:16","date_gmt":"2025-04-22T12:11:16","guid":{"rendered":"https:\/\/nabytoklaguna.sk\/sk\/?post_type=product&#038;p=122937"},"modified":"2025-04-22T14:13:42","modified_gmt":"2025-04-22T12:13:42","slug":"system-cali-obyvacia-stena-2","status":"publish","type":"product","link":"https:\/\/nabytoklaguna.sk\/sk\/produkt\/system-cali-obyvacia-stena-2\/","title":{"rendered":"Syst\u00e9m CALI &#8211; ob\u00fdvacia stena 2"},"content":{"rendered":"<p><strong>Syst\u00e9m CALI<\/strong> je\u00a0 kolekcia n\u00e1bytku ur\u010den\u00e1<strong> pre milovn\u00edkov modern\u00fdch rie\u0161en\u00ed,<\/strong> pre \u013eud\u00ed, ktor\u00ed radi sleduj\u00fa <strong>najnov\u0161ie trendy<\/strong> a riadia sa modern\u00fdmi a funk\u010dn\u00fdmi rie\u0161eniami. Mimoriadne m\u00f3dne lamely v <strong>dekore dub artisan<\/strong> v kombin\u00e1cii s<strong> \u010diernou, matnou doskou<\/strong> a teplou farbou dreva rozhodne up\u00fataj\u00fa pozornos\u0165 a bud\u00fa <strong>dominantou ka\u017edej miestnosti.<\/strong> N\u00e1bytok je vyroben\u00fd z kvalitn\u00fdch materi\u00e1lov. Korpus je tvoren\u00fd kvalitnou 16 mm laminovanou doskou a prie\u010dky s\u00fa vyroben\u00e9 z 32mm laminovanej dosky s\u00a0bezpe\u010dnostn\u00fdmi <strong>ABS hranam<\/strong>i. Kolekcia m\u00e1 \u010dist\u00e9 a jednoduch\u00e9 l\u00ednie, ktor\u00e9 s\u00fa pod\u010diarknut\u00e9 vkusn\u00fdmi \u00fachytmi. <strong>Praktickos\u0165<\/strong> dop\u013a\u0148a kovanie s tich\u00fdm dovieran\u00edm. Vitr\u00edny maj\u00fa <strong>prieh\u013eadn\u00e9 tvrden\u00e9 sklo<\/strong> a je mo\u017en\u00e9 k n\u00edm dok\u00fapi\u0165 biele <strong>LED osvetlenie za pr\u00edplatok<\/strong>. K n\u00e1bytku naviac ur\u010dite ocen\u00edte <strong>mo\u017enos\u0165 dok\u00fapi\u0165 aj 10 cm vysok\u00e9 \u010dierne kovov\u00e9 nohy<\/strong> a u\u013eah\u010di\u0165 si tak upratovanie. <strong>Syst\u00e9m CALI<\/strong> sa sklad\u00e1 z mnoh\u00fdch prvkov a tento \u0161irok\u00fd v\u00fdber V\u00e1m zaru\u010d\u00ed mo\u017enos\u0165 zostavi\u0165 si n\u00e1bytok do ob\u00fdva\u010dky \u010di sp\u00e1lne pod\u013ea svojich vlastn\u00fdch predst\u00e1v a prian\u00ed. Dod\u00e1van\u00e9 v demonte.<\/p>\n<p>&nbsp;<\/p>\n<p><strong>Syst\u00e9m CALI &#8211; ob\u00fdvacia stena &#8220;2&#8221;<\/strong> pozost\u00e1va z komponentov:<\/p>\n<ul>\n<li><strong>Vysok\u00e1 vitr\u00edna CALI C02<\/strong>: \u0161\u00edrka: 86 cm, v\u00fd\u0161ka: 191 cm, h\u013abka: 41 cm, &#8211; mo\u017enos\u0165 dok\u00fapi\u0165 kovov\u00e9 \u010dierne nohy za 30 eur<\/li>\n<li><strong>TV skrinka CALI C06<\/strong>: \u0161\u00edrka: 161 cm, v\u00fd\u0161ka: 43 cm, h\u013abka: 41 cm, &#8211; mo\u017enos\u0165 dok\u00fapi\u0165 kovov\u00e9 \u010dierne nohy za 35 eur<\/li>\n<li><strong>N\u00e1stenn\u00fd panel CALI C10<\/strong>: \u0161\u00edrka: 80 cm, v\u00fd\u0161ka: 138 cm, h\u013abka: 3 cm<\/li>\n<\/ul>\n<p><strong>Mo\u017enos\u0165 dok\u00fapi\u0165 \u010fal\u0161ie komponenty zo syst\u00e9mu CALI:<\/strong><\/p>\n<ul>\n<li><strong>skri\u0148a CALI C01<\/strong>: \u0161\u00edrka: 86 cm, v\u00fd\u0161ka: 191 cm, h\u013abka: 58 cm, &#8211; mo\u017enos\u0165 dok\u00fapi\u0165 kovov\u00e9 \u010dierne nohy za 35 eur<\/li>\n<li><strong>vysok\u00e1 vitr\u00edna CALI C02<\/strong>: \u0161\u00edrka: 86 cm, v\u00fd\u0161ka: 191 cm, h\u013abka: 41 cm, &#8211; mo\u017enos\u0165 dok\u00fapi\u0165 kovov\u00e9 \u010dierne nohy za 30 eur<\/li>\n<li><strong>n\u00edzka vitr\u00edna CALI C03<\/strong>: \u0161\u00edrka: 86 cm, v\u00fd\u0161ka: 132 cm, h\u013abka: 41 cm, &#8211; mo\u017enos\u0165 dok\u00fapi\u0165 kovov\u00e9 \u010dierne nohy za 30 eur<\/li>\n<li><strong>komoda CALI C04<\/strong>: \u0161\u00edrka: 142 cm, v\u00fd\u0161ka: 85 cm, h\u013abka: 41 cm, &#8211; mo\u017enos\u0165 dok\u00fapi\u0165 kovov\u00e9 \u010dierne nohy za 35 eur<\/li>\n<li><strong>komoda CALI C05<\/strong>: \u0161\u00edrka: 102 cm, v\u00fd\u0161ka: 85 cm, h\u013abka: 41 cm, &#8211; mo\u017enos\u0165 dok\u00fapi\u0165 kovov\u00e9 \u010dierne nohy za 30 eur<\/li>\n<li><strong>TV skrinka CALI C06<\/strong>: \u0161\u00edrka: 161 cm, v\u00fd\u0161ka: 43 cm, h\u013abka: 41 cm, &#8211; mo\u017enos\u0165 dok\u00fapi\u0165 kovov\u00e9 \u010dierne nohy za 35 eur<\/li>\n<li><strong>TV skrinka CALI C07<\/strong>: \u0161\u00edrka: 124 cm, v\u00fd\u0161ka: 43 cm, h\u013abka: 41 cm, &#8211; mo\u017enos\u0165 dok\u00fapi\u0165 kovov\u00e9 \u010dierne nohy za 35 eur<\/li>\n<li><strong>konferen\u010dn\u00fd stol\u00edk CALI C08<\/strong>: \u0161\u00edrka: 90 cm, v\u00fd\u0161ka: 36 cm, h\u013abka: 58 cm, &#8211; mo\u017enos\u0165 dok\u00fapi\u0165 kovov\u00e9 \u010dierne nohy za 35 eur<\/li>\n<li><strong>polica CALI C09<\/strong>: \u0161\u00edrka: 120 cm, v\u00fd\u0161ka: 32 cm, h\u013abka: 18 cm<\/li>\n<li><strong>z\u00e1vesn\u00fd lamelov\u00fd panel CALI C10<\/strong>: \u0161\u00edrka: 80 cm, v\u00fd\u0161ka: 138 cm, h\u013abka: 3 cm<\/li>\n<li><strong>z\u00e1vesn\u00fd lamelov\u00fd panel CALI C11<\/strong>: \u0161\u00edrka: 80 cm, v\u00fd\u0161ka: 138 cm, h\u013abka: 3 cm<\/li>\n<li><strong>rohov\u00e1 komoda CALI C12:<\/strong> \u0161\u00edrka: 82\/123 cm, v\u00fd\u0161ka: 85 cm, h\u013abka: 41 cm, &#8211; mo\u017enos\u0165 dok\u00fapi\u0165 kovov\u00e9 \u010dierne nohy za 35 eur<\/li>\n<li><strong>\u0161atn\u00edkov\u00e1 skri\u0148a CALI C14:<\/strong> \u0161\u00edrka: 179 cm, v\u00fd\u0161ka: 216 cm, h\u013abka: 60 cm,<\/li>\n<li><strong>\u0161atn\u00edkov\u00e1 skri\u0148a CALI C15:<\/strong> \u0161\u00edrka: 199 cm, v\u00fd\u0161ka: 216 cm, h\u013abka: 60 cm,<\/li>\n<li><strong>poste\u013e<\/strong> <strong>CALI C16 (140): <\/strong>\u0161\u00edrka: 147,3 cm, v\u00fd\u0161ka: 100 cm, h\u013abka: 207 cm,<\/li>\n<li><strong>poste\u013e<\/strong> <strong>CALI C16 (160): <\/strong>\u0161\u00edrka: 167,3 cm, v\u00fd\u0161ka: 100 cm, h\u013abka: 207 cm,<\/li>\n<li><strong>poste\u013e<\/strong> <strong>CALI C16 (180): <\/strong>\u0161\u00edrka: 187,3 cm, v\u00fd\u0161ka: 100 cm, h\u013abka: 207 cm,<\/li>\n<li><strong>no\u010dn\u00fd stol\u00edk CALI C17: <\/strong>\u0161\u00edrka: 48 cm, v\u00fd\u0161ka: 50 cm, h\u013abka: 41 cm,<\/li>\n<li><strong>toaletn\u00fd stol\u00edk CALI C18: <\/strong>\u0161\u00edrka: 100 cm, v\u00fd\u0161ka: 78 cm, h\u013abka: 41 cm,<\/li>\n<li><strong>p\u00edsac\u00ed\/PC st\u00f4l CALI C19: <\/strong>\u0161\u00edrka: 120 cm, v\u00fd\u0161ka: 78 cm, h\u013abka: 60 cm,<\/li>\n<li><strong>komoda CALI C20: <\/strong>\u0161\u00edrka: 183 cm, v\u00fd\u0161ka: 85 cm, h\u013abka: 41 cm<strong>,<\/strong><\/li>\n<li><strong>zrkadlo CALI C21:<\/strong> \u0161\u00edrka: 100 cm, v\u00fd\u0161ka: 55 cm, h\u013abka: 3 cm,<\/li>\n<li><strong>rozkladac\u00ed st\u00f4l kr\u00e1tky CALI<\/strong>: \u0161\u00edrka: 120-160 cm, v\u00fd\u0161ka: 75 cm, h\u013abka: 80 cm,<\/li>\n<li><strong>rozkladac\u00ed st\u00f4l dlh\u00fd CALI<\/strong>: \u0161\u00edrka: 160-260 cm, v\u00fd\u0161ka: 75 cm, h\u013abka: 80 cm,<\/li>\n<li><strong>predsie\u0148 CALI:<\/strong> \u0161\u00edrka: 129 cm, v\u00fd\u0161ka: 195 cm, h\u013abka: 30 cm,<\/li>\n<\/ul>\n<p>&nbsp;<\/p>\n<p>&nbsp;<\/p>\n<p>Fotky s\u00fa ilustra\u010dn\u00e9 \u2013 nastavenie displeja m\u00f4\u017ee sp\u00f4sobi\u0165 odch\u00fdlku vo farbe produktu<\/p>\n","protected":false},"excerpt":{"rendered":"<p>Syst\u00e9m CALI je\u00a0 kolekcia n\u00e1bytku ur\u010den\u00e1 pre milovn\u00edkov modern\u00fdch rie\u0161en\u00ed, pre \u013eud\u00ed, ktor\u00ed radi sleduj\u00fa najnov\u0161ie trendy a riadia sa modern\u00fdmi a funk\u010dn\u00fdmi rie\u0161eniami. Mimoriadne m\u00f3dne lamely v dekore dub artisan v kombin\u00e1cii s \u010diernou, matnou doskou a teplou farbou dreva rozhodne up\u00fataj\u00fa pozornos\u0165 a bud\u00fa dominantou ka\u017edej miestnosti. N\u00e1bytok je vyroben\u00fd z kvalitn\u00fdch materi\u00e1lov&#8230;.<\/p>\n","protected":false},"featured_media":118645,"comment_status":"closed","ping_status":"closed","template":"","meta":{"_seopress_robots_primary_cat":"none","_seopress_titles_title":"","_seopress_titles_desc":"","_seopress_robots_index":""},"product_brand":[],"product_cat":[182,251],"product_tag":[],"class_list":{"0":"post-122937","1":"product","2":"type-product","3":"status-publish","4":"has-post-thumbnail","6":"product_cat-obyvacie-steny","7":"product_cat-steny","8":"pa_typ-produktu-system-cali-obyvacia-stena-1","9":"pa_typ-produktu-system-cali-obyvacia-stena-2","11":"first","12":"onbackorder","13":"sale","14":"shipping-taxable","15":"purchasable","16":"product-type-simple"},"_links":{"self":[{"href":"https:\/\/nabytoklaguna.sk\/sk\/wp-json\/wp\/v2\/product\/122937","targetHints":{"allow":["GET"]}}],"collection":[{"href":"https:\/\/nabytoklaguna.sk\/sk\/wp-json\/wp\/v2\/product"}],"about":[{"href":"https:\/\/nabytoklaguna.sk\/sk\/wp-json\/wp\/v2\/types\/product"}],"replies":[{"embeddable":true,"href":"https:\/\/nabytoklaguna.sk\/sk\/wp-json\/wp\/v2\/comments?post=122937"}],"wp:featuredmedia":[{"embeddable":true,"href":"https:\/\/nabytoklaguna.sk\/sk\/wp-json\/wp\/v2\/media\/118645"}],"wp:attachment":[{"href":"https:\/\/nabytoklaguna.sk\/sk\/wp-json\/wp\/v2\/media?parent=122937"}],"wp:term":[{"taxonomy":"product_brand","embeddable":true,"href":"https:\/\/nabytoklaguna.sk\/sk\/wp-json\/wp\/v2\/product_brand?post=122937"},{"taxonomy":"product_cat","embeddable":true,"href":"https:\/\/nabytoklaguna.sk\/sk\/wp-json\/wp\/v2\/product_cat?post=122937"},{"taxonomy":"product_tag","embeddable":true,"href":"https:\/\/nabytoklaguna.sk\/sk\/wp-json\/wp\/v2\/product_tag?post=122937"}],"curies":[{"name":"wp","href":"https:\/\/api.w.org\/{rel}","templated":true}]}}

Systém CALI &#8211; obývacia stena 2

<p><strong>Systém CALI</strong> je  kolekcia nábytku určená<strong> pre milovníkov moderných riešení,</strong> pre ľudí, ktorí radi sledujú <strong>najnovšie trendy</strong> a riadia sa modernými a funkčnými riešeniami. Mimoriadne módne lamely v <strong>dekore dub artisan</strong> v kombinácii s<strong> čiernou, matnou doskou</strong> a teplou farbou dreva rozhodne upútajú pozornosť a budú <strong>dominantou každej miestnosti.</strong> Nábytok je vyrobený z kvalitných materiálov. Korpus je tvorený kvalitnou 16 mm laminovanou doskou a priečky sú vyrobené z 32mm laminovanej dosky s bezpečnostnými <strong>ABS hranam</strong>i. Kolekcia má čisté a jednoduché línie, ktoré sú podčiarknuté vkusnými úchytmi. <strong>Praktickosť</strong> dopĺňa kovanie s tichým dovieraním. Vitríny majú <strong>priehľadné tvrdené sklo</strong> a je možné k ním dokúpiť biele <strong>LED osvetlenie za príplatok</strong>. K nábytku naviac určite oceníte <strong>možnosť dokúpiť aj 10 cm vysoké čierne kovové nohy</strong> a uľahčiť si tak upratovanie. <strong>Systém CALI</strong> sa skladá z mnohých prvkov a tento široký výber Vám zaručí možnosť zostaviť si nábytok do obývačky či spálne podľa svojich vlastných predstáv a prianí. Dodávané v demonte.</p>
<p>&nbsp;</p>
<p><strong>Systém CALI &#8211; obývacia stena &#8220;2&#8221;</strong> pozostáva z komponentov:</p>
<ul>
<li><strong>Vysoká vitrína CALI C02</strong>: šírka: 86 cm, výška: 191 cm, hĺbka: 41 cm, &#8211; možnosť dokúpiť kovové čierne nohy za 30 eur</li>
<li><strong>TV skrinka CALI C06</strong>: šírka: 161 cm, výška: 43 cm, hĺbka: 41 cm, &#8211; možnosť dokúpiť kovové čierne nohy za 35 eur</li>
<li><strong>Nástenný panel CALI C10</strong>: šírka: 80 cm, výška: 138 cm, hĺbka: 3 cm</li>
</ul>
<p><strong>Možnosť dokúpiť ďalšie komponenty zo systému CALI:</strong></p>
<ul>
<li><strong>skriňa CALI C01</strong>: šírka: 86 cm, výška: 191 cm, hĺbka: 58 cm, &#8211; možnosť dokúpiť kovové čierne nohy za 35 eur</li>
<li><strong>vysoká vitrína CALI C02</strong>: šírka: 86 cm, výška: 191 cm, hĺbka: 41 cm, &#8211; možnosť dokúpiť kovové čierne nohy za 30 eur</li>
<li><strong>nízka vitrína CALI C03</strong>: šírka: 86 cm, výška: 132 cm, hĺbka: 41 cm, &#8211; možnosť dokúpiť kovové čierne nohy za 30 eur</li>
<li><strong>komoda CALI C04</strong>: šírka: 142 cm, výška: 85 cm, hĺbka: 41 cm, &#8211; možnosť dokúpiť kovové čierne nohy za 35 eur</li>
<li><strong>komoda CALI C05</strong>: šírka: 102 cm, výška: 85 cm, hĺbka: 41 cm, &#8211; možnosť dokúpiť kovové čierne nohy za 30 eur</li>
<li><strong>TV skrinka CALI C06</strong>: šírka: 161 cm, výška: 43 cm, hĺbka: 41 cm, &#8211; možnosť dokúpiť kovové čierne nohy za 35 eur</li>
<li><strong>TV skrinka CALI C07</strong>: šírka: 124 cm, výška: 43 cm, hĺbka: 41 cm, &#8211; možnosť dokúpiť kovové čierne nohy za 35 eur</li>
<li><strong>konferenčný stolík CALI C08</strong>: šírka: 90 cm, výška: 36 cm, hĺbka: 58 cm, &#8211; možnosť dokúpiť kovové čierne nohy za 35 eur</li>
<li><strong>polica CALI C09</strong>: šírka: 120 cm, výška: 32 cm, hĺbka: 18 cm</li>
<li><strong>závesný lamelový panel CALI C10</strong>: šírka: 80 cm, výška: 138 cm, hĺbka: 3 cm</li>
<li><strong>závesný lamelový panel CALI C11</strong>: šírka: 80 cm, výška: 138 cm, hĺbka: 3 cm</li>
<li><strong>rohová komoda CALI C12:</strong> šírka: 82/123 cm, výška: 85 cm, hĺbka: 41 cm, &#8211; možnosť dokúpiť kovové čierne nohy za 35 eur</li>
<li><strong>šatníková skriňa CALI C14:</strong> šírka: 179 cm, výška: 216 cm, hĺbka: 60 cm,</li>
<li><strong>šatníková skriňa CALI C15:</strong> šírka: 199 cm, výška: 216 cm, hĺbka: 60 cm,</li>
<li><strong>posteľ</strong> <strong>CALI C16 (140): </strong>šírka: 147,3 cm, výška: 100 cm, hĺbka: 207 cm,</li>
<li><strong>posteľ</strong> <strong>CALI C16 (160): </strong>šírka: 167,3 cm, výška: 100 cm, hĺbka: 207 cm,</li>
<li><strong>posteľ</strong> <strong>CALI C16 (180): </strong>šírka: 187,3 cm, výška: 100 cm, hĺbka: 207 cm,</li>
<li><strong>nočný stolík CALI C17: </strong>šírka: 48 cm, výška: 50 cm, hĺbka: 41 cm,</li>
<li><strong>toaletný stolík CALI C18: </strong>šírka: 100 cm, výška: 78 cm, hĺbka: 41 cm,</li>
<li><strong>písací/PC stôl CALI C19: </strong>šírka: 120 cm, výška: 78 cm, hĺbka: 60 cm,</li>
<li><strong>komoda CALI C20: </strong>šírka: 183 cm, výška: 85 cm, hĺbka: 41 cm<strong>,</strong></li>
<li><strong>zrkadlo CALI C21:</strong> šírka: 100 cm, výška: 55 cm, hĺbka: 3 cm,</li>
<li><strong>rozkladací stôl krátky CALI</strong>: šírka: 120-160 cm, výška: 75 cm, hĺbka: 80 cm,</li>
<li><strong>rozkladací stôl dlhý CALI</strong>: šírka: 160-260 cm, výška: 75 cm, hĺbka: 80 cm,</li>
<li><strong>predsieň CALI:</strong> šírka: 129 cm, výška: 195 cm, hĺbka: 30 cm,</li>
</ul>
<p>&nbsp;</p>
<p>&nbsp;</p>
<p>Fotky sú ilustračné – nastavenie displeja môže spôsobiť odchýlku vo farbe produktu</p>

<p>Systém CALI je  kolekcia nábytku určená pre milovníkov moderných riešení, pre ľudí, ktorí radi sledujú najnovšie trendy a riadia sa modernými a funkčnými riešeniami. Mimoriadne módne lamely v dekore dub artisan v kombinácii s čiernou, matnou doskou a teplou farbou dreva rozhodne upútajú pozornosť a budú dominantou každej miestnosti. Nábytok je vyrobený z kvalitných materiálov&#8230;.</p>
