{"id":122940,"date":"2025-04-22T14:36:43","date_gmt":"2025-04-22T12:36:43","guid":{"rendered":"https:\/\/nabytoklaguna.sk\/sk\/?post_type=product&#038;p=122940"},"modified":"2025-04-23T12:26:48","modified_gmt":"2025-04-23T10:26:48","slug":"system-fonti-obyvacia-stena","status":"publish","type":"product","link":"https:\/\/nabytoklaguna.sk\/sk\/produkt\/system-fonti-obyvacia-stena\/","title":{"rendered":"syst\u00e9m FONTI ob\u00fdvacia stena"},"content":{"rendered":"<p><b>Syst\u00e9m FONTI<\/b> je kr\u00e1sny, modern\u00fd <strong>sektorov\u00fd ob\u00fdvac\u00ed syst\u00e9m<\/strong>, ktor\u00fd prinesie do va\u0161ej ob\u00fdvacej izby eleganciu a exkluzivitu. Je navrhnut\u00fd v s\u00falade s\u00a0<strong>najnov\u0161\u00edmi trendmi <\/strong>ako je p<span class=\"Y2IQFc\" lang=\"sk\">rirodzen\u00e1 farba n\u00e1bytku, ktorou je<strong> karamelov\u00fd dub, <\/strong>doplnen\u00e1 s unik\u00e1tnou, \u010diernou \u00fapravou hr\u00e1n blokov + <strong>Matn\u00e9 \u010dierne rukov\u00e4te<\/strong> dod\u00e1vaj\u00fa kolekcii modern\u00fd vzh\u013ead. N\u00e1bytok je zdoben\u00fd \u010diernym vzorom rybej kosti na predn\u00fdch stran\u00e1ch. Dekor\u00e1cie sa tu st\u00e1vaj\u00fa <strong>elegantn\u00fdm p\u00fatav\u00fdm detailom<\/strong>. Tvar n\u00e1bytku ho predur\u010duje k <strong>mnoh\u00fdm aran\u017em\u00e1nom<\/strong>. Tento n\u00e1bytok m\u00e1 jasn\u00e9, geometrick\u00e9 tvary a harmonick\u00e9 proporcie. <\/span>Kolekcia sa sklad\u00e1 z r\u00f4znorod\u00fdch prvkov, v\u010faka \u010domu si m\u00f4\u017ee umiestni\u0165 n\u00e1bytok v premyslenej\u00a0<strong>vlastnej kompoz\u00edcii<\/strong>. Prvky kompletu vyplnia a dod\u00e1vaj\u00fa\u00a0<strong>p\u00f4vab miestnosti<\/strong>\u00a0a stvoria\u00a0<strong>v\u00fdnimo\u010dn\u00fa atmosf\u00e9ru<\/strong> v interi\u00e9ri. Syst\u00e9m je charakterizovan\u00fd \u010deln\u00fdmi panelmi z MDF,<strong>ABS hrany, tich\u00e9 zatv\u00e1ranie a mo\u017enos\u0165 vybra\u0165 si\u00a0 za pr\u00edplatok postavenie n\u00e1bytku na kr\u00e1snych kovov\u00fdch 12 cm \u010diernych noh\u00e1ch, ktor\u00e9 u\u013eah\u010dia ka\u017ed\u00e9 upratovanie. <\/strong>Mo\u017enos\u0165 dok\u00fapi\u0165 <strong>LED osvetlenie.<\/strong><\/p>\n<p><strong>Syst\u00e9m FONTI ob\u00fdvacia stena obsahuje:<\/strong><\/p>\n<ul>\n<li><strong>vitr\u00edna FONTI F2<\/strong>\u00a0 (\u0161\/h\/v) 50 x 40,6 x 187,4 cm &#8211; mo\u017enos\u0165 dok\u00fapi\u0165 nohy k n\u00e1bytku za pr\u00edplatok 35 eur<\/li>\n<li><strong>komoda FONTI F5<\/strong> (\u0161\/h\/v) 117,5 x 40,6 x 90 cm &#8211; mo\u017enos\u0165 dok\u00fapi\u0165 nohy k n\u00e1bytku za pr\u00edplatok 35 eur<\/li>\n<li><strong>RTV stol\u00edk FONTI F6<\/strong> (\u0161\/h\/v) 159 x 40,6 x 53 cm &#8211; mo\u017enos\u0165 dok\u00fapi\u0165 nohy k n\u00e1bytku za pr\u00edplatok 37 eur<\/li>\n<\/ul>\n<p><strong>Mo\u017enos\u0165 objedna\u0165 syst\u00e9m FONTI:<\/strong><\/p>\n<ul>\n<li><strong>skri\u0148a dvojdverov\u00e1 FONTI F1<\/strong> (\u0161\/h\/v) 86,5 x 60,5 x 187,4 cm &#8211; mo\u017enos\u0165 dok\u00fapi\u0165 nohy k n\u00e1bytku na pr\u00edplatok 39 eur<\/li>\n<li><strong>vitr\u00edna FONTI F2<\/strong>\u00a0 (\u0161\/h\/v) 50 x 40,6 x 187,4 cm &#8211; mo\u017enos\u0165 dok\u00fapi\u0165 nohy k n\u00e1bytku na pr\u00edplatok 35 eur<\/li>\n<li><strong>komoda FONTI F3<\/strong> (\u0161\/h\/v) 158 x 40,6 x 90 cm &#8211; mo\u017enos\u0165 dok\u00fapi\u0165 nohy k n\u00e1bytku na pr\u00edplatok 37 eur<\/li>\n<li><strong>vitr\u00ednov\u00e1 komoda FONTI F4<\/strong> (\u0161\/h\/v) 158 x 40,6 x 90 cm &#8211; mo\u017enos\u0165 dok\u00fapi\u0165 nohy k n\u00e1bytku na pr\u00edplatok 37 eur<\/li>\n<li><strong>komoda FONTI F5<\/strong> (\u0161\/h\/v) 117,5 x 40,6 x 90 cm &#8211; mo\u017enos\u0165 dok\u00fapi\u0165 nohy k n\u00e1bytku na pr\u00edplatok 35 eur<\/li>\n<li><strong>RTV stol\u00edk FONTI F6<\/strong> (\u0161\/h\/v) 159 x 40,6 x 53 cm &#8211; mo\u017enos\u0165 dok\u00fapi\u0165 nohy k n\u00e1bytku na pr\u00edplatok 37 eur<\/li>\n<li><strong>RTV stol\u00edk FONTI F7<\/strong> (\u0161\/h\/v) 117,5 x 40,6 x 53 cm &#8211; mo\u017enos\u0165 dok\u00fapi\u0165 nohy k n\u00e1bytku na pr\u00edplatok 35 eur<\/li>\n<li><strong>konferen\u010dn\u00fd stol\u00edk FONTI F8<\/strong> (\u0161\/h\/v) 120 x 60 x 45,5 cm<\/li>\n<li><strong>poli\u010dka FONTI F9<\/strong> (\u0161\/h\/v) 120 x 18 x 32 cm<\/li>\n<li><strong>rozkl\u00e1dac\u00ed st\u00f4l FONTI F10<\/strong> (\u0161\/h\/v) 110-150 x 110 x 75 cm<\/li>\n<li><strong>\u0161atn\u00edkov\u00e1 skri\u0148a FONTI F11<\/strong> (\u0161\/h\/v) 199 x 60,2 x 216 cm<\/li>\n<li><strong>poste\u013e FONTI F12<\/strong> (\u0161\/h\/v) 167,3 x 209 x 100 cm<\/li>\n<li><strong>no\u010dn\u00fd stol\u00edk FONTI F13<\/strong> (\u0161\/h\/v) 47 x 40,6 x 53 cm &#8211; mo\u017enos\u0165 dok\u00fapi\u0165 nohy k n\u00e1bytku na pr\u00edplatok 35 eur<\/li>\n<li><strong>p\u00edsac\u00ed st\u00f4l FONTI F14<\/strong> (\u0161\/h\/v) 120 x 60 x 45,5 cm<\/li>\n<\/ul>\n","protected":false},"excerpt":{"rendered":"<p>Syst\u00e9m FONTI je kr\u00e1sny, modern\u00fd sektorov\u00fd ob\u00fdvac\u00ed syst\u00e9m, ktor\u00fd prinesie do va\u0161ej ob\u00fdvacej izby eleganciu a exkluzivitu. Je navrhnut\u00fd v s\u00falade s\u00a0najnov\u0161\u00edmi trendmi ako je prirodzen\u00e1 farba n\u00e1bytku, ktorou je karamelov\u00fd dub, doplnen\u00e1 s unik\u00e1tnou, \u010diernou \u00fapravou hr\u00e1n blokov + Matn\u00e9 \u010dierne rukov\u00e4te dod\u00e1vaj\u00fa kolekcii modern\u00fd vzh\u013ead. N\u00e1bytok je zdoben\u00fd \u010diernym vzorom rybej kosti na&#8230;<\/p>\n","protected":false},"featured_media":118502,"comment_status":"closed","ping_status":"closed","template":"","meta":{"_seopress_robots_primary_cat":"none","_seopress_titles_title":"","_seopress_titles_desc":"","_seopress_robots_index":""},"product_brand":[],"product_cat":[182,251],"product_tag":[],"class_list":{"0":"post-122940","1":"product","2":"type-product","3":"status-publish","4":"has-post-thumbnail","6":"product_cat-obyvacie-steny","7":"product_cat-steny","8":"pa_typ-produktu-komoda-fonti-f3","9":"pa_typ-produktu-komoda-fonti-f5","10":"pa_typ-produktu-konferencny-stolik-fonti-f8","11":"pa_typ-produktu-nocny-stolik-fonti-f13","12":"pa_typ-produktu-pisaci-stol-fonti-f14","13":"pa_typ-produktu-policka-fonti-f9","14":"pa_typ-produktu-postel-fonti-f12","15":"pa_typ-produktu-rozkladaci-stol-fonti-f10","16":"pa_typ-produktu-rtv-stolik-fonti-f6","17":"pa_typ-produktu-rtv-stolik-fonti-f7","18":"pa_typ-produktu-satnikova-skrina-fonti-f11","19":"pa_typ-produktu-skrina-dvojdverova-fonti-f1","20":"pa_typ-produktu-vitrina-fonti-f2","21":"pa_typ-produktu-vitrinova-komoda-fonti-f4","23":"first","24":"instock","25":"sale","26":"shipping-taxable","27":"purchasable","28":"product-type-simple"},"_links":{"self":[{"href":"https:\/\/nabytoklaguna.sk\/sk\/wp-json\/wp\/v2\/product\/122940","targetHints":{"allow":["GET"]}}],"collection":[{"href":"https:\/\/nabytoklaguna.sk\/sk\/wp-json\/wp\/v2\/product"}],"about":[{"href":"https:\/\/nabytoklaguna.sk\/sk\/wp-json\/wp\/v2\/types\/product"}],"replies":[{"embeddable":true,"href":"https:\/\/nabytoklaguna.sk\/sk\/wp-json\/wp\/v2\/comments?post=122940"}],"wp:featuredmedia":[{"embeddable":true,"href":"https:\/\/nabytoklaguna.sk\/sk\/wp-json\/wp\/v2\/media\/118502"}],"wp:attachment":[{"href":"https:\/\/nabytoklaguna.sk\/sk\/wp-json\/wp\/v2\/media?parent=122940"}],"wp:term":[{"taxonomy":"product_brand","embeddable":true,"href":"https:\/\/nabytoklaguna.sk\/sk\/wp-json\/wp\/v2\/product_brand?post=122940"},{"taxonomy":"product_cat","embeddable":true,"href":"https:\/\/nabytoklaguna.sk\/sk\/wp-json\/wp\/v2\/product_cat?post=122940"},{"taxonomy":"product_tag","embeddable":true,"href":"https:\/\/nabytoklaguna.sk\/sk\/wp-json\/wp\/v2\/product_tag?post=122940"}],"curies":[{"name":"wp","href":"https:\/\/api.w.org\/{rel}","templated":true}]}}

systém FONTI obývacia stena

<p><b>Systém FONTI</b> je krásny, moderný <strong>sektorový obývací systém</strong>, ktorý prinesie do vašej obývacej izby eleganciu a exkluzivitu. Je navrhnutý v súlade s <strong>najnovšími trendmi </strong>ako je p<span class="Y2IQFc" lang="sk">rirodzená farba nábytku, ktorou je<strong> karamelový dub, </strong>doplnená s unikátnou, čiernou úpravou hrán blokov + <strong>Matné čierne rukoväte</strong> dodávajú kolekcii moderný vzhľad. Nábytok je zdobený čiernym vzorom rybej kosti na predných stranách. Dekorácie sa tu stávajú <strong>elegantným pútavým detailom</strong>. Tvar nábytku ho predurčuje k <strong>mnohým aranžmánom</strong>. Tento nábytok má jasné, geometrické tvary a harmonické proporcie. </span>Kolekcia sa skladá z rôznorodých prvkov, vďaka čomu si môže umiestniť nábytok v premyslenej <strong>vlastnej kompozícii</strong>. Prvky kompletu vyplnia a dodávajú <strong>pôvab miestnosti</strong> a stvoria <strong>výnimočnú atmosféru</strong> v interiéri. Systém je charakterizovaný čelnými panelmi z MDF,<strong>ABS hrany, tiché zatváranie a možnosť vybrať si  za príplatok postavenie nábytku na krásnych kovových 12 cm čiernych nohách, ktoré uľahčia každé upratovanie. </strong>Možnosť dokúpiť <strong>LED osvetlenie.</strong></p>
<p><strong>Systém FONTI obývacia stena obsahuje:</strong></p>
<ul>
<li><strong>vitrína FONTI F2</strong>  (š/h/v) 50 x 40,6 x 187,4 cm &#8211; možnosť dokúpiť nohy k nábytku za príplatok 35 eur</li>
<li><strong>komoda FONTI F5</strong> (š/h/v) 117,5 x 40,6 x 90 cm &#8211; možnosť dokúpiť nohy k nábytku za príplatok 35 eur</li>
<li><strong>RTV stolík FONTI F6</strong> (š/h/v) 159 x 40,6 x 53 cm &#8211; možnosť dokúpiť nohy k nábytku za príplatok 37 eur</li>
</ul>
<p><strong>Možnosť objednať systém FONTI:</strong></p>
<ul>
<li><strong>skriňa dvojdverová FONTI F1</strong> (š/h/v) 86,5 x 60,5 x 187,4 cm &#8211; možnosť dokúpiť nohy k nábytku na príplatok 39 eur</li>
<li><strong>vitrína FONTI F2</strong>  (š/h/v) 50 x 40,6 x 187,4 cm &#8211; možnosť dokúpiť nohy k nábytku na príplatok 35 eur</li>
<li><strong>komoda FONTI F3</strong> (š/h/v) 158 x 40,6 x 90 cm &#8211; možnosť dokúpiť nohy k nábytku na príplatok 37 eur</li>
<li><strong>vitrínová komoda FONTI F4</strong> (š/h/v) 158 x 40,6 x 90 cm &#8211; možnosť dokúpiť nohy k nábytku na príplatok 37 eur</li>
<li><strong>komoda FONTI F5</strong> (š/h/v) 117,5 x 40,6 x 90 cm &#8211; možnosť dokúpiť nohy k nábytku na príplatok 35 eur</li>
<li><strong>RTV stolík FONTI F6</strong> (š/h/v) 159 x 40,6 x 53 cm &#8211; možnosť dokúpiť nohy k nábytku na príplatok 37 eur</li>
<li><strong>RTV stolík FONTI F7</strong> (š/h/v) 117,5 x 40,6 x 53 cm &#8211; možnosť dokúpiť nohy k nábytku na príplatok 35 eur</li>
<li><strong>konferenčný stolík FONTI F8</strong> (š/h/v) 120 x 60 x 45,5 cm</li>
<li><strong>polička FONTI F9</strong> (š/h/v) 120 x 18 x 32 cm</li>
<li><strong>rozkládací stôl FONTI F10</strong> (š/h/v) 110-150 x 110 x 75 cm</li>
<li><strong>šatníková skriňa FONTI F11</strong> (š/h/v) 199 x 60,2 x 216 cm</li>
<li><strong>posteľ FONTI F12</strong> (š/h/v) 167,3 x 209 x 100 cm</li>
<li><strong>nočný stolík FONTI F13</strong> (š/h/v) 47 x 40,6 x 53 cm &#8211; možnosť dokúpiť nohy k nábytku na príplatok 35 eur</li>
<li><strong>písací stôl FONTI F14</strong> (š/h/v) 120 x 60 x 45,5 cm</li>
</ul>

<p>Systém FONTI je krásny, moderný sektorový obývací systém, ktorý prinesie do vašej obývacej izby eleganciu a exkluzivitu. Je navrhnutý v súlade s najnovšími trendmi ako je prirodzená farba nábytku, ktorou je karamelový dub, doplnená s unikátnou, čiernou úpravou hrán blokov + Matné čierne rukoväte dodávajú kolekcii moderný vzhľad. Nábytok je zdobený čiernym vzorom rybej kosti na&#8230;</p>
