{"id":122955,"date":"2025-04-22T15:44:40","date_gmt":"2025-04-22T13:44:40","guid":{"rendered":"https:\/\/nabytoklaguna.sk\/sk\/?post_type=product&#038;p=122955"},"modified":"2025-04-22T15:57:59","modified_gmt":"2025-04-22T13:57:59","slug":"alzur-masiv-2","status":"publish","type":"product","link":"https:\/\/nabytoklaguna.sk\/sk\/produkt\/alzur-masiv-2\/","title":{"rendered":"ALZUR MAS\u00cdV"},"content":{"rendered":"<p><strong>Luxusn\u00fd elegantn\u00fd sektorov\u00fd<\/strong>\u00a0 n\u00e1bytok\u00a0<strong>ALZUR<\/strong>\u00a0je v\u010faka svojmu prec\u00edznemu spracovaniu vhodn\u00fd ako do modern\u00e9ho tak i do tradi\u010dn\u00e9ho interi\u00e9ru. Predn\u00e1 \u010das\u0165 n\u00e1bytku je vyroben\u00e1 z\u00a0<strong>mas\u00edvneho dreva<\/strong>, zadn\u00e1 \u010das\u0165 z dubovej d\u00fdhy, vn\u00fatorn\u00e1 \u010das\u0165 je vyroben\u00e1 z f\u00f3liovan\u00e9ho lamin\u00e1tu, povrch je upraven\u00fd ekologick\u00fdm olejom, \u010do zabezpe\u010duje zdravotn\u00fa nez\u00e1vadnos\u0165 n\u00e1bytku. Sektor sa vyr\u00e1ba v\u00a0<strong>farebnom preveden\u00ed dub karamelov\u00fd.<\/strong>\u00a0 Pou\u017eitie pr\u00edrodn\u00fdch\u00a0 materi\u00e1lov zaru\u010duje kvalitu a odolnos\u0165 n\u00e1bytku. P\u00e1nty a guli\u010dkov\u00e9\u00a0 vedenie v\u00a0 \u0161ufl\u00edkoch\u00a0 je vybaven\u00e9\u00a0<strong>syst\u00e9mom pomal\u00e9ho zatv\u00e1rania<\/strong>. Sklo v hr\u00fabke\u00a0 4 a 8 mm je\u00a0<strong>\u010d\u00edre a tvrden\u00e9<\/strong>.\u00a0 Led osvetlenie je v cene. Sektor je doplnen\u00fd<strong>\u00a0kovov\u00fdmi \u00fachytkami<\/strong>\u00a0v \u010diernej farbe. Nohy s\u00fa z mas\u00edveneho dreva v \u010diernej farbe. V\u010faka n\u00e1bytku\u00a0<b>ALZUR<\/b>\u00a0si jednoducho a r\u00fdchlo zariadite ob\u00fdvaciu izbu \u010di jed\u00e1le\u0148. Pam\u00e4tajte, \u017ee<strong>\u00a0mas\u00edvny a elegantn\u00fd n\u00e1bytok<\/strong>\u00a0je invest\u00edciou na roky.<\/p>\n<p><strong>Ob\u00fdvacia stena pozost\u00e1va z komponentov:\u00a0<\/strong><\/p>\n<ul>\n<li>Vitr\u00edna \u013eav\u00e1\u00a0 ALZUR 10 (\u0160xHxV)\u2026.\u2026..60x42x195cm<\/li>\n<li>Vitr\u00edna\u00a0 ALZUR 15 (\u0160xHxV)\u2026\u2026\u2026\u2026\u2026\u202695x42x125cm<\/li>\n<li>Rtv stol\u00edk ALZUR 25 (\u0160xHxV)\u2026\u2026\u2026 \u2026180x42x55cm<\/li>\n<\/ul>\n<p><strong>Z jednotliv\u00fdch komponentov si m\u00f4\u017eete vysklada\u0165 ob\u00fdvaciu stenu pod\u013ea Va\u0161ich predst\u00e1v:<\/strong><\/p>\n<ul>\n<li>Vitr\u00edna \u013eav\u00e1\u00a0 ALZUR 10 (\u0160xHxV)\u2026.\u2026..60x42x195cm<\/li>\n<li>Vitr\u00edna prav\u00e1\u00a0 ALZUR 11 (\u0160xHxV)\u2026\u2026.60x42x195cm<\/li>\n<li>Vitr\u00edna\u00a0 ALZUR 12 (\u0160xHxV)\u2026\u2026\u2026\u2026.\u2026..95x42x195cm<\/li>\n<li>Vitr\u00edna\u00a0 ALZUR 15 (\u0160xHxV)\u2026\u2026\u2026\u2026\u2026\u202695x42x125cm<\/li>\n<li>Rtv stol\u00edk ALZUR 25 (\u0160xHxV)\u2026\u2026\u2026 \u2026180x42x55cm<\/li>\n<li>Komoda ALZUR 45 (\u0160xHxV)\u2026\u2026\u2026.\u2026..136x42x90cm<\/li>\n<li>Komoda ALZUR 47 (\u0160xHxV)\u2026\u2026\u2026.\u2026..180x42x90cm<\/li>\n<li>Konferen. stol\u00edk ALZUR 41 (\u0160xHxV).120x62x49cm<\/li>\n<\/ul>\n","protected":false},"excerpt":{"rendered":"<p>Luxusn\u00fd elegantn\u00fd sektorov\u00fd\u00a0 n\u00e1bytok\u00a0ALZUR\u00a0je v\u010faka svojmu prec\u00edznemu spracovaniu vhodn\u00fd ako do modern\u00e9ho tak i do tradi\u010dn\u00e9ho interi\u00e9ru. Predn\u00e1 \u010das\u0165 n\u00e1bytku je vyroben\u00e1 z\u00a0mas\u00edvneho dreva, zadn\u00e1 \u010das\u0165 z dubovej d\u00fdhy, vn\u00fatorn\u00e1 \u010das\u0165 je vyroben\u00e1 z f\u00f3liovan\u00e9ho lamin\u00e1tu, povrch je upraven\u00fd ekologick\u00fdm olejom, \u010do zabezpe\u010duje zdravotn\u00fa nez\u00e1vadnos\u0165 n\u00e1bytku. Sektor sa vyr\u00e1ba v\u00a0farebnom preveden\u00ed dub karamelov\u00fd.\u00a0 Pou\u017eitie pr\u00edrodn\u00fdch\u00a0&#8230;<\/p>\n","protected":false},"featured_media":122472,"comment_status":"closed","ping_status":"closed","template":"","meta":{"_seopress_robots_primary_cat":"none","_seopress_titles_title":"","_seopress_titles_desc":"","_seopress_robots_index":""},"product_brand":[],"product_cat":[7513,182,251],"product_tag":[],"class_list":{"0":"post-122955","1":"product","2":"type-product","3":"status-publish","4":"has-post-thumbnail","6":"product_cat-obyvacie-steny-masiv","7":"product_cat-obyvacie-steny","8":"product_cat-steny","10":"first","11":"instock","12":"shipping-taxable","13":"purchasable","14":"product-type-simple"},"_links":{"self":[{"href":"https:\/\/nabytoklaguna.sk\/sk\/wp-json\/wp\/v2\/product\/122955","targetHints":{"allow":["GET"]}}],"collection":[{"href":"https:\/\/nabytoklaguna.sk\/sk\/wp-json\/wp\/v2\/product"}],"about":[{"href":"https:\/\/nabytoklaguna.sk\/sk\/wp-json\/wp\/v2\/types\/product"}],"replies":[{"embeddable":true,"href":"https:\/\/nabytoklaguna.sk\/sk\/wp-json\/wp\/v2\/comments?post=122955"}],"wp:featuredmedia":[{"embeddable":true,"href":"https:\/\/nabytoklaguna.sk\/sk\/wp-json\/wp\/v2\/media\/122472"}],"wp:attachment":[{"href":"https:\/\/nabytoklaguna.sk\/sk\/wp-json\/wp\/v2\/media?parent=122955"}],"wp:term":[{"taxonomy":"product_brand","embeddable":true,"href":"https:\/\/nabytoklaguna.sk\/sk\/wp-json\/wp\/v2\/product_brand?post=122955"},{"taxonomy":"product_cat","embeddable":true,"href":"https:\/\/nabytoklaguna.sk\/sk\/wp-json\/wp\/v2\/product_cat?post=122955"},{"taxonomy":"product_tag","embeddable":true,"href":"https:\/\/nabytoklaguna.sk\/sk\/wp-json\/wp\/v2\/product_tag?post=122955"}],"curies":[{"name":"wp","href":"https:\/\/api.w.org\/{rel}","templated":true}]}}

ALZUR MASÍV

<p><strong>Luxusný elegantný sektorový</strong>  nábytok <strong>ALZUR</strong> je vďaka svojmu precíznemu spracovaniu vhodný ako do moderného tak i do tradičného interiéru. Predná časť nábytku je vyrobená z <strong>masívneho dreva</strong>, zadná časť z dubovej dýhy, vnútorná časť je vyrobená z fóliovaného laminátu, povrch je upravený ekologickým olejom, čo zabezpečuje zdravotnú nezávadnosť nábytku. Sektor sa vyrába v <strong>farebnom prevedení dub karamelový.</strong>  Použitie prírodných  materiálov zaručuje kvalitu a odolnosť nábytku. Pánty a guličkové  vedenie v  šuflíkoch  je vybavené <strong>systémom pomalého zatvárania</strong>. Sklo v hrúbke  4 a 8 mm je <strong>číre a tvrdené</strong>.  Led osvetlenie je v cene. Sektor je doplnený<strong> kovovými úchytkami</strong> v čiernej farbe. Nohy sú z masíveneho dreva v čiernej farbe. Vďaka nábytku <b>ALZUR</b> si jednoducho a rýchlo zariadite obývaciu izbu či jedáleň. Pamätajte, že<strong> masívny a elegantný nábytok</strong> je investíciou na roky.</p>
<p><strong>Obývacia stena pozostáva z komponentov: </strong></p>
<ul>
<li>Vitrína ľavá  ALZUR 10 (ŠxHxV)….…..60x42x195cm</li>
<li>Vitrína  ALZUR 15 (ŠxHxV)………………95x42x125cm</li>
<li>Rtv stolík ALZUR 25 (ŠxHxV)……… …180x42x55cm</li>
</ul>
<p><strong>Z jednotlivých komponentov si môžete vyskladať obývaciu stenu podľa Vašich predstáv:</strong></p>
<ul>
<li>Vitrína ľavá  ALZUR 10 (ŠxHxV)….…..60x42x195cm</li>
<li>Vitrína pravá  ALZUR 11 (ŠxHxV)…….60x42x195cm</li>
<li>Vitrína  ALZUR 12 (ŠxHxV)………….…..95x42x195cm</li>
<li>Vitrína  ALZUR 15 (ŠxHxV)………………95x42x125cm</li>
<li>Rtv stolík ALZUR 25 (ŠxHxV)……… …180x42x55cm</li>
<li>Komoda ALZUR 45 (ŠxHxV)……….…..136x42x90cm</li>
<li>Komoda ALZUR 47 (ŠxHxV)……….…..180x42x90cm</li>
<li>Konferen. stolík ALZUR 41 (ŠxHxV).120x62x49cm</li>
</ul>

<p>Luxusný elegantný sektorový  nábytok ALZUR je vďaka svojmu precíznemu spracovaniu vhodný ako do moderného tak i do tradičného interiéru. Predná časť nábytku je vyrobená z masívneho dreva, zadná časť z dubovej dýhy, vnútorná časť je vyrobená z fóliovaného laminátu, povrch je upravený ekologickým olejom, čo zabezpečuje zdravotnú nezávadnosť nábytku. Sektor sa vyrába v farebnom prevedení dub karamelový.  Použitie prírodných &#8230;</p>
