{"id":122984,"date":"2025-04-23T15:59:05","date_gmt":"2025-04-23T13:59:05","guid":{"rendered":"https:\/\/nabytoklaguna.sk\/sk\/?post_type=product&#038;p=122984"},"modified":"2025-04-25T16:15:12","modified_gmt":"2025-04-25T14:15:12","slug":"calma-150-skrina","status":"publish","type":"product","link":"https:\/\/nabytoklaguna.sk\/sk\/produkt\/calma-150-skrina\/","title":{"rendered":"Calma 150 skri\u0148a"},"content":{"rendered":"<p>\u0160atn\u00edkov\u00e1 skri\u0148a <strong>Calma 150<\/strong> je ide\u00e1lnym rie\u0161en\u00edm do sp\u00e1lne, predsiene alebo \u0161atne. V\u010faka <strong>posuvn\u00fdm dver\u00e1m<\/strong> zais\u0165uje pohodln\u00e9 pou\u017e\u00edvanie aj v men\u0161\u00edch miestnostiach. N\u00e1bytok je vyroben\u00fd\u00a0<strong>z kvalitnej laminovanej dosky o hr\u00fabke 16 mm,<\/strong> odolnej vo\u010di po\u0161kriabaniu, vlhkosti a UV \u017eiareniu, \u010do zaru\u010duje odolnos\u0165 a estetiku na dlh\u00e9 roky pou\u017e\u00edvania. Jeho modern\u00e1 estetika znamen\u00e1, \u017ee sa harmonicky hod\u00ed do minimalistick\u00fdch aj klasickej\u0161\u00edch interi\u00e9rov.<\/p>\n<p>Rozmer\/\u0160xHxV\/:150x58x200 cm<\/p>\n<p><strong>Parametre v\u00fdrobku<\/strong><\/p>\n<table border=\"0\" cellspacing=\"5\" cellpadding=\"1\">\n<tbody>\n<tr>\n<td><strong>Typ v\u00fdrobku<\/strong><\/td>\n<td>Skri\u0148a<\/td>\n<\/tr>\n<tr>\n<td><strong>Materi\u00e1l<\/strong><\/td>\n<td>DTD laminovan\u00e1<\/td>\n<\/tr>\n<tr>\n<td><strong>Rozmery \u0161\/h\/v<br \/>\n<\/strong><\/td>\n<td>150x58x200 cm<\/td>\n<\/tr>\n<tr>\n<td><strong>Balenie<\/strong><\/td>\n<td>demont<\/td>\n<\/tr>\n<tr>\n<td><strong>Z\u00e1ruka<\/strong><\/td>\n<td>2 roky<\/td>\n<\/tr>\n<\/tbody>\n<\/table>\n","protected":false},"excerpt":{"rendered":"<p>\u0160atn\u00edkov\u00e1 skri\u0148a Calma 150 je ide\u00e1lnym rie\u0161en\u00edm do sp\u00e1lne, predsiene alebo \u0161atne. V\u010faka posuvn\u00fdm dver\u00e1m zais\u0165uje pohodln\u00e9 pou\u017e\u00edvanie aj v men\u0161\u00edch miestnostiach. N\u00e1bytok je vyroben\u00fd\u00a0z kvalitnej laminovanej dosky o hr\u00fabke 16 mm, odolnej vo\u010di po\u0161kriabaniu, vlhkosti a UV \u017eiareniu, \u010do zaru\u010duje odolnos\u0165 a estetiku na dlh\u00e9 roky pou\u017e\u00edvania. Jeho modern\u00e1 estetika znamen\u00e1, \u017ee sa harmonicky&#8230;<\/p>\n","protected":false},"featured_media":122987,"comment_status":"closed","ping_status":"closed","template":"","meta":{"_seopress_robots_primary_cat":"none","_seopress_titles_title":"","_seopress_titles_desc":"","_seopress_robots_index":""},"product_brand":[],"product_cat":[1585,225],"product_tag":[],"class_list":{"0":"post-122984","1":"product","2":"type-product","3":"status-publish","4":"has-post-thumbnail","6":"product_cat-s-posuvnymi-dverami","7":"product_cat-skrine","9":"first","10":"instock","11":"shipping-taxable","12":"purchasable","13":"product-type-variable"},"_links":{"self":[{"href":"https:\/\/nabytoklaguna.sk\/sk\/wp-json\/wp\/v2\/product\/122984","targetHints":{"allow":["GET"]}}],"collection":[{"href":"https:\/\/nabytoklaguna.sk\/sk\/wp-json\/wp\/v2\/product"}],"about":[{"href":"https:\/\/nabytoklaguna.sk\/sk\/wp-json\/wp\/v2\/types\/product"}],"replies":[{"embeddable":true,"href":"https:\/\/nabytoklaguna.sk\/sk\/wp-json\/wp\/v2\/comments?post=122984"}],"wp:featuredmedia":[{"embeddable":true,"href":"https:\/\/nabytoklaguna.sk\/sk\/wp-json\/wp\/v2\/media\/122987"}],"wp:attachment":[{"href":"https:\/\/nabytoklaguna.sk\/sk\/wp-json\/wp\/v2\/media?parent=122984"}],"wp:term":[{"taxonomy":"product_brand","embeddable":true,"href":"https:\/\/nabytoklaguna.sk\/sk\/wp-json\/wp\/v2\/product_brand?post=122984"},{"taxonomy":"product_cat","embeddable":true,"href":"https:\/\/nabytoklaguna.sk\/sk\/wp-json\/wp\/v2\/product_cat?post=122984"},{"taxonomy":"product_tag","embeddable":true,"href":"https:\/\/nabytoklaguna.sk\/sk\/wp-json\/wp\/v2\/product_tag?post=122984"}],"curies":[{"name":"wp","href":"https:\/\/api.w.org\/{rel}","templated":true}]}}

Calma 150 skriňa

<p>Šatníková skriňa <strong>Calma 150</strong> je ideálnym riešením do spálne, predsiene alebo šatne. Vďaka <strong>posuvným dverám</strong> zaisťuje pohodlné používanie aj v menších miestnostiach. Nábytok je vyrobený <strong>z kvalitnej laminovanej dosky o hrúbke 16 mm,</strong> odolnej voči poškriabaniu, vlhkosti a UV žiareniu, čo zaručuje odolnosť a estetiku na dlhé roky používania. Jeho moderná estetika znamená, že sa harmonicky hodí do minimalistických aj klasickejších interiérov.</p>
<p>Rozmer/ŠxHxV/:150x58x200 cm</p>
<p><strong>Parametre výrobku</strong></p>
<table border="0" cellspacing="5" cellpadding="1">
<tbody>
<tr>
<td><strong>Typ výrobku</strong></td>
<td>Skriňa</td>
</tr>
<tr>
<td><strong>Materiál</strong></td>
<td>DTD laminovaná</td>
</tr>
<tr>
<td><strong>Rozmery š/h/v<br />
</strong></td>
<td>150x58x200 cm</td>
</tr>
<tr>
<td><strong>Balenie</strong></td>
<td>demont</td>
</tr>
<tr>
<td><strong>Záruka</strong></td>
<td>2 roky</td>
</tr>
</tbody>
</table>

<p>Šatníková skriňa Calma 150 je ideálnym riešením do spálne, predsiene alebo šatne. Vďaka posuvným dverám zaisťuje pohodlné používanie aj v menších miestnostiach. Nábytok je vyrobený z kvalitnej laminovanej dosky o hrúbke 16 mm, odolnej voči poškriabaniu, vlhkosti a UV žiareniu, čo zaručuje odolnosť a estetiku na dlhé roky používania. Jeho moderná estetika znamená, že sa harmonicky&#8230;</p>
