{"id":123285,"date":"2025-05-02T14:27:39","date_gmt":"2025-05-02T12:27:39","guid":{"rendered":"https:\/\/nabytoklaguna.sk\/sk\/?post_type=product&#038;p=123285"},"modified":"2025-05-05T14:40:46","modified_gmt":"2025-05-05T12:40:46","slug":"nerti-ii-obyvacia-stena","status":"publish","type":"product","link":"https:\/\/nabytoklaguna.sk\/sk\/produkt\/nerti-ii-obyvacia-stena\/","title":{"rendered":"NERTI II ob\u00fdvacia stena"},"content":{"rendered":"<p>Modern\u00e1\u00a0<strong>ob\u00fdvacia stena Nerti II<\/strong>\u00a0sa ur\u010dite stane neprehliadnute\u013en\u00fdm k\u00faskom Va\u0161ej ob\u00fdva\u010dky. S\u00fa\u010das\u0165ou ob\u00fdvacej steny je panel, ktor\u00fd je tvoren\u00fd v dne\u0161nej dobe ob\u013e\u00faben\u00fdmi\u00a0<strong>lamelami.<\/strong>\u00a0S\u00fa\u010das\u0165ou steny je dlh\u00e1\u00a0<strong>3-dverov\u00e1 RTV skrinka<\/strong>.<\/p>\n<p><strong>Materi\u00e1l<\/strong>: DTD laminovan\u00e1<\/p>\n<p><strong>Farebn\u00e9 prevedenie:<\/strong><\/p>\n<ul>\n<li>dub artisan + \u010dierna + lamely \u010dierne<\/li>\n<\/ul>\n<p><strong>Rozmery:<\/strong><\/p>\n<ul>\n<li>\u0161\u00edrka \/ h\u013abka \/ v\u00fd\u0161ka (cm): 180\/35\/148<\/li>\n<\/ul>\n","protected":false},"excerpt":{"rendered":"<p>Modern\u00e1\u00a0ob\u00fdvacia stena Nerti II\u00a0sa ur\u010dite stane neprehliadnute\u013en\u00fdm k\u00faskom Va\u0161ej ob\u00fdva\u010dky. S\u00fa\u010das\u0165ou ob\u00fdvacej steny je panel, ktor\u00fd je tvoren\u00fd v dne\u0161nej dobe ob\u013e\u00faben\u00fdmi\u00a0lamelami.\u00a0S\u00fa\u010das\u0165ou steny je dlh\u00e1\u00a03-dverov\u00e1 RTV skrinka. Materi\u00e1l: DTD laminovan\u00e1 Farebn\u00e9 prevedenie: dub artisan + \u010dierna + lamely \u010dierne Rozmery: \u0161\u00edrka \/ h\u013abka \/ v\u00fd\u0161ka (cm): 180\/35\/148<\/p>\n","protected":false},"featured_media":123289,"comment_status":"closed","ping_status":"closed","template":"","meta":{"_seopress_robots_primary_cat":"none","_seopress_titles_title":"","_seopress_titles_desc":"","_seopress_robots_index":""},"product_brand":[],"product_cat":[182,251],"product_tag":[],"class_list":{"0":"post-123285","1":"product","2":"type-product","3":"status-publish","4":"has-post-thumbnail","6":"product_cat-obyvacie-steny","7":"product_cat-steny","9":"first","10":"onbackorder","11":"shipping-taxable","12":"purchasable","13":"product-type-simple"},"_links":{"self":[{"href":"https:\/\/nabytoklaguna.sk\/sk\/wp-json\/wp\/v2\/product\/123285","targetHints":{"allow":["GET"]}}],"collection":[{"href":"https:\/\/nabytoklaguna.sk\/sk\/wp-json\/wp\/v2\/product"}],"about":[{"href":"https:\/\/nabytoklaguna.sk\/sk\/wp-json\/wp\/v2\/types\/product"}],"replies":[{"embeddable":true,"href":"https:\/\/nabytoklaguna.sk\/sk\/wp-json\/wp\/v2\/comments?post=123285"}],"wp:featuredmedia":[{"embeddable":true,"href":"https:\/\/nabytoklaguna.sk\/sk\/wp-json\/wp\/v2\/media\/123289"}],"wp:attachment":[{"href":"https:\/\/nabytoklaguna.sk\/sk\/wp-json\/wp\/v2\/media?parent=123285"}],"wp:term":[{"taxonomy":"product_brand","embeddable":true,"href":"https:\/\/nabytoklaguna.sk\/sk\/wp-json\/wp\/v2\/product_brand?post=123285"},{"taxonomy":"product_cat","embeddable":true,"href":"https:\/\/nabytoklaguna.sk\/sk\/wp-json\/wp\/v2\/product_cat?post=123285"},{"taxonomy":"product_tag","embeddable":true,"href":"https:\/\/nabytoklaguna.sk\/sk\/wp-json\/wp\/v2\/product_tag?post=123285"}],"curies":[{"name":"wp","href":"https:\/\/api.w.org\/{rel}","templated":true}]}}

NERTI II obývacia stena

<p>Moderná <strong>obývacia stena Nerti II</strong> sa určite stane neprehliadnuteľným kúskom Vašej obývačky. Súčasťou obývacej steny je panel, ktorý je tvorený v dnešnej dobe obľúbenými <strong>lamelami.</strong> Súčasťou steny je dlhá <strong>3-dverová RTV skrinka</strong>.</p>
<p><strong>Materiál</strong>: DTD laminovaná</p>
<p><strong>Farebné prevedenie:</strong></p>
<ul>
<li>dub artisan + čierna + lamely čierne</li>
</ul>
<p><strong>Rozmery:</strong></p>
<ul>
<li>šírka / hĺbka / výška (cm): 180/35/148</li>
</ul>

<p>Moderná obývacia stena Nerti II sa určite stane neprehliadnuteľným kúskom Vašej obývačky. Súčasťou obývacej steny je panel, ktorý je tvorený v dnešnej dobe obľúbenými lamelami. Súčasťou steny je dlhá 3-dverová RTV skrinka. Materiál: DTD laminovaná Farebné prevedenie: dub artisan + čierna + lamely čierne Rozmery: šírka / hĺbka / výška (cm): 180/35/148</p>
