{"id":123531,"date":"2025-05-29T16:11:44","date_gmt":"2025-05-29T14:11:44","guid":{"rendered":"https:\/\/nabytoklaguna.sk\/sk\/?post_type=product&#038;p=123531"},"modified":"2025-06-02T12:16:33","modified_gmt":"2025-06-02T10:16:33","slug":"neri-lii","status":"publish","type":"product","link":"https:\/\/nabytoklaguna.sk\/sk\/produkt\/neri-lii\/","title":{"rendered":"NERI LII"},"content":{"rendered":"<p>Modern\u00e1\u00a0<strong>ob\u00fdvacia stena NERI L<\/strong><strong>II<\/strong>\u00a0sa ur\u010dite stane neprehliadnute\u013en\u00fdm k\u00faskom Va\u0161ej ob\u00fdva\u010dky. S\u00fa\u010das\u0165ou ob\u00fdvacej steny je panel, ktor\u00fd je tvoren\u00fd v dne\u0161nej dobe ob\u013e\u00faben\u00fdmi\u00a0<strong>lamelami.<\/strong> S\u00fa\u010das\u0165ou steny je dlh\u00e1 <strong>2-dverov\u00e1 RTV skrinka<\/strong>. Ide o kus n\u00e1bytku, ktor\u00fd vn\u00e1\u0161a do interi\u00e9ru harm\u00f3niu a \u0161t\u00fdl a z\u00e1rove\u0148 pon\u00faka komfort pre ka\u017edodenn\u00e9 pou\u017e\u00edvanie<\/p>\n<p><strong>Materi\u00e1l<\/strong>: DTD laminovan\u00e1<\/p>\n<p><strong>Farebn\u00e9 prevedenie:<\/strong><\/p>\n<ul>\n<li>Perla grey + dub artisan\u00a0 + lamely \u010dierne<\/li>\n<\/ul>\n<p><strong>Rozmery:<\/strong><\/p>\n<ul>\n<li>\u0161\u00edrka \/ h\u013abka \/ v\u00fd\u0161ka (cm): 160\/35\/148<\/li>\n<\/ul>\n<p>Dod\u00e1van\u00e9 v demonte.<\/p>\n","protected":false},"excerpt":{"rendered":"<p>Modern\u00e1\u00a0ob\u00fdvacia stena NERI LII\u00a0sa ur\u010dite stane neprehliadnute\u013en\u00fdm k\u00faskom Va\u0161ej ob\u00fdva\u010dky. S\u00fa\u010das\u0165ou ob\u00fdvacej steny je panel, ktor\u00fd je tvoren\u00fd v dne\u0161nej dobe ob\u013e\u00faben\u00fdmi\u00a0lamelami. S\u00fa\u010das\u0165ou steny je dlh\u00e1 2-dverov\u00e1 RTV skrinka. Ide o kus n\u00e1bytku, ktor\u00fd vn\u00e1\u0161a do interi\u00e9ru harm\u00f3niu a \u0161t\u00fdl a z\u00e1rove\u0148 pon\u00faka komfort pre ka\u017edodenn\u00e9 pou\u017e\u00edvanie Materi\u00e1l: DTD laminovan\u00e1 Farebn\u00e9 prevedenie: Perla grey +&#8230;<\/p>\n","protected":false},"featured_media":123532,"comment_status":"closed","ping_status":"closed","template":"","meta":{"_seopress_robots_primary_cat":"none","_seopress_titles_title":"","_seopress_titles_desc":"","_seopress_robots_index":""},"product_brand":[],"product_cat":[182,251],"product_tag":[],"class_list":{"0":"post-123531","1":"product","2":"type-product","3":"status-publish","4":"has-post-thumbnail","6":"product_cat-obyvacie-steny","7":"product_cat-steny","9":"first","10":"instock","11":"shipping-taxable","12":"purchasable","13":"product-type-simple"},"_links":{"self":[{"href":"https:\/\/nabytoklaguna.sk\/sk\/wp-json\/wp\/v2\/product\/123531","targetHints":{"allow":["GET"]}}],"collection":[{"href":"https:\/\/nabytoklaguna.sk\/sk\/wp-json\/wp\/v2\/product"}],"about":[{"href":"https:\/\/nabytoklaguna.sk\/sk\/wp-json\/wp\/v2\/types\/product"}],"replies":[{"embeddable":true,"href":"https:\/\/nabytoklaguna.sk\/sk\/wp-json\/wp\/v2\/comments?post=123531"}],"wp:featuredmedia":[{"embeddable":true,"href":"https:\/\/nabytoklaguna.sk\/sk\/wp-json\/wp\/v2\/media\/123532"}],"wp:attachment":[{"href":"https:\/\/nabytoklaguna.sk\/sk\/wp-json\/wp\/v2\/media?parent=123531"}],"wp:term":[{"taxonomy":"product_brand","embeddable":true,"href":"https:\/\/nabytoklaguna.sk\/sk\/wp-json\/wp\/v2\/product_brand?post=123531"},{"taxonomy":"product_cat","embeddable":true,"href":"https:\/\/nabytoklaguna.sk\/sk\/wp-json\/wp\/v2\/product_cat?post=123531"},{"taxonomy":"product_tag","embeddable":true,"href":"https:\/\/nabytoklaguna.sk\/sk\/wp-json\/wp\/v2\/product_tag?post=123531"}],"curies":[{"name":"wp","href":"https:\/\/api.w.org\/{rel}","templated":true}]}}

<p>Moderná <strong>obývacia stena NERI L</strong><strong>II</strong> sa určite stane neprehliadnuteľným kúskom Vašej obývačky. Súčasťou obývacej steny je panel, ktorý je tvorený v dnešnej dobe obľúbenými <strong>lamelami.</strong> Súčasťou steny je dlhá <strong>2-dverová RTV skrinka</strong>. Ide o kus nábytku, ktorý vnáša do interiéru harmóniu a štýl a zároveň ponúka komfort pre každodenné používanie</p>
<p><strong>Materiál</strong>: DTD laminovaná</p>
<p><strong>Farebné prevedenie:</strong></p>
<ul>
<li>Perla grey + dub artisan  + lamely čierne</li>
</ul>
<p><strong>Rozmery:</strong></p>
<ul>
<li>šírka / hĺbka / výška (cm): 160/35/148</li>
</ul>
<p>Dodávané v demonte.</p>

<p>Moderná obývacia stena NERI LII sa určite stane neprehliadnuteľným kúskom Vašej obývačky. Súčasťou obývacej steny je panel, ktorý je tvorený v dnešnej dobe obľúbenými lamelami. Súčasťou steny je dlhá 2-dverová RTV skrinka. Ide o kus nábytku, ktorý vnáša do interiéru harmóniu a štýl a zároveň ponúka komfort pre každodenné používanie Materiál: DTD laminovaná Farebné prevedenie: Perla grey +&#8230;</p>
