{"id":123560,"date":"2025-05-30T12:28:03","date_gmt":"2025-05-30T10:28:03","guid":{"rendered":"https:\/\/nabytoklaguna.sk\/sk\/?post_type=product&#038;p=123560"},"modified":"2025-06-02T12:08:22","modified_gmt":"2025-06-02T10:08:22","slug":"nero-i","status":"publish","type":"product","link":"https:\/\/nabytoklaguna.sk\/sk\/produkt\/nero-i\/","title":{"rendered":"NERO I"},"content":{"rendered":"<p><strong>Ob\u00fdvacia stena\u00a0 NERO I<\/strong>\u00a0vyhotoven\u00e1 v modernej kombin\u00e1cii\u00a0 <strong>ka\u0161m\u00edru<\/strong>\u00a0 a \u010diernych p\u00e1sov vytvor\u00ed z va\u0161ej ob\u00fdvacej izby \u0161t\u00fdlovo zariaden\u00fd priestor na relax\u00e1ciu aj stret\u00e1vanie s rodinou \u010di priate\u013emi. Z\u00e1kladn\u00fdm prvkom zostavy je priestrann\u00fd\u00a0<strong>TV stol\u00edk<\/strong> vybaven\u00fd uzatv\u00e1rate\u013en\u00fdm<strong>i 2<\/strong> <strong>v\u00fdklopn\u00fdmi dverami<\/strong> a tie\u017e<strong>\u00a0otvoren\u00fdmi odkladac\u00edmi priestormi<\/strong>, ktor\u00e9 s\u00fa ide\u00e1lne na ulo\u017eenie multimedi\u00e1lnych zariaden\u00ed. Na stol\u00edk plynule nadv\u00e4zuje\u00a0<strong>n\u00e1stenn\u00e1 vitr\u00edna<\/strong> v atrakt\u00edvnom vyhotoven\u00ed. Po\u010das mont\u00e1\u017ee si navy\u0161e m\u00f4\u017eete sami zvoli\u0165 \u010di vitr\u00ednu umiestnite na stenu alebo ju jednoducho polo\u017e\u00edte na zem. Jednotliv\u00e9 prvky s\u00fa vyroben\u00e9 z kvalitnej\u00a0 laminovanej DTD s povrchom <strong>nen\u00e1ro\u010dn\u00fdm na \u00fadr\u017ebu<\/strong>.\u00a0 Ide o kus n\u00e1bytku, ktor\u00fd vn\u00e1\u0161a do interi\u00e9ru harm\u00f3niu a \u0161t\u00fdl a z\u00e1rove\u0148 pon\u00faka komfort pre ka\u017edodenn\u00e9 pou\u017e\u00edvanie.<\/p>\n<p><strong>Farebn\u00e9 prevedenie:<\/strong><\/p>\n<ul>\n<li>ka\u0161m\u00edr\u00a0 + pruhy \u010dierne<\/li>\n<\/ul>\n<p><strong>Rozmery:<\/strong><\/p>\n<ul>\n<li>\u0161\u00edrka \/ h\u013abka \/ v\u00fd\u0161ka (cm): 180\/45\/180<\/li>\n<\/ul>\n<p>Dod\u00e1van\u00e9 v demonte.<\/p>\n","protected":false},"excerpt":{"rendered":"<p>Ob\u00fdvacia stena\u00a0 NERO I\u00a0vyhotoven\u00e1 v modernej kombin\u00e1cii\u00a0 ka\u0161m\u00edru\u00a0 a \u010diernych p\u00e1sov vytvor\u00ed z va\u0161ej ob\u00fdvacej izby \u0161t\u00fdlovo zariaden\u00fd priestor na relax\u00e1ciu aj stret\u00e1vanie s rodinou \u010di priate\u013emi. Z\u00e1kladn\u00fdm prvkom zostavy je priestrann\u00fd\u00a0TV stol\u00edk vybaven\u00fd uzatv\u00e1rate\u013en\u00fdmi 2 v\u00fdklopn\u00fdmi dverami a tie\u017e\u00a0otvoren\u00fdmi odkladac\u00edmi priestormi, ktor\u00e9 s\u00fa ide\u00e1lne na ulo\u017eenie multimedi\u00e1lnych zariaden\u00ed. Na stol\u00edk plynule nadv\u00e4zuje\u00a0n\u00e1stenn\u00e1 vitr\u00edna v&#8230;<\/p>\n","protected":false},"featured_media":123564,"comment_status":"closed","ping_status":"closed","template":"","meta":{"_seopress_robots_primary_cat":"none","_seopress_titles_title":"","_seopress_titles_desc":"","_seopress_robots_index":""},"product_brand":[],"product_cat":[182,251],"product_tag":[],"class_list":{"0":"post-123560","1":"product","2":"type-product","3":"status-publish","4":"has-post-thumbnail","6":"product_cat-obyvacie-steny","7":"product_cat-steny","9":"first","10":"instock","11":"shipping-taxable","12":"purchasable","13":"product-type-simple"},"_links":{"self":[{"href":"https:\/\/nabytoklaguna.sk\/sk\/wp-json\/wp\/v2\/product\/123560","targetHints":{"allow":["GET"]}}],"collection":[{"href":"https:\/\/nabytoklaguna.sk\/sk\/wp-json\/wp\/v2\/product"}],"about":[{"href":"https:\/\/nabytoklaguna.sk\/sk\/wp-json\/wp\/v2\/types\/product"}],"replies":[{"embeddable":true,"href":"https:\/\/nabytoklaguna.sk\/sk\/wp-json\/wp\/v2\/comments?post=123560"}],"wp:featuredmedia":[{"embeddable":true,"href":"https:\/\/nabytoklaguna.sk\/sk\/wp-json\/wp\/v2\/media\/123564"}],"wp:attachment":[{"href":"https:\/\/nabytoklaguna.sk\/sk\/wp-json\/wp\/v2\/media?parent=123560"}],"wp:term":[{"taxonomy":"product_brand","embeddable":true,"href":"https:\/\/nabytoklaguna.sk\/sk\/wp-json\/wp\/v2\/product_brand?post=123560"},{"taxonomy":"product_cat","embeddable":true,"href":"https:\/\/nabytoklaguna.sk\/sk\/wp-json\/wp\/v2\/product_cat?post=123560"},{"taxonomy":"product_tag","embeddable":true,"href":"https:\/\/nabytoklaguna.sk\/sk\/wp-json\/wp\/v2\/product_tag?post=123560"}],"curies":[{"name":"wp","href":"https:\/\/api.w.org\/{rel}","templated":true}]}}

<p><strong>Obývacia stena  NERO I</strong> vyhotovená v modernej kombinácii  <strong>kašmíru</strong>  a čiernych pásov vytvorí z vašej obývacej izby štýlovo zariadený priestor na relaxáciu aj stretávanie s rodinou či priateľmi. Základným prvkom zostavy je priestranný <strong>TV stolík</strong> vybavený uzatvárateľným<strong>i 2</strong> <strong>výklopnými dverami</strong> a tiež<strong> otvorenými odkladacími priestormi</strong>, ktoré sú ideálne na uloženie multimediálnych zariadení. Na stolík plynule nadväzuje <strong>nástenná vitrína</strong> v atraktívnom vyhotovení. Počas montáže si navyše môžete sami zvoliť či vitrínu umiestnite na stenu alebo ju jednoducho položíte na zem. Jednotlivé prvky sú vyrobené z kvalitnej  laminovanej DTD s povrchom <strong>nenáročným na údržbu</strong>.  Ide o kus nábytku, ktorý vnáša do interiéru harmóniu a štýl a zároveň ponúka komfort pre každodenné používanie.</p>
<p><strong>Farebné prevedenie:</strong></p>
<ul>
<li>kašmír  + pruhy čierne</li>
</ul>
<p><strong>Rozmery:</strong></p>
<ul>
<li>šírka / hĺbka / výška (cm): 180/45/180</li>
</ul>
<p>Dodávané v demonte.</p>

<p>Obývacia stena  NERO I vyhotovená v modernej kombinácii  kašmíru  a čiernych pásov vytvorí z vašej obývacej izby štýlovo zariadený priestor na relaxáciu aj stretávanie s rodinou či priateľmi. Základným prvkom zostavy je priestranný TV stolík vybavený uzatvárateľnými 2 výklopnými dverami a tiež otvorenými odkladacími priestormi, ktoré sú ideálne na uloženie multimediálnych zariadení. Na stolík plynule nadväzuje nástenná vitrína v&#8230;</p>
