{"id":123594,"date":"2025-06-02T16:51:41","date_gmt":"2025-06-02T14:51:41","guid":{"rendered":"https:\/\/nabytoklaguna.sk\/sk\/?post_type=product&#038;p=123594"},"modified":"2025-06-04T09:58:02","modified_gmt":"2025-06-04T07:58:02","slug":"nersto-lux-a-obyvacia-stena","status":"publish","type":"product","link":"https:\/\/nabytoklaguna.sk\/sk\/produkt\/nersto-lux-a-obyvacia-stena\/","title":{"rendered":"Nersto Lux A ob\u00fdvacia stena"},"content":{"rendered":"<p>Modern\u00e1 ob\u00fdvacia stena <strong>NERSTO<\/strong> s LED podsvieten\u00edm\u00a0je stelesnen\u00edm modern\u00e9ho dizajnu. Vytvoren\u00e9 pre t\u00fdch, ktor\u00ed si cenia eleganciu, funk\u010dnos\u0165 a \u0161t\u00fdl. Minimalistick\u00fd tvar, <strong>ozdobn\u00e9 dubov\u00e9 lamely<\/strong> a <strong>kontrastn\u00e9 ka\u0161m\u00edrov\u00e9 \u010del\u00e1<\/strong> dod\u00e1vaj\u00fa interi\u00e9ru jedine\u010dn\u00fd charakter a <strong>\u010dierne nohy<\/strong> RTV skrinky pod\u010diarkuj\u00fa eleganciu.<\/p>\n<p>N\u00e1stenn\u00e1 ob\u00fdvacia zostava<strong> NERSTO<\/strong> sa perfektne hod\u00ed do ob\u00fdva\u010dky \u2013 ako centrum dom\u00e1cej z\u00e1bavy alebo modern\u00e1 relaxa\u010dn\u00e1 z\u00f3na. <strong>Dekorat\u00edvne LED osvetlenie<\/strong> zabudovan\u00e9 do pol\u00edc vytv\u00e1ra jedine\u010dn\u00fa atmosf\u00e9ru vo ve\u010dern\u00fdch aran\u017em\u00e1noch.<\/p>\n<p>Zostava obsahuje: 1 x z\u00e1vesn\u00e1 vitr\u00edna,1 x TV skrinka na no\u017ei\u010dk\u00e1ch, 1 x n\u00e1stenn\u00fd panel s osvetlen\u00fdmi policami<\/p>\n<p>Farba:\u00a0 ka\u0161m\u00edr, remeseln\u00fd dub, \u010dierna matn\u00e1<\/p>\n<p>Celkov\u00e9 rozmery (\u0160\/V\/H): 280 x 200 x 45 cm<\/p>\n<p>Dod\u00e1van\u00e9 v demonte<\/p>\n","protected":false},"excerpt":{"rendered":"<p>Modern\u00e1 ob\u00fdvacia stena NERSTO s LED podsvieten\u00edm\u00a0je stelesnen\u00edm modern\u00e9ho dizajnu. Vytvoren\u00e9 pre t\u00fdch, ktor\u00ed si cenia eleganciu, funk\u010dnos\u0165 a \u0161t\u00fdl. Minimalistick\u00fd tvar, ozdobn\u00e9 dubov\u00e9 lamely a kontrastn\u00e9 ka\u0161m\u00edrov\u00e9 \u010del\u00e1 dod\u00e1vaj\u00fa interi\u00e9ru jedine\u010dn\u00fd charakter a \u010dierne nohy RTV skrinky pod\u010diarkuj\u00fa eleganciu. N\u00e1stenn\u00e1 ob\u00fdvacia zostava NERSTO sa perfektne hod\u00ed do ob\u00fdva\u010dky \u2013 ako centrum dom\u00e1cej z\u00e1bavy alebo&#8230;<\/p>\n","protected":false},"featured_media":123609,"comment_status":"closed","ping_status":"closed","template":"","meta":{"_seopress_robots_primary_cat":"none","_seopress_titles_title":"","_seopress_titles_desc":"","_seopress_robots_index":""},"product_brand":[],"product_cat":[182,251],"product_tag":[],"class_list":{"0":"post-123594","1":"product","2":"type-product","3":"status-publish","4":"has-post-thumbnail","6":"product_cat-obyvacie-steny","7":"product_cat-steny","9":"first","10":"instock","11":"shipping-taxable","12":"purchasable","13":"product-type-simple"},"_links":{"self":[{"href":"https:\/\/nabytoklaguna.sk\/sk\/wp-json\/wp\/v2\/product\/123594","targetHints":{"allow":["GET"]}}],"collection":[{"href":"https:\/\/nabytoklaguna.sk\/sk\/wp-json\/wp\/v2\/product"}],"about":[{"href":"https:\/\/nabytoklaguna.sk\/sk\/wp-json\/wp\/v2\/types\/product"}],"replies":[{"embeddable":true,"href":"https:\/\/nabytoklaguna.sk\/sk\/wp-json\/wp\/v2\/comments?post=123594"}],"wp:featuredmedia":[{"embeddable":true,"href":"https:\/\/nabytoklaguna.sk\/sk\/wp-json\/wp\/v2\/media\/123609"}],"wp:attachment":[{"href":"https:\/\/nabytoklaguna.sk\/sk\/wp-json\/wp\/v2\/media?parent=123594"}],"wp:term":[{"taxonomy":"product_brand","embeddable":true,"href":"https:\/\/nabytoklaguna.sk\/sk\/wp-json\/wp\/v2\/product_brand?post=123594"},{"taxonomy":"product_cat","embeddable":true,"href":"https:\/\/nabytoklaguna.sk\/sk\/wp-json\/wp\/v2\/product_cat?post=123594"},{"taxonomy":"product_tag","embeddable":true,"href":"https:\/\/nabytoklaguna.sk\/sk\/wp-json\/wp\/v2\/product_tag?post=123594"}],"curies":[{"name":"wp","href":"https:\/\/api.w.org\/{rel}","templated":true}]}}

Nersto Lux A obývacia stena

<p>Moderná obývacia stena <strong>NERSTO</strong> s LED podsvietením je stelesnením moderného dizajnu. Vytvorené pre tých, ktorí si cenia eleganciu, funkčnosť a štýl. Minimalistický tvar, <strong>ozdobné dubové lamely</strong> a <strong>kontrastné kašmírové čelá</strong> dodávajú interiéru jedinečný charakter a <strong>čierne nohy</strong> RTV skrinky podčiarkujú eleganciu.</p>
<p>Nástenná obývacia zostava<strong> NERSTO</strong> sa perfektne hodí do obývačky – ako centrum domácej zábavy alebo moderná relaxačná zóna. <strong>Dekoratívne LED osvetlenie</strong> zabudované do políc vytvára jedinečnú atmosféru vo večerných aranžmánoch.</p>
<p>Zostava obsahuje: 1 x závesná vitrína,1 x TV skrinka na nožičkách, 1 x nástenný panel s osvetlenými policami</p>
<p>Farba:  kašmír, remeselný dub, čierna matná</p>
<p>Celkové rozmery (Š/V/H): 280 x 200 x 45 cm</p>
<p>Dodávané v demonte</p>

<p>Moderná obývacia stena NERSTO s LED podsvietením je stelesnením moderného dizajnu. Vytvorené pre tých, ktorí si cenia eleganciu, funkčnosť a štýl. Minimalistický tvar, ozdobné dubové lamely a kontrastné kašmírové čelá dodávajú interiéru jedinečný charakter a čierne nohy RTV skrinky podčiarkujú eleganciu. Nástenná obývacia zostava NERSTO sa perfektne hodí do obývačky – ako centrum domácej zábavy alebo&#8230;</p>
