{"id":123703,"date":"2025-06-04T13:39:20","date_gmt":"2025-06-04T11:39:20","guid":{"rendered":"https:\/\/nabytoklaguna.sk\/sk\/?post_type=product&#038;p=123703"},"modified":"2025-06-04T14:04:43","modified_gmt":"2025-06-04T12:04:43","slug":"jarvin-2","status":"publish","type":"product","link":"https:\/\/nabytoklaguna.sk\/sk\/produkt\/jarvin-2\/","title":{"rendered":"JARVIN"},"content":{"rendered":"<p>Sektor <strong>JARVIN <\/strong>\u00a0je kolekcia n\u00e1bytku ur\u010den\u00e1<strong>\u00a0pre milovn\u00edkov modern\u00fdch rie\u0161en\u00ed,<\/strong>\u00a0pre \u013eud\u00ed, ktor\u00ed radi sleduj\u00fa\u00a0<strong>najnov\u0161ie trendy<\/strong> a riadia sa modern\u00fdmi a funk\u010dn\u00fdmi rie\u0161eniami.\u00a0 Sektorov\u00fd syst\u00e9m <strong>JARVIN <\/strong>\u00a0bude neprehliadnute\u013en\u00fdm k\u00faskom n\u00e1bytku vo Va\u0161ej dom\u00e1cnosti v\u010faka kr\u00e1snej \u010distej <strong>kombin\u00e1ci\u00ed\u00a0bieleho lesku<\/strong> doplnen\u00e9ho <strong>drevom<\/strong> <strong>ribbeck<\/strong>. <strong>Biela \u010das\u0165\u00a0<\/strong>v kombin\u00e1cii s prirodzenou farbou korpusov vytv\u00e1ra kombin\u00e1ciu, ktor\u00e1 sa hod\u00ed do modern\u00e9ho aj tradi\u010dn\u00e9ho interi\u00e9ru. Hladk\u00fd povrch n\u00e1bytku odr\u00e1\u017eaj\u00fa svetlo a opticky zv\u00e4\u010d\u0161uj\u00fa priestor.<\/p>\n<p>Priestrann\u00e9 komody, priestrann\u00e9 vitr\u00edny, praktick\u00e1 TV skrinka a konferen\u010dn\u00fd stol\u00edk dod\u00e1vaj\u00fa miestnosti nielen vysok\u00e9 funk\u010dn\u00e9 hodnoty, ale vytv\u00e1raj\u00fa aj nad\u010dasov\u00fd interi\u00e9r, v ktorom sa c\u00edtime dobre. Z jednotliv\u00fdch komponentov si m\u00f4\u017ete vysklada\u0165 ob\u00fdvaciu izbu \u010di jed\u00e1le\u0148. <strong>\u00a0<\/strong>Syst\u00e9m <strong>JARVIN\u00a0<\/strong> je vyroben\u00fd\u00a0\u00a0z laminovanej drevotriesky s hr\u00fabkou 16 mm. \u00a0Kolekcia <strong>JARVIN\u00a0<\/strong> je kvalitn\u00fd funk\u010dn\u00fd n\u00e1bytok , ktor\u00fd m\u00e1 <strong>t<\/strong><b>ich\u00e9 zatv\u00e1ranie, plnov\u00fdsuv, zv\u00fd\u0161en\u00e1 nosnos\u0165 z\u00e1suvky.<\/b><\/p>\n<p>Mo\u017enos\u0165 dok\u00fapi\u0165<strong>\u00a0 LED<\/strong> osvetlenie k vitr\u00ednam L3, L4, L5\u00a0 za pr\u00edplatok\u00a0<strong> 29,- \u20ac<\/strong><\/p>\n<p><strong>Ob\u00fdvacia stena pozost\u00e1va z komponentov:\u00a0<\/strong><\/p>\n<ul>\n<li>JARVIN L4\u00a0 \u00a0\u2013 vitr\u00edna\u00a0 \u00a0 \u00a0 \u00a0 \u00a0 \u00a0 \u00a0 \u00a0 \u00a0\u2013\u00a0 Rozmery: \u0161xhxv: 70&#215;40,5&#215;197 cm<\/li>\n<li>JARVIN L10\u00a0 \u2013 tv stol\u00edk\u00a0 \u00a0 \u00a0 \u00a0 \u00a0 \u00a0 \u00a0 \u2013\u00a0 Rozmery: \u0161xhxv: 124&#215;40,5&#215;42 cm<\/li>\n<li>JARVIN L12\u00a0 \u2013 polica\u00a0 \u00a0 \u00a0 \u00a0 \u00a0 \u00a0 \u00a0 \u00a0 \u00a0\u2013\u00a0 Rozmery: \u0161xhxv: 120&#215;21,5&#215;40 cm<\/li>\n<li>JARVIN L13\u00a0 \u2013 konf. stol\u00edk\u00a0 \u00a0 \u00a0 \u00a0 \u00a0\u2013\u00a0 Rozmery: \u0161xhxv: 110x63x62 cm<\/li>\n<\/ul>\n<p><strong>Z jednotliv\u00fdch komponentov si m\u00f4\u017eete vysklada\u0165 ob\u00fdvaciu stenu pod\u013ea Va\u0161ich predst\u00e1v:<\/strong><\/p>\n<ul>\n<li>JARVIN L1\u00a0 \u00a0\u2013 2 dverov\u00e1 ve\u0161iakov\u00e1 skri\u0148a\/police\u00a0 \u2013\u00a0 Rozmery: \u0161xhxv: 98x59x197 cm<\/li>\n<li>JARVIN L2\u00a0 \u00a0\u2013 1 dverov\u00e1 ve\u0161iakov\u00e1 skri\u0148a\u00a0 \u00a0 \u00a0 \u00a0 \u00a0 \u00a0 \u00a0\u2013\u00a0 Rozmery: \u0161xhxv: 73x59x197 cm<\/li>\n<li>JARVIN L3\u00a0 \u00a0\u2013 vitr\u00edna\u00a0 \u00a0 \u00a0 \u00a0 \u00a0 \u00a0 \u00a0 \u00a0 \u00a0\u2013\u00a0 Rozmery: \u0161xhxv: 144&#215;40,5&#215;97 cm<\/li>\n<li>JARVIN L4\u00a0 \u00a0\u2013 vitr\u00edna\u00a0 \u00a0 \u00a0 \u00a0 \u00a0 \u00a0 \u00a0 \u00a0 \u00a0\u2013\u00a0 Rozmery: \u0161xhxv: 70&#215;40,5&#215;197 cm<\/li>\n<li>JARVIN L5\u00a0 \u00a0\u2013 vitr\u00edna\u00a0 \u00a0 \u00a0 \u00a0 \u00a0 \u00a0 \u00a0 \u00a0 \u00a0\u2013\u00a0 Rozmery: \u0161xhxv: 100&#215;40,5&#215;141 cm<\/li>\n<li>JARVIN L6\u00a0 \u00a0\u2013 komoda\u00a0 \u00a0 \u00a0 \u00a0 \u00a0 \u00a0 \u00a0 \u2013\u00a0 Rozmery: \u0161xhxv: 114&#215;40,5&#215;97 cm<\/li>\n<li>JARVIN L7\u00a0 \u00a0\u2013 komoda\u00a0 \u00a0 \u00a0 \u00a0 \u00a0 \u00a0 \u00a0 \u2013\u00a0 Rozmery: \u0161xhxv: 144&#215;40,5&#215;97 cm<\/li>\n<li>JARVIN L8\u00a0 \u00a0\u2013 komoda\u00a0 \u00a0 \u00a0 \u00a0 \u00a0 \u00a0 \u00a0 \u2013\u00a0 Rozmery: \u0161xhxv: 184&#215;40,5&#215;97 cm<\/li>\n<li>JARVIN L9\u00a0 \u00a0\u2013 tv stol\u00edk\u00a0 \u00a0 \u00a0 \u00a0 \u00a0 \u00a0 \u00a0 \u00a0\u2013\u00a0 Rozmery: \u0161xhxv: 162&#215;40,5&#215;42 cm<\/li>\n<li>JARVIN L10\u00a0 \u2013 tv stol\u00edk\u00a0 \u00a0 \u00a0 \u00a0 \u00a0 \u00a0 \u00a0 \u2013\u00a0 Rozmery: \u0161xhxv: 124&#215;40,5&#215;42 cm<\/li>\n<li>JARVIN L11\u00a0 \u2013 polica\u00a0 \u00a0 \u00a0 \u00a0 \u00a0 \u00a0 \u00a0 \u00a0 \u00a0\u2013\u00a0 Rozmery: \u0161xhxv: 120x20x40 cm<\/li>\n<li>JARVIN L12\u00a0 \u2013 polica\u00a0 \u00a0 \u00a0 \u00a0 \u00a0 \u00a0 \u00a0 \u00a0 \u00a0\u2013\u00a0 Rozmery: \u0161xhxv: 120&#215;21,5&#215;40 cm<\/li>\n<li>JARVIN L13\u00a0 \u2013 konf. stol\u00edk\u00a0 \u00a0 \u00a0 \u00a0 \u00a0\u2013\u00a0 Rozmery: \u0161xhxv: 110x63x62 cm<\/li>\n<li>JARVIN L14\u00a0 \u2013 pc stol\u00edk\u00a0 \u00a0 \u00a0 \u00a0 \u00a0 \u00a0 \u00a0\u2013\u00a0 Rozmery: \u0161xhxv: 130&#215;60,5&#215;78 cm<\/li>\n<li>JARVIN L15\u00a0 \u2013 komoda\u00a0 \u00a0 \u00a0 \u00a0 \u00a0 \u00a0 \u00a0 \u2013\u00a0 Rozmery: \u0161xhxv: 144&#215;40,5&#215;97 cm<\/li>\n<li>JARVIN L16\u00a0 \u2013 zrkadlo\u00a0 \u00a0 \u00a0 \u00a0 \u00a0 \u00a0 \u00a0 \u00a0\u2013\u00a0 Rozmery: \u0161xhxv: 103x2x56 cm<\/li>\n<\/ul>\n<p>Dod\u00e1van\u00e9 v demonte<\/p>\n<p>&nbsp;<\/p>\n","protected":false},"excerpt":{"rendered":"<p>Sektor JARVIN \u00a0je kolekcia n\u00e1bytku ur\u010den\u00e1\u00a0pre milovn\u00edkov modern\u00fdch rie\u0161en\u00ed,\u00a0pre \u013eud\u00ed, ktor\u00ed radi sleduj\u00fa\u00a0najnov\u0161ie trendy a riadia sa modern\u00fdmi a funk\u010dn\u00fdmi rie\u0161eniami.\u00a0 Sektorov\u00fd syst\u00e9m JARVIN \u00a0bude neprehliadnute\u013en\u00fdm k\u00faskom n\u00e1bytku vo Va\u0161ej dom\u00e1cnosti v\u010faka kr\u00e1snej \u010distej kombin\u00e1ci\u00ed\u00a0bieleho lesku doplnen\u00e9ho drevom ribbeck. Biela \u010das\u0165\u00a0v kombin\u00e1cii s prirodzenou farbou korpusov vytv\u00e1ra kombin\u00e1ciu, ktor\u00e1 sa hod\u00ed do modern\u00e9ho aj tradi\u010dn\u00e9ho&#8230;<\/p>\n","protected":false},"featured_media":123679,"comment_status":"closed","ping_status":"closed","template":"","meta":{"_seopress_robots_primary_cat":"none","_seopress_titles_title":"","_seopress_titles_desc":"","_seopress_robots_index":""},"product_brand":[],"product_cat":[182,251],"product_tag":[],"class_list":{"0":"post-123703","1":"product","2":"type-product","3":"status-publish","4":"has-post-thumbnail","6":"product_cat-obyvacie-steny","7":"product_cat-steny","8":"pa_typ-produktu-l1","9":"pa_typ-produktu-l10","10":"pa_typ-produktu-l11","11":"pa_typ-produktu-l12","12":"pa_typ-produktu-l13","13":"pa_typ-produktu-l14","14":"pa_typ-produktu-l15","15":"pa_typ-produktu-l16","16":"pa_typ-produktu-l2","17":"pa_typ-produktu-l3","18":"pa_typ-produktu-l4","19":"pa_typ-produktu-l5","20":"pa_typ-produktu-l6","21":"pa_typ-produktu-l7","22":"pa_typ-produktu-l8","23":"pa_typ-produktu-l9","25":"first","26":"instock","27":"shipping-taxable","28":"purchasable","29":"product-type-simple"},"_links":{"self":[{"href":"https:\/\/nabytoklaguna.sk\/sk\/wp-json\/wp\/v2\/product\/123703","targetHints":{"allow":["GET"]}}],"collection":[{"href":"https:\/\/nabytoklaguna.sk\/sk\/wp-json\/wp\/v2\/product"}],"about":[{"href":"https:\/\/nabytoklaguna.sk\/sk\/wp-json\/wp\/v2\/types\/product"}],"replies":[{"embeddable":true,"href":"https:\/\/nabytoklaguna.sk\/sk\/wp-json\/wp\/v2\/comments?post=123703"}],"wp:featuredmedia":[{"embeddable":true,"href":"https:\/\/nabytoklaguna.sk\/sk\/wp-json\/wp\/v2\/media\/123679"}],"wp:attachment":[{"href":"https:\/\/nabytoklaguna.sk\/sk\/wp-json\/wp\/v2\/media?parent=123703"}],"wp:term":[{"taxonomy":"product_brand","embeddable":true,"href":"https:\/\/nabytoklaguna.sk\/sk\/wp-json\/wp\/v2\/product_brand?post=123703"},{"taxonomy":"product_cat","embeddable":true,"href":"https:\/\/nabytoklaguna.sk\/sk\/wp-json\/wp\/v2\/product_cat?post=123703"},{"taxonomy":"product_tag","embeddable":true,"href":"https:\/\/nabytoklaguna.sk\/sk\/wp-json\/wp\/v2\/product_tag?post=123703"}],"curies":[{"name":"wp","href":"https:\/\/api.w.org\/{rel}","templated":true}]}}

<p>Sektor <strong>JARVIN </strong> je kolekcia nábytku určená<strong> pre milovníkov moderných riešení,</strong> pre ľudí, ktorí radi sledujú <strong>najnovšie trendy</strong> a riadia sa modernými a funkčnými riešeniami.  Sektorový systém <strong>JARVIN </strong> bude neprehliadnuteľným kúskom nábytku vo Vašej domácnosti vďaka krásnej čistej <strong>kombinácií bieleho lesku</strong> doplneného <strong>drevom</strong> <strong>ribbeck</strong>. <strong>Biela časť </strong>v kombinácii s prirodzenou farbou korpusov vytvára kombináciu, ktorá sa hodí do moderného aj tradičného interiéru. Hladký povrch nábytku odrážajú svetlo a opticky zväčšujú priestor.</p>
<p>Priestranné komody, priestranné vitríny, praktická TV skrinka a konferenčný stolík dodávajú miestnosti nielen vysoké funkčné hodnoty, ale vytvárajú aj nadčasový interiér, v ktorom sa cítime dobre. Z jednotlivých komponentov si môžte vyskladať obývaciu izbu či jedáleň. <strong> </strong>Systém <strong>JARVIN </strong> je vyrobený  z laminovanej drevotriesky s hrúbkou 16 mm.  Kolekcia <strong>JARVIN </strong> je kvalitný funkčný nábytok , ktorý má <strong>t</strong><b>iché zatváranie, plnovýsuv, zvýšená nosnosť zásuvky.</b></p>
<p>Možnosť dokúpiť<strong>  LED</strong> osvetlenie k vitrínam L3, L4, L5  za príplatok <strong> 29,- €</strong></p>
<p><strong>Obývacia stena pozostáva z komponentov: </strong></p>
<ul>
<li>JARVIN L4   – vitrína                 –  Rozmery: šxhxv: 70&#215;40,5&#215;197 cm</li>
<li>JARVIN L10  – tv stolík              –  Rozmery: šxhxv: 124&#215;40,5&#215;42 cm</li>
<li>JARVIN L12  – polica                 –  Rozmery: šxhxv: 120&#215;21,5&#215;40 cm</li>
<li>JARVIN L13  – konf. stolík         –  Rozmery: šxhxv: 110x63x62 cm</li>
</ul>
<p><strong>Z jednotlivých komponentov si môžete vyskladať obývaciu stenu podľa Vašich predstáv:</strong></p>
<ul>
<li>JARVIN L1   – 2 dverová vešiaková skriňa/police  –  Rozmery: šxhxv: 98x59x197 cm</li>
<li>JARVIN L2   – 1 dverová vešiaková skriňa             –  Rozmery: šxhxv: 73x59x197 cm</li>
<li>JARVIN L3   – vitrína                 –  Rozmery: šxhxv: 144&#215;40,5&#215;97 cm</li>
<li>JARVIN L4   – vitrína                 –  Rozmery: šxhxv: 70&#215;40,5&#215;197 cm</li>
<li>JARVIN L5   – vitrína                 –  Rozmery: šxhxv: 100&#215;40,5&#215;141 cm</li>
<li>JARVIN L6   – komoda              –  Rozmery: šxhxv: 114&#215;40,5&#215;97 cm</li>
<li>JARVIN L7   – komoda              –  Rozmery: šxhxv: 144&#215;40,5&#215;97 cm</li>
<li>JARVIN L8   – komoda              –  Rozmery: šxhxv: 184&#215;40,5&#215;97 cm</li>
<li>JARVIN L9   – tv stolík               –  Rozmery: šxhxv: 162&#215;40,5&#215;42 cm</li>
<li>JARVIN L10  – tv stolík              –  Rozmery: šxhxv: 124&#215;40,5&#215;42 cm</li>
<li>JARVIN L11  – polica                 –  Rozmery: šxhxv: 120x20x40 cm</li>
<li>JARVIN L12  – polica                 –  Rozmery: šxhxv: 120&#215;21,5&#215;40 cm</li>
<li>JARVIN L13  – konf. stolík         –  Rozmery: šxhxv: 110x63x62 cm</li>
<li>JARVIN L14  – pc stolík             –  Rozmery: šxhxv: 130&#215;60,5&#215;78 cm</li>
<li>JARVIN L15  – komoda              –  Rozmery: šxhxv: 144&#215;40,5&#215;97 cm</li>
<li>JARVIN L16  – zrkadlo               –  Rozmery: šxhxv: 103x2x56 cm</li>
</ul>
<p>Dodávané v demonte</p>
<p>&nbsp;</p>

<p>Sektor JARVIN  je kolekcia nábytku určená pre milovníkov moderných riešení, pre ľudí, ktorí radi sledujú najnovšie trendy a riadia sa modernými a funkčnými riešeniami.  Sektorový systém JARVIN  bude neprehliadnuteľným kúskom nábytku vo Vašej domácnosti vďaka krásnej čistej kombinácií bieleho lesku doplneného drevom ribbeck. Biela časť v kombinácii s prirodzenou farbou korpusov vytvára kombináciu, ktorá sa hodí do moderného aj tradičného&#8230;</p>
