{"id":123723,"date":"2025-06-05T11:02:41","date_gmt":"2025-06-05T09:02:41","guid":{"rendered":"https:\/\/nabytoklaguna.sk\/sk\/?post_type=product&#038;p=123723"},"modified":"2025-06-10T12:29:34","modified_gmt":"2025-06-10T10:29:34","slug":"eco-obyvacia-stena","status":"publish","type":"product","link":"https:\/\/nabytoklaguna.sk\/sk\/produkt\/eco-obyvacia-stena\/","title":{"rendered":"NERECO ob\u00fdvacia stena"},"content":{"rendered":"<p>Origin\u00e1lne a vzdu\u0161n\u00e9 spracovanie ob\u00fdvacej steny<strong> NERECO<\/strong> pon\u00faka ve\u013ek\u00e9 mno\u017estvo preva\u017ene<strong> otvoren\u00e9ho odkladacieho priestoru<\/strong> a skvele o\u017eiv\u00ed ak\u00e9ko\u013evek modern\u00e9 ob\u00fdvacie izby. <strong>Dekor duba wotan<\/strong> je ide\u00e1lnym kontrastom k modern\u00fdm, \u010dist\u00fdm l\u00edni\u00e1m. <strong>\u0160irok\u00e1 TV komoda<\/strong> pon\u00faka dostatok miesta na ulo\u017eenie v\u0161etk\u00e9ho TV pr\u00edslu\u0161enstva a za v\u00fdklopn\u00e9 dvierka, ktor\u00e9 otvor\u00edte pomocou v\u00fdrazn\u00e9ho \u00fachytu m\u00f4\u017eete ulo\u017ei\u0165 dokumenty a v\u0161etko, \u010do chcete ma\u0165 po ruke, ale nie priamo na o\u010diach. Komoda je podlo\u017een\u00e1 n\u00edzkymi klz\u00e1kmi nahradzuj\u00facimi nohy. Na komodu plynule nadv\u00e4zuje<strong> panel s celkom 3 vlo\u017een\u00fdmi policami,<\/strong> ktor\u00e9 pon\u00fakaj\u00fa dostatok miesta na ulo\u017eenie kn\u00edh, rastl\u00edn, fotografiu a \u010fal\u0161\u00edch predmetov, ktor\u00e9 pom\u00f4\u017eu z\u00fatulni\u0165 ob\u00fdvac\u00ed priestor.<\/p>\n<p>Farebn\u00e9 prevedenie:\u00a0 Wotan \/\u00a0 \u010dierna, alebo Wotan \/ biela<\/p>\n<p>Rozmery (\u0161\/v\/h): 190 x 152 x 35 cm<\/p>\n<p>Dod\u00e1van\u00e9 v demonte.<\/p>\n<p>&nbsp;<\/p>\n","protected":false},"excerpt":{"rendered":"<p>Origin\u00e1lne a vzdu\u0161n\u00e9 spracovanie ob\u00fdvacej steny NERECO pon\u00faka ve\u013ek\u00e9 mno\u017estvo preva\u017ene otvoren\u00e9ho odkladacieho priestoru a skvele o\u017eiv\u00ed ak\u00e9ko\u013evek modern\u00e9 ob\u00fdvacie izby. Dekor duba wotan je ide\u00e1lnym kontrastom k modern\u00fdm, \u010dist\u00fdm l\u00edni\u00e1m. \u0160irok\u00e1 TV komoda pon\u00faka dostatok miesta na ulo\u017eenie v\u0161etk\u00e9ho TV pr\u00edslu\u0161enstva a za v\u00fdklopn\u00e9 dvierka, ktor\u00e9 otvor\u00edte pomocou v\u00fdrazn\u00e9ho \u00fachytu m\u00f4\u017eete ulo\u017ei\u0165 dokumenty a&#8230;<\/p>\n","protected":false},"featured_media":123747,"comment_status":"closed","ping_status":"closed","template":"","meta":{"_seopress_robots_primary_cat":"none","_seopress_titles_title":"","_seopress_titles_desc":"","_seopress_robots_index":""},"product_brand":[],"product_cat":[182,251],"product_tag":[],"class_list":{"0":"post-123723","1":"product","2":"type-product","3":"status-publish","4":"has-post-thumbnail","6":"product_cat-obyvacie-steny","7":"product_cat-steny","9":"first","10":"instock","11":"shipping-taxable","12":"purchasable","13":"product-type-variable"},"_links":{"self":[{"href":"https:\/\/nabytoklaguna.sk\/sk\/wp-json\/wp\/v2\/product\/123723","targetHints":{"allow":["GET"]}}],"collection":[{"href":"https:\/\/nabytoklaguna.sk\/sk\/wp-json\/wp\/v2\/product"}],"about":[{"href":"https:\/\/nabytoklaguna.sk\/sk\/wp-json\/wp\/v2\/types\/product"}],"replies":[{"embeddable":true,"href":"https:\/\/nabytoklaguna.sk\/sk\/wp-json\/wp\/v2\/comments?post=123723"}],"wp:featuredmedia":[{"embeddable":true,"href":"https:\/\/nabytoklaguna.sk\/sk\/wp-json\/wp\/v2\/media\/123747"}],"wp:attachment":[{"href":"https:\/\/nabytoklaguna.sk\/sk\/wp-json\/wp\/v2\/media?parent=123723"}],"wp:term":[{"taxonomy":"product_brand","embeddable":true,"href":"https:\/\/nabytoklaguna.sk\/sk\/wp-json\/wp\/v2\/product_brand?post=123723"},{"taxonomy":"product_cat","embeddable":true,"href":"https:\/\/nabytoklaguna.sk\/sk\/wp-json\/wp\/v2\/product_cat?post=123723"},{"taxonomy":"product_tag","embeddable":true,"href":"https:\/\/nabytoklaguna.sk\/sk\/wp-json\/wp\/v2\/product_tag?post=123723"}],"curies":[{"name":"wp","href":"https:\/\/api.w.org\/{rel}","templated":true}]}}

NERECO obývacia stena

<p>Originálne a vzdušné spracovanie obývacej steny<strong> NERECO</strong> ponúka veľké množstvo prevažne<strong> otvoreného odkladacieho priestoru</strong> a skvele oživí akékoľvek moderné obývacie izby. <strong>Dekor duba wotan</strong> je ideálnym kontrastom k moderným, čistým líniám. <strong>Široká TV komoda</strong> ponúka dostatok miesta na uloženie všetkého TV príslušenstva a za výklopné dvierka, ktoré otvoríte pomocou výrazného úchytu môžete uložiť dokumenty a všetko, čo chcete mať po ruke, ale nie priamo na očiach. Komoda je podložená nízkymi klzákmi nahradzujúcimi nohy. Na komodu plynule nadväzuje<strong> panel s celkom 3 vloženými policami,</strong> ktoré ponúkajú dostatok miesta na uloženie kníh, rastlín, fotografiu a ďalších predmetov, ktoré pomôžu zútulniť obývací priestor.</p>
<p>Farebné prevedenie:  Wotan /  čierna, alebo Wotan / biela</p>
<p>Rozmery (š/v/h): 190 x 152 x 35 cm</p>
<p>Dodávané v demonte.</p>
<p>&nbsp;</p>

<p>Originálne a vzdušné spracovanie obývacej steny NERECO ponúka veľké množstvo prevažne otvoreného odkladacieho priestoru a skvele oživí akékoľvek moderné obývacie izby. Dekor duba wotan je ideálnym kontrastom k moderným, čistým líniám. Široká TV komoda ponúka dostatok miesta na uloženie všetkého TV príslušenstva a za výklopné dvierka, ktoré otvoríte pomocou výrazného úchytu môžete uložiť dokumenty a&#8230;</p>
