{"id":123792,"date":"2025-06-05T16:53:18","date_gmt":"2025-06-05T14:53:18","guid":{"rendered":"https:\/\/nabytoklaguna.sk\/sk\/?post_type=product&#038;p=123792"},"modified":"2025-06-10T12:25:25","modified_gmt":"2025-06-10T10:25:25","slug":"modo-obyvacia-stena","status":"publish","type":"product","link":"https:\/\/nabytoklaguna.sk\/sk\/produkt\/modo-obyvacia-stena\/","title":{"rendered":"NERODO ob\u00fdvacia stena"},"content":{"rendered":"<p>Modern\u00fd \u0161t\u00fdl ob\u00fdvacej steny <strong>NERODO<\/strong> skr\u00e1\u0161li zariadenie va\u0161ej ob\u00fdva\u010dky. Najm\u00f3dnej\u0161\u00ed odtie\u0148 <strong>sivej<\/strong> je tu kombinovan\u00fd s <strong>dreven\u00fdm dekorom,<\/strong> v\u010faka \u010domu sa ob\u00fdvacia zostava perfektne hod\u00ed do interi\u00e9ru zariaden\u00e9ho v modernom, \u0161kandin\u00e1vskom a loftovom \u0161t\u00fdle. \u010eal\u0161ou v\u00fdhodou z\u00e1vesnej skrinky s\u00fa <strong>priestrann\u00e9 \u00falo\u017en\u00e9 priestory<\/strong>. Dlh\u00e1 TV skrinka okrem <strong>otvoren\u00e9ho priestoru<\/strong> pre telev\u00edznu techniku pon\u00faka aj <strong>dve skrinky s v\u00fdklopn\u00fdmi predn\u00fdmi dverami<\/strong>. Vn\u00fatorn\u00fd priestor ka\u017edej z nich je ide\u00e1lnym \u00fakrytom pre zbierky filmov, hry, disky alebo sl\u00fachadl\u00e1. TV komoda sa dod\u00e1va s <strong>dvojicou z\u00e1vesn\u00fdch vitr\u00edn<\/strong>. Toto harmonick\u00e9 duo m\u00e1 okrem miesta na odkladanie doplnkov hromadiacich sa v ob\u00fdva\u010dke aj sklenen\u00fa v\u00fdstavn\u00fa \u010das\u0165. V\u00fdhody dekor\u00e1ci\u00ed umiestnen\u00fdch vo vn\u00fatri zv\u00fdrazn\u00ed biele <strong>LED osvetlenie,<\/strong> ktor\u00e9 je s\u00fa\u010das\u0165ou zostavy.<\/p>\n<p>Farebn\u00e9 prevedenie:\u00a0 Antracit \/ antracit + wotan<\/p>\n<p>Rozmery (\u0161\/v\/h): 175 x 150 x 37 cm<\/p>\n<p>Dod\u00e1van\u00e9 v demonte.<\/p>\n","protected":false},"excerpt":{"rendered":"<p>Modern\u00fd \u0161t\u00fdl ob\u00fdvacej steny NERODO skr\u00e1\u0161li zariadenie va\u0161ej ob\u00fdva\u010dky. Najm\u00f3dnej\u0161\u00ed odtie\u0148 sivej je tu kombinovan\u00fd s dreven\u00fdm dekorom, v\u010faka \u010domu sa ob\u00fdvacia zostava perfektne hod\u00ed do interi\u00e9ru zariaden\u00e9ho v modernom, \u0161kandin\u00e1vskom a loftovom \u0161t\u00fdle. \u010eal\u0161ou v\u00fdhodou z\u00e1vesnej skrinky s\u00fa priestrann\u00e9 \u00falo\u017en\u00e9 priestory. Dlh\u00e1 TV skrinka okrem otvoren\u00e9ho priestoru pre telev\u00edznu techniku pon\u00faka aj dve skrinky&#8230;<\/p>\n","protected":false},"featured_media":123817,"comment_status":"closed","ping_status":"closed","template":"","meta":{"_seopress_robots_primary_cat":"none","_seopress_titles_title":"","_seopress_titles_desc":"","_seopress_robots_index":""},"product_brand":[],"product_cat":[182,251],"product_tag":[],"class_list":{"0":"post-123792","1":"product","2":"type-product","3":"status-publish","4":"has-post-thumbnail","6":"product_cat-obyvacie-steny","7":"product_cat-steny","9":"first","10":"instock","11":"shipping-taxable","12":"purchasable","13":"product-type-simple"},"_links":{"self":[{"href":"https:\/\/nabytoklaguna.sk\/sk\/wp-json\/wp\/v2\/product\/123792","targetHints":{"allow":["GET"]}}],"collection":[{"href":"https:\/\/nabytoklaguna.sk\/sk\/wp-json\/wp\/v2\/product"}],"about":[{"href":"https:\/\/nabytoklaguna.sk\/sk\/wp-json\/wp\/v2\/types\/product"}],"replies":[{"embeddable":true,"href":"https:\/\/nabytoklaguna.sk\/sk\/wp-json\/wp\/v2\/comments?post=123792"}],"wp:featuredmedia":[{"embeddable":true,"href":"https:\/\/nabytoklaguna.sk\/sk\/wp-json\/wp\/v2\/media\/123817"}],"wp:attachment":[{"href":"https:\/\/nabytoklaguna.sk\/sk\/wp-json\/wp\/v2\/media?parent=123792"}],"wp:term":[{"taxonomy":"product_brand","embeddable":true,"href":"https:\/\/nabytoklaguna.sk\/sk\/wp-json\/wp\/v2\/product_brand?post=123792"},{"taxonomy":"product_cat","embeddable":true,"href":"https:\/\/nabytoklaguna.sk\/sk\/wp-json\/wp\/v2\/product_cat?post=123792"},{"taxonomy":"product_tag","embeddable":true,"href":"https:\/\/nabytoklaguna.sk\/sk\/wp-json\/wp\/v2\/product_tag?post=123792"}],"curies":[{"name":"wp","href":"https:\/\/api.w.org\/{rel}","templated":true}]}}

NERODO obývacia stena

<p>Moderný štýl obývacej steny <strong>NERODO</strong> skrášli zariadenie vašej obývačky. Najmódnejší odtieň <strong>sivej</strong> je tu kombinovaný s <strong>dreveným dekorom,</strong> vďaka čomu sa obývacia zostava perfektne hodí do interiéru zariadeného v modernom, škandinávskom a loftovom štýle. Ďalšou výhodou závesnej skrinky sú <strong>priestranné úložné priestory</strong>. Dlhá TV skrinka okrem <strong>otvoreného priestoru</strong> pre televíznu techniku ponúka aj <strong>dve skrinky s výklopnými prednými dverami</strong>. Vnútorný priestor každej z nich je ideálnym úkrytom pre zbierky filmov, hry, disky alebo slúchadlá. TV komoda sa dodáva s <strong>dvojicou závesných vitrín</strong>. Toto harmonické duo má okrem miesta na odkladanie doplnkov hromadiacich sa v obývačke aj sklenenú výstavnú časť. Výhody dekorácií umiestnených vo vnútri zvýrazní biele <strong>LED osvetlenie,</strong> ktoré je súčasťou zostavy.</p>
<p>Farebné prevedenie:  Antracit / antracit + wotan</p>
<p>Rozmery (š/v/h): 175 x 150 x 37 cm</p>
<p>Dodávané v demonte.</p>

<p>Moderný štýl obývacej steny NERODO skrášli zariadenie vašej obývačky. Najmódnejší odtieň sivej je tu kombinovaný s dreveným dekorom, vďaka čomu sa obývacia zostava perfektne hodí do interiéru zariadeného v modernom, škandinávskom a loftovom štýle. Ďalšou výhodou závesnej skrinky sú priestranné úložné priestory. Dlhá TV skrinka okrem otvoreného priestoru pre televíznu techniku ponúka aj dve skrinky&#8230;</p>
