{"id":123923,"date":"2025-06-11T13:18:26","date_gmt":"2025-06-11T11:18:26","guid":{"rendered":"https:\/\/nabytoklaguna.sk\/sk\/?post_type=product&#038;p=123923"},"modified":"2025-06-12T15:51:06","modified_gmt":"2025-06-12T13:51:06","slug":"nerze-obyvacia-stena","status":"publish","type":"product","link":"https:\/\/nabytoklaguna.sk\/sk\/produkt\/nerze-obyvacia-stena\/","title":{"rendered":"NERZE I ob\u00fdvacia stena"},"content":{"rendered":"<p>Ob\u00fdvacia stena <strong>NERZE<\/strong> je modern\u00e1 zostava n\u00e1bytku, ktor\u00e1 sa vyzna\u010duje vynikaj\u00facou<strong> funk\u010dnos\u0165ou<\/strong> a<strong> origin\u00e1lnym dizajnom<\/strong>. Pou\u017eit\u00e1 modern\u00e1 farebn\u00e1 kombin\u00e1cia zd\u00f4raz\u0148uje \u0161t\u00fdlov\u00fd a estetick\u00fd charakter n\u00e1bytku. Ob\u00fdvacia zostava bola navrhnut\u00e1 tak, aby poskytovala \u010do najviac <strong>\u00falo\u017en\u00e9ho priestoru<\/strong>. Ob\u00fdvacia stena <strong>NERZE I<\/strong> pozost\u00e1va zo <strong>stojacej skrinky, TV stol\u00edka a otvorenej police<\/strong>, kde si m\u00f4\u017eete ulo\u017ei\u0165 dekor\u00e1cie alebo fotografie.<\/p>\n<p>Farebn\u00e9 prevedenie: korpus: dub wotan \/ biela matn\u00e1, dub wotan \/ \u010dierna<\/p>\n<p>Celkov\u00e9 rozmery (\u0161\/v\/h): 200 x 160 x 40 cm<\/p>\n<p>Dod\u00e1van\u00e9 v demonte.<\/p>\n","protected":false},"excerpt":{"rendered":"<p>Ob\u00fdvacia stena NERZE je modern\u00e1 zostava n\u00e1bytku, ktor\u00e1 sa vyzna\u010duje vynikaj\u00facou funk\u010dnos\u0165ou a origin\u00e1lnym dizajnom. Pou\u017eit\u00e1 modern\u00e1 farebn\u00e1 kombin\u00e1cia zd\u00f4raz\u0148uje \u0161t\u00fdlov\u00fd a estetick\u00fd charakter n\u00e1bytku. Ob\u00fdvacia zostava bola navrhnut\u00e1 tak, aby poskytovala \u010do najviac \u00falo\u017en\u00e9ho priestoru. Ob\u00fdvacia stena NERZE I pozost\u00e1va zo stojacej skrinky, TV stol\u00edka a otvorenej police, kde si m\u00f4\u017eete ulo\u017ei\u0165 dekor\u00e1cie alebo&#8230;<\/p>\n","protected":false},"featured_media":123932,"comment_status":"closed","ping_status":"closed","template":"","meta":{"_seopress_robots_primary_cat":"none","_seopress_titles_title":"","_seopress_titles_desc":"","_seopress_robots_index":""},"product_brand":[],"product_cat":[182,251],"product_tag":[],"class_list":{"0":"post-123923","1":"product","2":"type-product","3":"status-publish","4":"has-post-thumbnail","6":"product_cat-obyvacie-steny","7":"product_cat-steny","9":"first","10":"instock","11":"shipping-taxable","12":"purchasable","13":"product-type-variable"},"_links":{"self":[{"href":"https:\/\/nabytoklaguna.sk\/sk\/wp-json\/wp\/v2\/product\/123923","targetHints":{"allow":["GET"]}}],"collection":[{"href":"https:\/\/nabytoklaguna.sk\/sk\/wp-json\/wp\/v2\/product"}],"about":[{"href":"https:\/\/nabytoklaguna.sk\/sk\/wp-json\/wp\/v2\/types\/product"}],"replies":[{"embeddable":true,"href":"https:\/\/nabytoklaguna.sk\/sk\/wp-json\/wp\/v2\/comments?post=123923"}],"wp:featuredmedia":[{"embeddable":true,"href":"https:\/\/nabytoklaguna.sk\/sk\/wp-json\/wp\/v2\/media\/123932"}],"wp:attachment":[{"href":"https:\/\/nabytoklaguna.sk\/sk\/wp-json\/wp\/v2\/media?parent=123923"}],"wp:term":[{"taxonomy":"product_brand","embeddable":true,"href":"https:\/\/nabytoklaguna.sk\/sk\/wp-json\/wp\/v2\/product_brand?post=123923"},{"taxonomy":"product_cat","embeddable":true,"href":"https:\/\/nabytoklaguna.sk\/sk\/wp-json\/wp\/v2\/product_cat?post=123923"},{"taxonomy":"product_tag","embeddable":true,"href":"https:\/\/nabytoklaguna.sk\/sk\/wp-json\/wp\/v2\/product_tag?post=123923"}],"curies":[{"name":"wp","href":"https:\/\/api.w.org\/{rel}","templated":true}]}}

NERZE I obývacia stena

<p>Obývacia stena <strong>NERZE</strong> je moderná zostava nábytku, ktorá sa vyznačuje vynikajúcou<strong> funkčnosťou</strong> a<strong> originálnym dizajnom</strong>. Použitá moderná farebná kombinácia zdôrazňuje štýlový a estetický charakter nábytku. Obývacia zostava bola navrhnutá tak, aby poskytovala čo najviac <strong>úložného priestoru</strong>. Obývacia stena <strong>NERZE I</strong> pozostáva zo <strong>stojacej skrinky, TV stolíka a otvorenej police</strong>, kde si môžete uložiť dekorácie alebo fotografie.</p>
<p>Farebné prevedenie: korpus: dub wotan / biela matná, dub wotan / čierna</p>
<p>Celkové rozmery (š/v/h): 200 x 160 x 40 cm</p>
<p>Dodávané v demonte.</p>

<p>Obývacia stena NERZE je moderná zostava nábytku, ktorá sa vyznačuje vynikajúcou funkčnosťou a originálnym dizajnom. Použitá moderná farebná kombinácia zdôrazňuje štýlový a estetický charakter nábytku. Obývacia zostava bola navrhnutá tak, aby poskytovala čo najviac úložného priestoru. Obývacia stena NERZE I pozostáva zo stojacej skrinky, TV stolíka a otvorenej police, kde si môžete uložiť dekorácie alebo&#8230;</p>
