{"id":124698,"date":"2025-09-17T15:00:13","date_gmt":"2025-09-17T13:00:13","guid":{"rendered":"https:\/\/nabytoklaguna.sk\/sk\/?post_type=product&#038;p=124698"},"modified":"2026-04-28T13:07:46","modified_gmt":"2026-04-28T11:07:46","slug":"rohova-lavica-karina","status":"publish","type":"product","link":"https:\/\/nabytoklaguna.sk\/sk\/produkt\/rohova-lavica-karina\/","title":{"rendered":"Rohov\u00e1 lavica Karina"},"content":{"rendered":"<p>Rohov\u00e1 lavica\u00a0<strong>Karina<\/strong> je ide\u00e1lnou vo\u013ebou pre va\u0161u jed\u00e1le\u0148, ak potrebujete skombinova\u0165 komfort, praktickos\u0165 a \u0161t\u00fdlov\u00fd dizajn. Rohov\u00e1 lavica <strong>Karina<\/strong> je nielen pohodln\u00e1 v\u010faka \u010dal\u00fanen\u00e9mu sed\u00e1ku a operadlu, ale aj praktick\u00e1 s <strong>\u00falo\u017en\u00fdm priestorom o h\u013abke 10 cm<\/strong>, ktor\u00fd pon\u00faka dostatok miesta na ulo\u017eenie potrebn\u00fdch vec\u00ed. Za rohovou opierkou sa nach\u00e1dza vykr\u00fdvacia <strong>poli\u010dka<\/strong>. Rozmer lavice je uv\u00e1dzan\u00fd ako celkov\u00fd rozmer, ktor\u00fd lavica zaberie v priestore.<\/p>\n<p>Mo\u017enos\u0165 v\u00fdberu zo \u0161iestich dekorov DTD a po\u0165ahovej l\u00e1tky zo vzorkovn\u00edka.<\/p>\n<p><strong>Parametre v\u00fdrobku<\/strong><\/p>\n<table border=\"0\" cellspacing=\"5\" cellpadding=\"1\">\n<tbody>\n<tr>\n<td><strong>Typ v\u00fdrobku<\/strong><\/td>\n<td>rohov\u00e1 lavica<\/td>\n<\/tr>\n<tr>\n<td><strong>Materi\u00e1l<\/strong><\/td>\n<td>DTD laminovan\u00e1<\/td>\n<\/tr>\n<tr>\n<td><strong>Farebn\u00e9 prevedenie korpusu<\/strong><\/td>\n<td>buk, dub sonoma, dub apala\u010dsk\u00fd, dub artisan, cembra, dub san remo<\/td>\n<\/tr>\n<tr>\n<td><strong>Rozmery<br \/>\n<\/strong><\/td>\n<td>120 x 160 cm (univerz\u00e1lna \u013eavo-prav\u00e1)<\/td>\n<\/tr>\n<tr>\n<td><strong>V\u00fd\u0161ka<\/strong><\/td>\n<td>85,5 cm<\/td>\n<\/tr>\n<tr>\n<td><strong>V\u00fd\u0161ka sedu<\/strong><\/td>\n<td>47 cm<\/td>\n<\/tr>\n<tr>\n<td><strong>H\u013abka sedu<\/strong><\/td>\n<td>40,5 cm<\/td>\n<\/tr>\n<tr>\n<td><strong>Balenie<\/strong><\/td>\n<td>demont<\/td>\n<\/tr>\n<tr>\n<td><strong>Z\u00e1ruka<\/strong><\/td>\n<td>2 roky<\/td>\n<\/tr>\n<\/tbody>\n<\/table>\n","protected":false},"excerpt":{"rendered":"<p><img loading=\"lazy\" decoding=\"async\" class=\"alignnone size-full wp-image-85474\" src=\"https:\/\/nabytoklaguna.sk\/sk\/wp-content\/uploads\/2017\/05\/logo-\u010desk\u00fd-v\u00fdrobok.png\" alt=\"\" width=\"264\" height=\"191\" \/><\/p>\n","protected":false},"featured_media":124699,"comment_status":"closed","ping_status":"closed","template":"","meta":{"_seopress_robots_primary_cat":"249","_seopress_titles_title":"","_seopress_titles_desc":"","_seopress_robots_index":""},"product_brand":[],"product_cat":[4721,249],"product_tag":[],"class_list":{"0":"post-124698","1":"product","2":"type-product","3":"status-publish","4":"has-post-thumbnail","6":"product_cat-jedalenske-stolicky","7":"product_cat-kuchyne-lavice","9":"first","10":"onbackorder","11":"shipping-taxable","12":"purchasable","13":"product-type-simple"},"_links":{"self":[{"href":"https:\/\/nabytoklaguna.sk\/sk\/wp-json\/wp\/v2\/product\/124698","targetHints":{"allow":["GET"]}}],"collection":[{"href":"https:\/\/nabytoklaguna.sk\/sk\/wp-json\/wp\/v2\/product"}],"about":[{"href":"https:\/\/nabytoklaguna.sk\/sk\/wp-json\/wp\/v2\/types\/product"}],"replies":[{"embeddable":true,"href":"https:\/\/nabytoklaguna.sk\/sk\/wp-json\/wp\/v2\/comments?post=124698"}],"wp:featuredmedia":[{"embeddable":true,"href":"https:\/\/nabytoklaguna.sk\/sk\/wp-json\/wp\/v2\/media\/124699"}],"wp:attachment":[{"href":"https:\/\/nabytoklaguna.sk\/sk\/wp-json\/wp\/v2\/media?parent=124698"}],"wp:term":[{"taxonomy":"product_brand","embeddable":true,"href":"https:\/\/nabytoklaguna.sk\/sk\/wp-json\/wp\/v2\/product_brand?post=124698"},{"taxonomy":"product_cat","embeddable":true,"href":"https:\/\/nabytoklaguna.sk\/sk\/wp-json\/wp\/v2\/product_cat?post=124698"},{"taxonomy":"product_tag","embeddable":true,"href":"https:\/\/nabytoklaguna.sk\/sk\/wp-json\/wp\/v2\/product_tag?post=124698"}],"curies":[{"name":"wp","href":"https:\/\/api.w.org\/{rel}","templated":true}]}}

Rohová lavica Karina

<p>Rohová lavica <strong>Karina</strong> je ideálnou voľbou pre vašu jedáleň, ak potrebujete skombinovať komfort, praktickosť a štýlový dizajn. Rohová lavica <strong>Karina</strong> je nielen pohodlná vďaka čalúnenému sedáku a operadlu, ale aj praktická s <strong>úložným priestorom o hĺbke 10 cm</strong>, ktorý ponúka dostatok miesta na uloženie potrebných vecí. Za rohovou opierkou sa nachádza vykrývacia <strong>polička</strong>. Rozmer lavice je uvádzaný ako celkový rozmer, ktorý lavica zaberie v priestore.</p>
<p>Možnosť výberu zo šiestich dekorov DTD a poťahovej látky zo vzorkovníka.</p>
<p><strong>Parametre výrobku</strong></p>
<table border="0" cellspacing="5" cellpadding="1">
<tbody>
<tr>
<td><strong>Typ výrobku</strong></td>
<td>rohová lavica</td>
</tr>
<tr>
<td><strong>Materiál</strong></td>
<td>DTD laminovaná</td>
</tr>
<tr>
<td><strong>Farebné prevedenie korpusu</strong></td>
<td>buk, dub sonoma, dub apalačský, dub artisan, cembra, dub san remo</td>
</tr>
<tr>
<td><strong>Rozmery<br />
</strong></td>
<td>120 x 160 cm (univerzálna ľavo-pravá)</td>
</tr>
<tr>
<td><strong>Výška</strong></td>
<td>85,5 cm</td>
</tr>
<tr>
<td><strong>Výška sedu</strong></td>
<td>47 cm</td>
</tr>
<tr>
<td><strong>Hĺbka sedu</strong></td>
<td>40,5 cm</td>
</tr>
<tr>
<td><strong>Balenie</strong></td>
<td>demont</td>
</tr>
<tr>
<td><strong>Záruka</strong></td>
<td>2 roky</td>
</tr>
</tbody>
</table>

<p><img loading="lazy" decoding="async" class="alignnone size-full wp-image-85474" src="https://nabytoklaguna.sk/sk/wp-content/uploads/2017/05/logo-český-výrobok.png" alt="" width="264" height="191" /></p>
