{"id":124706,"date":"2025-09-19T16:59:37","date_gmt":"2025-09-19T14:59:37","guid":{"rendered":"https:\/\/nabytoklaguna.sk\/sk\/?post_type=product&#038;p=124706"},"modified":"2026-04-28T13:05:39","modified_gmt":"2026-04-28T11:05:39","slug":"rohova-lavica-tamara","status":"publish","type":"product","link":"https:\/\/nabytoklaguna.sk\/sk\/produkt\/rohova-lavica-tamara\/","title":{"rendered":"Rohov\u00e1 lavica Tamara"},"content":{"rendered":"<p>Rohov\u00e1 lavica\u00a0<strong>Tamara<\/strong> je elegantn\u00fdm a praktick\u00fdm rie\u0161en\u00edm pre v\u00e1\u0161 jed\u00e1lensk\u00fd k\u00fat. Zaujme predov\u0161etk\u00fdm<strong> integrovanou v\u00fdsuvnou bezdr\u00f4tovou nab\u00edja\u010dkou<\/strong> pre mobiln\u00fd telef\u00f3n, ktor\u00fa si m\u00f4\u017eete doobjedna\u0165 za 59,- \u20ac. Lavica <strong>Tamara<\/strong> pon\u00faka modern\u00fd dizajn a pohodlie, v\u010faka \u010dal\u00fanen\u00e9mu sed\u00e1ku a opierke. Vyberte si z piatich dez\u00e9nov dreva a \u0161irokej \u0161k\u00e1ly farieb, aby dokonale ladila s va\u0161im interi\u00e9rom. <span style=\"font-size: 15.008px;\">Rozmer lavice je uv\u00e1dzan\u00fd ako celkov\u00fd rozmer, ktor\u00fd lavica zaberie v priestore. Bez \u00falo\u017en\u00e9ho priestoru.<\/span><\/p>\n<p><strong>\u010cesk\u00fd v\u00fdrobok<\/strong> pr\u00e9miovej kvality.<\/p>\n<p>Mo\u017enos\u0165 v\u00fdberu z piatich dekorov DTD a po\u0165ahovej l\u00e1tky zo vzorkovn\u00edka.<\/p>\n<p><strong>Parametre v\u00fdrobku<\/strong><\/p>\n<table border=\"0\" cellspacing=\"5\" cellpadding=\"1\">\n<tbody>\n<tr>\n<td><strong>Typ v\u00fdrobku<\/strong><\/td>\n<td>rohov\u00e1 lavica<\/td>\n<\/tr>\n<tr>\n<td><strong>Materi\u00e1l<\/strong><\/td>\n<td>DTD laminovan\u00e1<\/td>\n<\/tr>\n<tr>\n<td><strong>Farebn\u00e9 prevedenie korpusu<\/strong><\/td>\n<td>buk, dub sonoma, dub san remo, dub apala\u010dsk\u00fd, cembra<\/td>\n<\/tr>\n<tr>\n<td><strong>Rozmery<br \/>\n<\/strong><\/td>\n<td>140 x 180 cm (univerz\u00e1lna \u013eavo-prav\u00e1)<\/td>\n<\/tr>\n<tr>\n<td><strong>V\u00fd\u0161ka<\/strong><\/td>\n<td>87,5 cm<\/td>\n<\/tr>\n<tr>\n<td><strong>V\u00fd\u0161ka sedu<\/strong><\/td>\n<td>48 cm<\/td>\n<\/tr>\n<tr>\n<td><strong>H\u013abka sedu<\/strong><\/td>\n<td>42,5 cm<\/td>\n<\/tr>\n<tr>\n<td><strong>Balenie<\/strong><\/td>\n<td>demont<\/td>\n<\/tr>\n<tr>\n<td><strong>Z\u00e1ruka<\/strong><\/td>\n<td>2 roky<\/td>\n<\/tr>\n<\/tbody>\n<\/table>\n","protected":false},"excerpt":{"rendered":"<p><img loading=\"lazy\" decoding=\"async\" class=\"alignnone size-full wp-image-85474\" src=\"https:\/\/nabytoklaguna.sk\/sk\/wp-content\/uploads\/2017\/05\/logo-\u010desk\u00fd-v\u00fdrobok.png\" alt=\"\" width=\"264\" height=\"191\" \/><\/p>\n","protected":false},"featured_media":124707,"comment_status":"closed","ping_status":"closed","template":"","meta":{"_seopress_robots_primary_cat":"249","_seopress_titles_title":"","_seopress_titles_desc":"","_seopress_robots_index":""},"product_brand":[],"product_cat":[4721,249],"product_tag":[],"class_list":{"0":"post-124706","1":"product","2":"type-product","3":"status-publish","4":"has-post-thumbnail","6":"product_cat-jedalenske-stolicky","7":"product_cat-kuchyne-lavice","9":"first","10":"onbackorder","11":"shipping-taxable","12":"purchasable","13":"product-type-simple"},"_links":{"self":[{"href":"https:\/\/nabytoklaguna.sk\/sk\/wp-json\/wp\/v2\/product\/124706","targetHints":{"allow":["GET"]}}],"collection":[{"href":"https:\/\/nabytoklaguna.sk\/sk\/wp-json\/wp\/v2\/product"}],"about":[{"href":"https:\/\/nabytoklaguna.sk\/sk\/wp-json\/wp\/v2\/types\/product"}],"replies":[{"embeddable":true,"href":"https:\/\/nabytoklaguna.sk\/sk\/wp-json\/wp\/v2\/comments?post=124706"}],"wp:featuredmedia":[{"embeddable":true,"href":"https:\/\/nabytoklaguna.sk\/sk\/wp-json\/wp\/v2\/media\/124707"}],"wp:attachment":[{"href":"https:\/\/nabytoklaguna.sk\/sk\/wp-json\/wp\/v2\/media?parent=124706"}],"wp:term":[{"taxonomy":"product_brand","embeddable":true,"href":"https:\/\/nabytoklaguna.sk\/sk\/wp-json\/wp\/v2\/product_brand?post=124706"},{"taxonomy":"product_cat","embeddable":true,"href":"https:\/\/nabytoklaguna.sk\/sk\/wp-json\/wp\/v2\/product_cat?post=124706"},{"taxonomy":"product_tag","embeddable":true,"href":"https:\/\/nabytoklaguna.sk\/sk\/wp-json\/wp\/v2\/product_tag?post=124706"}],"curies":[{"name":"wp","href":"https:\/\/api.w.org\/{rel}","templated":true}]}}

Rohová lavica Tamara

<p>Rohová lavica <strong>Tamara</strong> je elegantným a praktickým riešením pre váš jedálenský kút. Zaujme predovšetkým<strong> integrovanou výsuvnou bezdrôtovou nabíjačkou</strong> pre mobilný telefón, ktorú si môžete doobjednať za 59,- €. Lavica <strong>Tamara</strong> ponúka moderný dizajn a pohodlie, vďaka čalúnenému sedáku a opierke. Vyberte si z piatich dezénov dreva a širokej škály farieb, aby dokonale ladila s vašim interiérom. <span style="font-size: 15.008px;">Rozmer lavice je uvádzaný ako celkový rozmer, ktorý lavica zaberie v priestore. Bez úložného priestoru.</span></p>
<p><strong>Český výrobok</strong> prémiovej kvality.</p>
<p>Možnosť výberu z piatich dekorov DTD a poťahovej látky zo vzorkovníka.</p>
<p><strong>Parametre výrobku</strong></p>
<table border="0" cellspacing="5" cellpadding="1">
<tbody>
<tr>
<td><strong>Typ výrobku</strong></td>
<td>rohová lavica</td>
</tr>
<tr>
<td><strong>Materiál</strong></td>
<td>DTD laminovaná</td>
</tr>
<tr>
<td><strong>Farebné prevedenie korpusu</strong></td>
<td>buk, dub sonoma, dub san remo, dub apalačský, cembra</td>
</tr>
<tr>
<td><strong>Rozmery<br />
</strong></td>
<td>140 x 180 cm (univerzálna ľavo-pravá)</td>
</tr>
<tr>
<td><strong>Výška</strong></td>
<td>87,5 cm</td>
</tr>
<tr>
<td><strong>Výška sedu</strong></td>
<td>48 cm</td>
</tr>
<tr>
<td><strong>Hĺbka sedu</strong></td>
<td>42,5 cm</td>
</tr>
<tr>
<td><strong>Balenie</strong></td>
<td>demont</td>
</tr>
<tr>
<td><strong>Záruka</strong></td>
<td>2 roky</td>
</tr>
</tbody>
</table>

<p><img loading="lazy" decoding="async" class="alignnone size-full wp-image-85474" src="https://nabytoklaguna.sk/sk/wp-content/uploads/2017/05/logo-český-výrobok.png" alt="" width="264" height="191" /></p>
