{"id":124719,"date":"2025-09-22T14:31:45","date_gmt":"2025-09-22T12:31:45","guid":{"rendered":"https:\/\/nabytoklaguna.sk\/sk\/?post_type=product&#038;p=124719"},"modified":"2026-04-28T13:09:05","modified_gmt":"2026-04-28T11:09:05","slug":"stol-karina","status":"publish","type":"product","link":"https:\/\/nabytoklaguna.sk\/sk\/produkt\/stol-karina\/","title":{"rendered":"ST\u00f4L KARINA"},"content":{"rendered":"<p>Pevn\u00fd jed\u00e1lensk\u00fd st\u00f4l\u00a0<strong>Karina<\/strong> je \u0161t\u00fdlov\u00fdm a funk\u010dn\u00fdm doplnkom pre va\u0161u jed\u00e1le\u0148. Tento st\u00f4l kombinuje jednoduch\u00fd dizajn s kvalitn\u00fdm preveden\u00edm, \u010do z neho rob\u00ed ide\u00e1lnu vo\u013ebu na ka\u017edodenn\u00e9 pou\u017e\u00edvanie. St\u00f4l <strong>Karina<\/strong> pon\u00faka stabiln\u00fa a pevn\u00fa kon\u0161trukciu, ktor\u00e1 zais\u0165uje dlh\u00fa \u017eivotnos\u0165 a spo\u013eahlivos\u0165. Jeho elegantn\u00fd vzh\u013ead v r\u00f4znych dek\u00f3roch dreva \u013eahko zapadne do ak\u00e9hoko\u013evek interi\u00e9ru a poskytuje dostatok priestoru na pohodln\u00e9 stolovanie.<\/p>\n<p><b>St\u00f4l Karina<\/b>\u00a0sa dokonal\u00e9 hod\u00ed k rohovej lavici <strong>Karina, <\/strong>ktor\u00e1 je ide\u00e1lnou vo\u013ebou pre va\u0161u jed\u00e1le\u0148, ak potrebujete skombinova\u0165 komfort, praktickos\u0165 a \u0161t\u00fdlov\u00fd dizajn.<\/p>\n<p><strong>\u0160pecifik\u00e1cia:<\/strong><\/p>\n<ul>\n<li><strong>Pl\u00e1t:<\/strong>V dekore<\/li>\n<li><strong>Nohy:<\/strong>V dekore<\/li>\n<li>Mo\u017enos\u0165 v\u00fdberu zo \u0161iestich dekorov<\/li>\n<\/ul>\n<p><strong>Parametre v\u00fdrobku<\/strong><\/p>\n<table style=\"width: 1133px;\" border=\"0\" cellspacing=\"5\" cellpadding=\"1\">\n<tbody>\n<tr>\n<td style=\"width: 421px;\"><strong>Typ v\u00fdrobku<\/strong><\/td>\n<td style=\"width: 712px;\">st\u00f4l<\/td>\n<\/tr>\n<tr>\n<td style=\"width: 421px;\"><strong>Materi\u00e1l<\/strong><\/td>\n<td style=\"width: 712px;\">bukov\u00fd mas\u00edv<\/td>\n<\/tr>\n<tr>\n<td style=\"width: 421px;\"><strong>Farebn\u00e9 prevedenie korpusu<\/strong><\/td>\n<td style=\"width: 712px;\">buk, dub sonoma, dub apala\u010dsk\u00fd, dub artisan, cembra, dub san remo<\/td>\n<\/tr>\n<tr>\n<td style=\"width: 421px;\"><strong>Dl\u017eka<\/strong><\/td>\n<td style=\"width: 712px;\">104 cm<\/td>\n<\/tr>\n<tr>\n<td style=\"width: 421px;\"><strong>\u0160\u00edrka<\/strong><\/td>\n<td style=\"width: 712px;\">\u00a067 cm<\/td>\n<\/tr>\n<tr>\n<td style=\"width: 421px;\"><strong>V\u00fd\u0161ka<\/strong><\/td>\n<td style=\"width: 712px;\">75,5 cm<\/td>\n<\/tr>\n<tr>\n<td style=\"width: 421px;\"><strong>Hr\u00fabka stolovej dosky:<\/strong><\/td>\n<td style=\"width: 712px;\">18 mm<\/td>\n<\/tr>\n<tr>\n<td style=\"width: 421px;\"><strong>Balenie<\/strong><\/td>\n<td style=\"width: 712px;\">demont<\/td>\n<\/tr>\n<tr>\n<td style=\"width: 421px;\"><strong>Z\u00e1ruka<\/strong><\/td>\n<td style=\"width: 712px;\">2 roky<\/td>\n<\/tr>\n<\/tbody>\n<\/table>\n","protected":false},"excerpt":{"rendered":"<p><img loading=\"lazy\" decoding=\"async\" class=\"alignnone size-full wp-image-85474\" src=\"https:\/\/nabytoklaguna.sk\/sk\/wp-content\/uploads\/2017\/05\/logo-\u010desk\u00fd-v\u00fdrobok.png\" alt=\"\" width=\"264\" height=\"191\" \/><\/p>\n","protected":false},"featured_media":124720,"comment_status":"closed","ping_status":"closed","template":"","meta":{"_seopress_robots_primary_cat":"249","_seopress_titles_title":"","_seopress_titles_desc":"","_seopress_robots_index":""},"product_brand":[],"product_cat":[4719,4721,249],"product_tag":[],"class_list":{"0":"post-124719","1":"product","2":"type-product","3":"status-publish","4":"has-post-thumbnail","6":"product_cat-jedalenske-stoly","7":"product_cat-jedalenske-stolicky","8":"product_cat-kuchyne-lavice","10":"first","11":"onbackorder","12":"shipping-taxable","13":"purchasable","14":"product-type-simple"},"_links":{"self":[{"href":"https:\/\/nabytoklaguna.sk\/sk\/wp-json\/wp\/v2\/product\/124719","targetHints":{"allow":["GET"]}}],"collection":[{"href":"https:\/\/nabytoklaguna.sk\/sk\/wp-json\/wp\/v2\/product"}],"about":[{"href":"https:\/\/nabytoklaguna.sk\/sk\/wp-json\/wp\/v2\/types\/product"}],"replies":[{"embeddable":true,"href":"https:\/\/nabytoklaguna.sk\/sk\/wp-json\/wp\/v2\/comments?post=124719"}],"wp:featuredmedia":[{"embeddable":true,"href":"https:\/\/nabytoklaguna.sk\/sk\/wp-json\/wp\/v2\/media\/124720"}],"wp:attachment":[{"href":"https:\/\/nabytoklaguna.sk\/sk\/wp-json\/wp\/v2\/media?parent=124719"}],"wp:term":[{"taxonomy":"product_brand","embeddable":true,"href":"https:\/\/nabytoklaguna.sk\/sk\/wp-json\/wp\/v2\/product_brand?post=124719"},{"taxonomy":"product_cat","embeddable":true,"href":"https:\/\/nabytoklaguna.sk\/sk\/wp-json\/wp\/v2\/product_cat?post=124719"},{"taxonomy":"product_tag","embeddable":true,"href":"https:\/\/nabytoklaguna.sk\/sk\/wp-json\/wp\/v2\/product_tag?post=124719"}],"curies":[{"name":"wp","href":"https:\/\/api.w.org\/{rel}","templated":true}]}}

STôL KARINA

<p>Pevný jedálenský stôl <strong>Karina</strong> je štýlovým a funkčným doplnkom pre vašu jedáleň. Tento stôl kombinuje jednoduchý dizajn s kvalitným prevedením, čo z neho robí ideálnu voľbu na každodenné používanie. Stôl <strong>Karina</strong> ponúka stabilnú a pevnú konštrukciu, ktorá zaisťuje dlhú životnosť a spoľahlivosť. Jeho elegantný vzhľad v rôznych dekóroch dreva ľahko zapadne do akéhokoľvek interiéru a poskytuje dostatok priestoru na pohodlné stolovanie.</p>
<p><b>Stôl Karina</b> sa dokonalé hodí k rohovej lavici <strong>Karina, </strong>ktorá je ideálnou voľbou pre vašu jedáleň, ak potrebujete skombinovať komfort, praktickosť a štýlový dizajn.</p>
<p><strong>Špecifikácia:</strong></p>
<ul>
<li><strong>Plát:</strong>V dekore</li>
<li><strong>Nohy:</strong>V dekore</li>
<li>Možnosť výberu zo šiestich dekorov</li>
</ul>
<p><strong>Parametre výrobku</strong></p>
<table style="width: 1133px;" border="0" cellspacing="5" cellpadding="1">
<tbody>
<tr>
<td style="width: 421px;"><strong>Typ výrobku</strong></td>
<td style="width: 712px;">stôl</td>
</tr>
<tr>
<td style="width: 421px;"><strong>Materiál</strong></td>
<td style="width: 712px;">bukový masív</td>
</tr>
<tr>
<td style="width: 421px;"><strong>Farebné prevedenie korpusu</strong></td>
<td style="width: 712px;">buk, dub sonoma, dub apalačský, dub artisan, cembra, dub san remo</td>
</tr>
<tr>
<td style="width: 421px;"><strong>Dlžka</strong></td>
<td style="width: 712px;">104 cm</td>
</tr>
<tr>
<td style="width: 421px;"><strong>Šírka</strong></td>
<td style="width: 712px;"> 67 cm</td>
</tr>
<tr>
<td style="width: 421px;"><strong>Výška</strong></td>
<td style="width: 712px;">75,5 cm</td>
</tr>
<tr>
<td style="width: 421px;"><strong>Hrúbka stolovej dosky:</strong></td>
<td style="width: 712px;">18 mm</td>
</tr>
<tr>
<td style="width: 421px;"><strong>Balenie</strong></td>
<td style="width: 712px;">demont</td>
</tr>
<tr>
<td style="width: 421px;"><strong>Záruka</strong></td>
<td style="width: 712px;">2 roky</td>
</tr>
</tbody>
</table>

<p><img loading="lazy" decoding="async" class="alignnone size-full wp-image-85474" src="https://nabytoklaguna.sk/sk/wp-content/uploads/2017/05/logo-český-výrobok.png" alt="" width="264" height="191" /></p>
