{"id":125915,"date":"2026-02-17T14:27:39","date_gmt":"2026-02-17T13:27:39","guid":{"rendered":"https:\/\/nabytoklaguna.sk\/sk\/?post_type=product&#038;p=125915"},"modified":"2026-02-17T14:58:03","modified_gmt":"2026-02-17T13:58:03","slug":"konferencny-stolik-rea-7","status":"publish","type":"product","link":"https:\/\/nabytoklaguna.sk\/sk\/produkt\/konferencny-stolik-rea-7\/","title":{"rendered":"Konferen\u010dn\u00fd stol\u00edk  REA 7"},"content":{"rendered":"<p>Konferen\u010dn\u00fd stol\u00edk\u00a0 <strong>REA 7 so z\u00e1suvkou\u00a0 \u00a0<\/strong>v kvalitnom vyhotoven\u00ed od slovensk\u00e9ho v\u00fdrobcu.\u00a0 \u00a0Materi\u00e1l:\u00a0 vrchn\u00e1 doska je z DTD hr. 25mm,\u00a0 ABS 2mm,\u00a0 \u00a0Mo\u017enos\u0165 v\u00fdberu farebn\u00e9ho prevedenia pod\u013ea ponuky.\u00a0 Z\u00e1suvka<strong> je s plnov\u00fdsuvom, v<\/strong>n\u00fatorn\u00fd rozmer z\u00e1suvky je 78 x 48,5 x 8cm.<\/p>\n<p><strong>Rozmery<\/strong> : \u0161110 x h70 x v50cm<\/p>\n<p>&nbsp;<\/p>\n","protected":false},"excerpt":{"rendered":"<p><img loading=\"lazy\" decoding=\"async\" class=\"alignnone size-full wp-image-12569\" src=\"http:\/\/nabytoklaguna.sk\/sk\/wp-content\/uploads\/2017\/03\/slovensk\u00fd-znak-17.png\" alt=\"\" width=\"126\" height=\"126\" srcset=\"https:\/\/nabytoklaguna.sk\/sk\/wp-content\/uploads\/2017\/03\/slovensk\u00fd-znak-17.png 126w, https:\/\/nabytoklaguna.sk\/sk\/wp-content\/uploads\/2017\/03\/slovensk\u00fd-znak-17-100x100.png 100w\" sizes=\"auto, (max-width: 126px) 100vw, 126px\" \/><\/p>\n","protected":false},"featured_media":125923,"comment_status":"closed","ping_status":"closed","template":"","meta":{"_seopress_robots_primary_cat":"221","_seopress_titles_title":"","_seopress_titles_desc":"","_seopress_robots_index":""},"product_brand":[],"product_cat":[221],"product_tag":[],"class_list":{"0":"post-125915","1":"product","2":"type-product","3":"status-publish","4":"has-post-thumbnail","6":"product_cat-konferencne-stoliky","7":"pa_farba-biela","8":"pa_farba-buk","9":"pa_farba-dub-bardolino","10":"pa_farba-dub-canyon","11":"pa_farba-navarra","12":"pa_farba-orech-rockpile","13":"pa_farba-venge","15":"first","16":"onbackorder","17":"shipping-taxable","18":"purchasable","19":"product-type-variable"},"_links":{"self":[{"href":"https:\/\/nabytoklaguna.sk\/sk\/wp-json\/wp\/v2\/product\/125915","targetHints":{"allow":["GET"]}}],"collection":[{"href":"https:\/\/nabytoklaguna.sk\/sk\/wp-json\/wp\/v2\/product"}],"about":[{"href":"https:\/\/nabytoklaguna.sk\/sk\/wp-json\/wp\/v2\/types\/product"}],"replies":[{"embeddable":true,"href":"https:\/\/nabytoklaguna.sk\/sk\/wp-json\/wp\/v2\/comments?post=125915"}],"wp:featuredmedia":[{"embeddable":true,"href":"https:\/\/nabytoklaguna.sk\/sk\/wp-json\/wp\/v2\/media\/125923"}],"wp:attachment":[{"href":"https:\/\/nabytoklaguna.sk\/sk\/wp-json\/wp\/v2\/media?parent=125915"}],"wp:term":[{"taxonomy":"product_brand","embeddable":true,"href":"https:\/\/nabytoklaguna.sk\/sk\/wp-json\/wp\/v2\/product_brand?post=125915"},{"taxonomy":"product_cat","embeddable":true,"href":"https:\/\/nabytoklaguna.sk\/sk\/wp-json\/wp\/v2\/product_cat?post=125915"},{"taxonomy":"product_tag","embeddable":true,"href":"https:\/\/nabytoklaguna.sk\/sk\/wp-json\/wp\/v2\/product_tag?post=125915"}],"curies":[{"name":"wp","href":"https:\/\/api.w.org\/{rel}","templated":true}]}}

Konferenčný stolík  REA 7

<p>Konferenčný stolík  <strong>REA 7 so zásuvkou   </strong>v kvalitnom vyhotovení od slovenského výrobcu.   Materiál:  vrchná doska je z DTD hr. 25mm,  ABS 2mm,   Možnosť výberu farebného prevedenia podľa ponuky.  Zásuvka<strong> je s plnovýsuvom, v</strong>nútorný rozmer zásuvky je 78 x 48,5 x 8cm.</p>
<p><strong>Rozmery</strong> : š110 x h70 x v50cm</p>
<p>&nbsp;</p>

<p><img loading="lazy" decoding="async" class="alignnone size-full wp-image-12569" src="http://nabytoklaguna.sk/sk/wp-content/uploads/2017/03/slovenský-znak-17.png" alt="" width="126" height="126" srcset="https://nabytoklaguna.sk/sk/wp-content/uploads/2017/03/slovenský-znak-17.png 126w, https://nabytoklaguna.sk/sk/wp-content/uploads/2017/03/slovenský-znak-17-100x100.png 100w" sizes="auto, (max-width: 126px) 100vw, 126px" /></p>
