{"id":126420,"date":"2026-03-03T10:20:00","date_gmt":"2026-03-03T09:20:00","guid":{"rendered":"https:\/\/nabytoklaguna.sk\/sk\/?post_type=product&#038;p=126420"},"modified":"2026-03-03T10:46:22","modified_gmt":"2026-03-03T09:46:22","slug":"brema-255-skrina","status":"publish","type":"product","link":"https:\/\/nabytoklaguna.sk\/sk\/produkt\/brema-255-skrina\/","title":{"rendered":"Brema 255 skri\u0148a"},"content":{"rendered":"<p data-start=\"0\" data-end=\"429\"><strong data-start=\"0\" data-end=\"16\">Skri\u0148a BREMA<\/strong> \u2013 modern\u00e9 a praktick\u00e9 rie\u0161enie do ka\u017ed\u00e9ho interi\u00e9ru.<br data-start=\"69\" data-end=\"72\" \/>T\u00e1to \u0161t\u00fdlov\u00e1 skri\u0148a s posuvn\u00fdmi dverami v\u00e1s zaujme nielen svojim modern\u00fdm dizajnom, ale aj premyslen\u00fdm vn\u00fatorn\u00fdm usporiadan\u00edm. Pon\u00faka dostatok \u00falo\u017en\u00e9ho priestoru v podobe pol\u00edc a ty\u010de na ve\u0161anie, ktor\u00e9 s\u00fa u\u017e zahrnut\u00e9 v cene, tak\u017ee v\u00e1s ne\u010dakaj\u00fa \u017eiadne \u010fal\u0161ie n\u00e1klady na vn\u00fatorn\u00e9 vybavenie. Jednoducho a preh\u013eadne ulo\u017e\u00edte v\u0161etko potrebn\u00e9 oble\u010denie aj doplnky.<\/p>\n<p data-start=\"431\" data-end=\"454\"><strong data-start=\"433\" data-end=\"454\">Hlavn\u00e9 prednosti:<\/strong><\/p>\n<ul data-start=\"455\" data-end=\"839\">\n<li data-start=\"455\" data-end=\"521\">\n<p data-start=\"457\" data-end=\"521\">Modern\u00fd dizajn s dvoma posuvn\u00fdmi zalomen\u00fdmi dverami a zrkadlom<\/p>\n<\/li>\n<li data-start=\"522\" data-end=\"585\">\n<p data-start=\"524\" data-end=\"585\">Vn\u00fatorn\u00e9 vybavenie (police a ve\u0161iakov\u00e1 ty\u010d) zahrnut\u00e9 v cene<\/p>\n<\/li>\n<li data-start=\"586\" data-end=\"656\">\n<p data-start=\"588\" data-end=\"656\">LED osvetlenie v hornom r\u00e1me v cene \u2013 elegantn\u00fd a praktick\u00fd detail<\/p>\n<\/li>\n<li data-start=\"657\" data-end=\"716\">\n<p data-start=\"659\" data-end=\"716\">Hr\u00fabka materi\u00e1lu 16 mm pre pevn\u00fa a stabiln\u00fa kon\u0161trukciu<\/p>\n<\/li>\n<li data-start=\"717\" data-end=\"772\">\n<p data-start=\"719\" data-end=\"772\">Hlin\u00edkov\u00e9 ko\u013eajni\u010dky pre plynul\u00fd a tich\u00fd chod dver\u00ed<\/p>\n<\/li>\n<li data-start=\"773\" data-end=\"839\">\n<p data-start=\"775\" data-end=\"839\">Ochrann\u00e9 li\u0161ty s kart\u00e1\u010dkov\u00fdm tesnen\u00edm na bo\u010dn\u00fdch hran\u00e1ch dver\u00ed<\/p>\n<\/li>\n<\/ul>\n<p>Rozmer (\u0160xVxH): 255 x 219 x 65 cm<\/p>\n<p><strong>Parametre v\u00fdrobku<\/strong><\/p>\n<table border=\"0\" cellspacing=\"5\" cellpadding=\"1\">\n<tbody>\n<tr>\n<td><strong>Typ v\u00fdrobku<\/strong><\/td>\n<td>Skri\u0148a s posuvn\u00fdmi dverami<\/td>\n<\/tr>\n<tr>\n<td><strong>Materi\u00e1l<\/strong><\/td>\n<td>DTD laminovan\u00e1\/sklo<\/td>\n<\/tr>\n<tr>\n<td><strong>Rozmery \u0161\/v\/h<br \/>\n<\/strong><\/td>\n<td>255 x 219 x 65 cm<\/td>\n<\/tr>\n<tr>\n<td><strong>Balenie<\/strong><\/td>\n<td>demont<\/td>\n<\/tr>\n<\/tbody>\n<\/table>\n","protected":false},"excerpt":{"rendered":"<p>Skri\u0148a BREMA \u2013 modern\u00e9 a praktick\u00e9 rie\u0161enie do ka\u017ed\u00e9ho interi\u00e9ru.T\u00e1to \u0161t\u00fdlov\u00e1 skri\u0148a s posuvn\u00fdmi dverami v\u00e1s zaujme nielen svojim modern\u00fdm dizajnom, ale aj premyslen\u00fdm vn\u00fatorn\u00fdm usporiadan\u00edm. Pon\u00faka dostatok \u00falo\u017en\u00e9ho priestoru v podobe pol\u00edc a ty\u010de na ve\u0161anie, ktor\u00e9 s\u00fa u\u017e zahrnut\u00e9 v cene, tak\u017ee v\u00e1s ne\u010dakaj\u00fa \u017eiadne \u010fal\u0161ie n\u00e1klady na vn\u00fatorn\u00e9 vybavenie. Jednoducho a preh\u013eadne&#8230;<\/p>\n","protected":false},"featured_media":126427,"comment_status":"closed","ping_status":"closed","template":"","meta":{"_seopress_robots_primary_cat":"none","_seopress_titles_title":"","_seopress_titles_desc":"","_seopress_robots_index":""},"product_brand":[],"product_cat":[1585,225],"product_tag":[],"class_list":{"0":"post-126420","1":"product","2":"type-product","3":"status-publish","4":"has-post-thumbnail","6":"product_cat-s-posuvnymi-dverami","7":"product_cat-skrine","8":"pa_farba-biela","9":"pa_farba-seda-2","11":"first","12":"instock","13":"shipping-taxable","14":"purchasable","15":"product-type-variable"},"_links":{"self":[{"href":"https:\/\/nabytoklaguna.sk\/sk\/wp-json\/wp\/v2\/product\/126420","targetHints":{"allow":["GET"]}}],"collection":[{"href":"https:\/\/nabytoklaguna.sk\/sk\/wp-json\/wp\/v2\/product"}],"about":[{"href":"https:\/\/nabytoklaguna.sk\/sk\/wp-json\/wp\/v2\/types\/product"}],"replies":[{"embeddable":true,"href":"https:\/\/nabytoklaguna.sk\/sk\/wp-json\/wp\/v2\/comments?post=126420"}],"wp:featuredmedia":[{"embeddable":true,"href":"https:\/\/nabytoklaguna.sk\/sk\/wp-json\/wp\/v2\/media\/126427"}],"wp:attachment":[{"href":"https:\/\/nabytoklaguna.sk\/sk\/wp-json\/wp\/v2\/media?parent=126420"}],"wp:term":[{"taxonomy":"product_brand","embeddable":true,"href":"https:\/\/nabytoklaguna.sk\/sk\/wp-json\/wp\/v2\/product_brand?post=126420"},{"taxonomy":"product_cat","embeddable":true,"href":"https:\/\/nabytoklaguna.sk\/sk\/wp-json\/wp\/v2\/product_cat?post=126420"},{"taxonomy":"product_tag","embeddable":true,"href":"https:\/\/nabytoklaguna.sk\/sk\/wp-json\/wp\/v2\/product_tag?post=126420"}],"curies":[{"name":"wp","href":"https:\/\/api.w.org\/{rel}","templated":true}]}}

Brema 255 skriňa

<p data-start="0" data-end="429"><strong data-start="0" data-end="16">Skriňa BREMA</strong> – moderné a praktické riešenie do každého interiéru.<br data-start="69" data-end="72" />Táto štýlová skriňa s posuvnými dverami vás zaujme nielen svojim moderným dizajnom, ale aj premysleným vnútorným usporiadaním. Ponúka dostatok úložného priestoru v podobe políc a tyče na vešanie, ktoré sú už zahrnuté v cene, takže vás nečakajú žiadne ďalšie náklady na vnútorné vybavenie. Jednoducho a prehľadne uložíte všetko potrebné oblečenie aj doplnky.</p>
<p data-start="431" data-end="454"><strong data-start="433" data-end="454">Hlavné prednosti:</strong></p>
<ul data-start="455" data-end="839">
<li data-start="455" data-end="521">
<p data-start="457" data-end="521">Moderný dizajn s dvoma posuvnými zalomenými dverami a zrkadlom</p>
</li>
<li data-start="522" data-end="585">
<p data-start="524" data-end="585">Vnútorné vybavenie (police a vešiaková tyč) zahrnuté v cene</p>
</li>
<li data-start="586" data-end="656">
<p data-start="588" data-end="656">LED osvetlenie v hornom ráme v cene – elegantný a praktický detail</p>
</li>
<li data-start="657" data-end="716">
<p data-start="659" data-end="716">Hrúbka materiálu 16 mm pre pevnú a stabilnú konštrukciu</p>
</li>
<li data-start="717" data-end="772">
<p data-start="719" data-end="772">Hliníkové koľajničky pre plynulý a tichý chod dverí</p>
</li>
<li data-start="773" data-end="839">
<p data-start="775" data-end="839">Ochranné lišty s kartáčkovým tesnením na bočných hranách dverí</p>
</li>
</ul>
<p>Rozmer (ŠxVxH): 255 x 219 x 65 cm</p>
<p><strong>Parametre výrobku</strong></p>
<table border="0" cellspacing="5" cellpadding="1">
<tbody>
<tr>
<td><strong>Typ výrobku</strong></td>
<td>Skriňa s posuvnými dverami</td>
</tr>
<tr>
<td><strong>Materiál</strong></td>
<td>DTD laminovaná/sklo</td>
</tr>
<tr>
<td><strong>Rozmery š/v/h<br />
</strong></td>
<td>255 x 219 x 65 cm</td>
</tr>
<tr>
<td><strong>Balenie</strong></td>
<td>demont</td>
</tr>
</tbody>
</table>

<p>Skriňa BREMA – moderné a praktické riešenie do každého interiéru.Táto štýlová skriňa s posuvnými dverami vás zaujme nielen svojim moderným dizajnom, ale aj premysleným vnútorným usporiadaním. Ponúka dostatok úložného priestoru v podobe políc a tyče na vešanie, ktoré sú už zahrnuté v cene, takže vás nečakajú žiadne ďalšie náklady na vnútorné vybavenie. Jednoducho a prehľadne&#8230;</p>
