{"id":126479,"date":"2026-03-03T12:47:29","date_gmt":"2026-03-03T11:47:29","guid":{"rendered":"https:\/\/nabytoklaguna.sk\/sk\/?post_type=product&#038;p=126479"},"modified":"2026-03-03T12:49:55","modified_gmt":"2026-03-03T11:49:55","slug":"bali-d2-lux-skrina","status":"publish","type":"product","link":"https:\/\/nabytoklaguna.sk\/sk\/produkt\/bali-d2-lux-skrina\/","title":{"rendered":"Bali D2 lux skri\u0148a"},"content":{"rendered":"<p data-start=\"0\" data-end=\"328\"><strong data-start=\"0\" data-end=\"19\">Skri\u0148a BALI LUX D2<\/strong> \u2013 \u0161t\u00fdlov\u00e9 a praktick\u00e9 rie\u0161enie pre ka\u017ed\u00fd domov.<br data-start=\"67\" data-end=\"70\" \/>Zaujme v\u00e1s svoj\u00edm elegantn\u00fdm dizajnom a harmonick\u00fdm spojen\u00edm neutr\u00e1lnych farieb, ktor\u00e9 p\u00f4sobia pokojne a nad\u010dasovo. V\u010faka univerz\u00e1lnemu prevedeniu sa skvele hod\u00ed do predsiene, sp\u00e1lne, ob\u00fdvacej aj detskej izby a jednoducho zapadne do r\u00f4znych \u0161t\u00fdlov interi\u00e9ru.<\/p>\n<p data-start=\"330\" data-end=\"353\"><strong data-start=\"332\" data-end=\"353\">Hlavn\u00e9 prednosti:<\/strong><\/p>\n<ul data-start=\"354\" data-end=\"701\">\n<li data-start=\"354\" data-end=\"424\">\n<p data-start=\"356\" data-end=\"424\">\u0160tvordverov\u00e9 prevedenie so zrkadlami na dvoch stredov\u00fdch dvierkach<\/p>\n<\/li>\n<li data-start=\"425\" data-end=\"473\">\n<p data-start=\"427\" data-end=\"473\">Tri praktick\u00e9 z\u00e1suvky pre lep\u0161iu organiz\u00e1ciu<\/p>\n<\/li>\n<li data-start=\"474\" data-end=\"541\">\n<p data-start=\"476\" data-end=\"541\">Police a z\u00e1vesn\u00e1 ty\u010d zahrnut\u00e9 v cene \u2013 bez dodato\u010dn\u00fdch n\u00e1kladov<\/p>\n<\/li>\n<li data-start=\"542\" data-end=\"596\">\n<p data-start=\"544\" data-end=\"596\">Dostato\u010dn\u00fd \u00falo\u017en\u00fd priestor na oble\u010denie aj doplnky<\/p>\n<\/li>\n<li data-start=\"597\" data-end=\"647\">\n<p data-start=\"599\" data-end=\"647\">Hr\u00fabka materi\u00e1lu 16 mm pre pevnos\u0165 a stabilitu<\/p>\n<\/li>\n<li data-start=\"648\" data-end=\"701\">\n<p data-start=\"650\" data-end=\"701\">Jemn\u00e9 \u00fachytky, ktor\u00e9 pod\u010diarkuj\u00fa elegantn\u00fd vzh\u013ead<\/p>\n<\/li>\n<\/ul>\n<p>Rozmer (\u0160xVxH): 100 x 200 x 58 cm<\/p>\n<p><strong>Parametre v\u00fdrobku<\/strong><\/p>\n<table border=\"0\" cellspacing=\"5\" cellpadding=\"1\">\n<tbody>\n<tr>\n<td><strong>Typ v\u00fdrobku<\/strong><\/td>\n<td>Skri\u0148a s posuvn\u00fdmi dverami<\/td>\n<\/tr>\n<tr>\n<td><strong>Materi\u00e1l<\/strong><\/td>\n<td>DTD laminovan\u00e1\/sklo<\/td>\n<\/tr>\n<tr>\n<td><strong>Rozmery \u0161\/v\/h<br \/>\n<\/strong><\/td>\n<td>100 x 200 x 58 cm<\/td>\n<\/tr>\n<tr>\n<td><strong>Balenie<\/strong><\/td>\n<td>demont<\/td>\n<\/tr>\n<\/tbody>\n<\/table>\n","protected":false},"excerpt":{"rendered":"<p>Skri\u0148a BALI LUX D2 \u2013 \u0161t\u00fdlov\u00e9 a praktick\u00e9 rie\u0161enie pre ka\u017ed\u00fd domov.Zaujme v\u00e1s svoj\u00edm elegantn\u00fdm dizajnom a harmonick\u00fdm spojen\u00edm neutr\u00e1lnych farieb, ktor\u00e9 p\u00f4sobia pokojne a nad\u010dasovo. V\u010faka univerz\u00e1lnemu prevedeniu sa skvele hod\u00ed do predsiene, sp\u00e1lne, ob\u00fdvacej aj detskej izby a jednoducho zapadne do r\u00f4znych \u0161t\u00fdlov interi\u00e9ru. Hlavn\u00e9 prednosti: \u0160tvordverov\u00e9 prevedenie so zrkadlami na dvoch stredov\u00fdch&#8230;<\/p>\n","protected":false},"featured_media":126476,"comment_status":"closed","ping_status":"closed","template":"","meta":{"_seopress_robots_primary_cat":"none","_seopress_titles_title":"","_seopress_titles_desc":"","_seopress_robots_index":""},"product_brand":[],"product_cat":[1585,225],"product_tag":[],"class_list":{"0":"post-126479","1":"product","2":"type-product","3":"status-publish","4":"has-post-thumbnail","6":"product_cat-s-posuvnymi-dverami","7":"product_cat-skrine","8":"pa_farba-biela","9":"pa_farba-cierna-2","11":"first","12":"instock","13":"shipping-taxable","14":"purchasable","15":"product-type-variable"},"_links":{"self":[{"href":"https:\/\/nabytoklaguna.sk\/sk\/wp-json\/wp\/v2\/product\/126479","targetHints":{"allow":["GET"]}}],"collection":[{"href":"https:\/\/nabytoklaguna.sk\/sk\/wp-json\/wp\/v2\/product"}],"about":[{"href":"https:\/\/nabytoklaguna.sk\/sk\/wp-json\/wp\/v2\/types\/product"}],"replies":[{"embeddable":true,"href":"https:\/\/nabytoklaguna.sk\/sk\/wp-json\/wp\/v2\/comments?post=126479"}],"wp:featuredmedia":[{"embeddable":true,"href":"https:\/\/nabytoklaguna.sk\/sk\/wp-json\/wp\/v2\/media\/126476"}],"wp:attachment":[{"href":"https:\/\/nabytoklaguna.sk\/sk\/wp-json\/wp\/v2\/media?parent=126479"}],"wp:term":[{"taxonomy":"product_brand","embeddable":true,"href":"https:\/\/nabytoklaguna.sk\/sk\/wp-json\/wp\/v2\/product_brand?post=126479"},{"taxonomy":"product_cat","embeddable":true,"href":"https:\/\/nabytoklaguna.sk\/sk\/wp-json\/wp\/v2\/product_cat?post=126479"},{"taxonomy":"product_tag","embeddable":true,"href":"https:\/\/nabytoklaguna.sk\/sk\/wp-json\/wp\/v2\/product_tag?post=126479"}],"curies":[{"name":"wp","href":"https:\/\/api.w.org\/{rel}","templated":true}]}}

Bali D2 lux skriňa

<p data-start="0" data-end="328"><strong data-start="0" data-end="19">Skriňa BALI LUX D2</strong> – štýlové a praktické riešenie pre každý domov.<br data-start="67" data-end="70" />Zaujme vás svojím elegantným dizajnom a harmonickým spojením neutrálnych farieb, ktoré pôsobia pokojne a nadčasovo. Vďaka univerzálnemu prevedeniu sa skvele hodí do predsiene, spálne, obývacej aj detskej izby a jednoducho zapadne do rôznych štýlov interiéru.</p>
<p data-start="330" data-end="353"><strong data-start="332" data-end="353">Hlavné prednosti:</strong></p>
<ul data-start="354" data-end="701">
<li data-start="354" data-end="424">
<p data-start="356" data-end="424">Štvordverové prevedenie so zrkadlami na dvoch stredových dvierkach</p>
</li>
<li data-start="425" data-end="473">
<p data-start="427" data-end="473">Tri praktické zásuvky pre lepšiu organizáciu</p>
</li>
<li data-start="474" data-end="541">
<p data-start="476" data-end="541">Police a závesná tyč zahrnuté v cene – bez dodatočných nákladov</p>
</li>
<li data-start="542" data-end="596">
<p data-start="544" data-end="596">Dostatočný úložný priestor na oblečenie aj doplnky</p>
</li>
<li data-start="597" data-end="647">
<p data-start="599" data-end="647">Hrúbka materiálu 16 mm pre pevnosť a stabilitu</p>
</li>
<li data-start="648" data-end="701">
<p data-start="650" data-end="701">Jemné úchytky, ktoré podčiarkujú elegantný vzhľad</p>
</li>
</ul>
<p>Rozmer (ŠxVxH): 100 x 200 x 58 cm</p>
<p><strong>Parametre výrobku</strong></p>
<table border="0" cellspacing="5" cellpadding="1">
<tbody>
<tr>
<td><strong>Typ výrobku</strong></td>
<td>Skriňa s posuvnými dverami</td>
</tr>
<tr>
<td><strong>Materiál</strong></td>
<td>DTD laminovaná/sklo</td>
</tr>
<tr>
<td><strong>Rozmery š/v/h<br />
</strong></td>
<td>100 x 200 x 58 cm</td>
</tr>
<tr>
<td><strong>Balenie</strong></td>
<td>demont</td>
</tr>
</tbody>
</table>

<p>Skriňa BALI LUX D2 – štýlové a praktické riešenie pre každý domov.Zaujme vás svojím elegantným dizajnom a harmonickým spojením neutrálnych farieb, ktoré pôsobia pokojne a nadčasovo. Vďaka univerzálnemu prevedeniu sa skvele hodí do predsiene, spálne, obývacej aj detskej izby a jednoducho zapadne do rôznych štýlov interiéru. Hlavné prednosti: Štvordverové prevedenie so zrkadlami na dvoch stredových&#8230;</p>
