{"id":126505,"date":"2026-03-04T10:39:40","date_gmt":"2026-03-04T09:39:40","guid":{"rendered":"https:\/\/nabytoklaguna.sk\/sk\/?post_type=product&#038;p=126505"},"modified":"2026-03-12T10:03:08","modified_gmt":"2026-03-12T09:03:08","slug":"grenada-255-skrina","status":"publish","type":"product","link":"https:\/\/nabytoklaguna.sk\/sk\/produkt\/grenada-255-skrina\/","title":{"rendered":"GRENADA 255 skri\u0148a"},"content":{"rendered":"<p data-start=\"65\" data-end=\"123\"><strong data-start=\"67\" data-end=\"119\">Skri\u0148a GRENADA 255 \u2013 \u0161t\u00fdl a praktickos\u0165 v jednom<\/strong><\/p>\n<p data-start=\"125\" data-end=\"385\">Skri\u0148a <strong data-start=\"132\" data-end=\"147\">GRENADA 255<\/strong> v\u00e1s o\u010dar\u00ed svoj\u00edm modern\u00fdm a z\u00e1rove\u0148 nad\u010dasov\u00fdm dizajnom. Harmonick\u00e9 spojenie neutr\u00e1lnych farieb so strieborn\u00fdmi \u00fachytkami p\u00f4sob\u00ed elegantne a \u013eahko sa kombinuje s ak\u00fdmko\u013evek interi\u00e9rom \u2013 \u010di u\u017e ide o predsie\u0148, ob\u00fdvaciu alebo detsk\u00fa izbu.<\/p>\n<p data-start=\"387\" data-end=\"594\">Dominantou skrine je zrkadlo v strednej \u010dasti, ktor\u00e9 priestor opticky zv\u00e4\u010d\u0161\u00ed a dod\u00e1 mu viac svetla. Model je charakteristick\u00fd aj svoj\u00edm zauj\u00edmav\u00fdm otv\u00e1rac\u00edm syst\u00e9mom, ktor\u00fd pod\u010diarkuje jeho modern\u00fd vzh\u013ead.<\/p>\n<p data-start=\"596\" data-end=\"682\">\u00a0Skri\u0148a pon\u00faka dostatok \u00falo\u017en\u00e9ho priestoru:<br data-start=\"641\" data-end=\"644\" \/>&#x2714; police<br data-start=\"652\" data-end=\"655\" \/>&#x2714; z\u00e1vesn\u00fa ty\u010d<br data-start=\"668\" data-end=\"671\" \/>&#x2714; z\u00e1suvky<\/p>\n<p data-start=\"684\" data-end=\"777\">Vn\u00fatorn\u00e9 vybavenie je zahrnut\u00e9 v cene, tak\u017ee nemus\u00edte po\u010d\u00edta\u0165 so \u017eiadnymi \u010fal\u0161\u00edmi n\u00e1kladmi.<\/p>\n<p data-start=\"779\" data-end=\"872\">\u00a0Hr\u00fabka materi\u00e1lu: 16 mm<br data-start=\"805\" data-end=\"808\" \/>\u00a0Jemn\u00e9 strieborn\u00e9 \u00fachytky dotv\u00e1raj\u00fa celkov\u00fd elegantn\u00fd vzh\u013ead.<\/p>\n<p>Rozmer (\u0160xVxH): 255 x 215 x 65 cm<\/p>\n<p><strong>Parametre v\u00fdrobku<\/strong><\/p>\n<table style=\"width: 100%; height: 203px;\" border=\"0\" cellspacing=\"5\" cellpadding=\"1\">\n<tbody>\n<tr style=\"height: 51px;\">\n<td style=\"height: 51px;\"><strong>Typ v\u00fdrobku<\/strong><\/td>\n<td style=\"height: 51px;\">Skri\u0148a s posuvn\u00fdmi dverami<\/td>\n<\/tr>\n<tr style=\"height: 51px;\">\n<td style=\"height: 51px;\"><strong>Materi\u00e1l<\/strong><\/td>\n<td style=\"height: 51px;\">DTD laminovan\u00e1<\/td>\n<\/tr>\n<tr style=\"height: 51px;\">\n<td style=\"height: 51px;\"><strong>Rozmery \u0161\/v\/h<br \/>\n<\/strong><\/td>\n<td style=\"height: 51px;\">255 x 215 x 65 cm<\/td>\n<\/tr>\n<tr style=\"height: 50px;\">\n<td style=\"height: 50px;\"><strong>Balenie<\/strong><\/td>\n<td style=\"height: 50px;\">demont<\/td>\n<\/tr>\n<tr>\n<td><strong>Farebn\u00e9 prevedenie<\/strong><\/td>\n<td>dub wotan\/dymov\u00e9 zrkadlo<\/td>\n<\/tr>\n<\/tbody>\n<\/table>\n","protected":false},"excerpt":{"rendered":"<p>Skri\u0148a GRENADA 255 \u2013 \u0161t\u00fdl a praktickos\u0165 v jednom Skri\u0148a GRENADA 255 v\u00e1s o\u010dar\u00ed svoj\u00edm modern\u00fdm a z\u00e1rove\u0148 nad\u010dasov\u00fdm dizajnom. Harmonick\u00e9 spojenie neutr\u00e1lnych farieb so strieborn\u00fdmi \u00fachytkami p\u00f4sob\u00ed elegantne a \u013eahko sa kombinuje s ak\u00fdmko\u013evek interi\u00e9rom \u2013 \u010di u\u017e ide o predsie\u0148, ob\u00fdvaciu alebo detsk\u00fa izbu. Dominantou skrine je zrkadlo v strednej \u010dasti, ktor\u00e9 priestor&#8230;<\/p>\n","protected":false},"featured_media":126509,"comment_status":"closed","ping_status":"closed","template":"","meta":{"_seopress_robots_primary_cat":"none","_seopress_titles_title":"","_seopress_titles_desc":"","_seopress_robots_index":""},"product_brand":[],"product_cat":[1585,225],"product_tag":[],"class_list":{"0":"post-126505","1":"product","2":"type-product","3":"status-publish","4":"has-post-thumbnail","6":"product_cat-s-posuvnymi-dverami","7":"product_cat-skrine","8":"pa_farba-biela","9":"pa_farba-divoky-dub","11":"first","12":"instock","13":"shipping-taxable","14":"purchasable","15":"product-type-simple"},"_links":{"self":[{"href":"https:\/\/nabytoklaguna.sk\/sk\/wp-json\/wp\/v2\/product\/126505","targetHints":{"allow":["GET"]}}],"collection":[{"href":"https:\/\/nabytoklaguna.sk\/sk\/wp-json\/wp\/v2\/product"}],"about":[{"href":"https:\/\/nabytoklaguna.sk\/sk\/wp-json\/wp\/v2\/types\/product"}],"replies":[{"embeddable":true,"href":"https:\/\/nabytoklaguna.sk\/sk\/wp-json\/wp\/v2\/comments?post=126505"}],"wp:featuredmedia":[{"embeddable":true,"href":"https:\/\/nabytoklaguna.sk\/sk\/wp-json\/wp\/v2\/media\/126509"}],"wp:attachment":[{"href":"https:\/\/nabytoklaguna.sk\/sk\/wp-json\/wp\/v2\/media?parent=126505"}],"wp:term":[{"taxonomy":"product_brand","embeddable":true,"href":"https:\/\/nabytoklaguna.sk\/sk\/wp-json\/wp\/v2\/product_brand?post=126505"},{"taxonomy":"product_cat","embeddable":true,"href":"https:\/\/nabytoklaguna.sk\/sk\/wp-json\/wp\/v2\/product_cat?post=126505"},{"taxonomy":"product_tag","embeddable":true,"href":"https:\/\/nabytoklaguna.sk\/sk\/wp-json\/wp\/v2\/product_tag?post=126505"}],"curies":[{"name":"wp","href":"https:\/\/api.w.org\/{rel}","templated":true}]}}

GRENADA 255 skriňa

<p data-start="65" data-end="123"><strong data-start="67" data-end="119">Skriňa GRENADA 255 – štýl a praktickosť v jednom</strong></p>
<p data-start="125" data-end="385">Skriňa <strong data-start="132" data-end="147">GRENADA 255</strong> vás očarí svojím moderným a zároveň nadčasovým dizajnom. Harmonické spojenie neutrálnych farieb so striebornými úchytkami pôsobí elegantne a ľahko sa kombinuje s akýmkoľvek interiérom – či už ide o predsieň, obývaciu alebo detskú izbu.</p>
<p data-start="387" data-end="594">Dominantou skrine je zrkadlo v strednej časti, ktoré priestor opticky zväčší a dodá mu viac svetla. Model je charakteristický aj svojím zaujímavým otváracím systémom, ktorý podčiarkuje jeho moderný vzhľad.</p>
<p data-start="596" data-end="682"> Skriňa ponúka dostatok úložného priestoru:<br data-start="641" data-end="644" />&#x2714; police<br data-start="652" data-end="655" />&#x2714; závesnú tyč<br data-start="668" data-end="671" />&#x2714; zásuvky</p>
<p data-start="684" data-end="777">Vnútorné vybavenie je zahrnuté v cene, takže nemusíte počítať so žiadnymi ďalšími nákladmi.</p>
<p data-start="779" data-end="872"> Hrúbka materiálu: 16 mm<br data-start="805" data-end="808" /> Jemné strieborné úchytky dotvárajú celkový elegantný vzhľad.</p>
<p>Rozmer (ŠxVxH): 255 x 215 x 65 cm</p>
<p><strong>Parametre výrobku</strong></p>
<table style="width: 100%; height: 203px;" border="0" cellspacing="5" cellpadding="1">
<tbody>
<tr style="height: 51px;">
<td style="height: 51px;"><strong>Typ výrobku</strong></td>
<td style="height: 51px;">Skriňa s posuvnými dverami</td>
</tr>
<tr style="height: 51px;">
<td style="height: 51px;"><strong>Materiál</strong></td>
<td style="height: 51px;">DTD laminovaná</td>
</tr>
<tr style="height: 51px;">
<td style="height: 51px;"><strong>Rozmery š/v/h<br />
</strong></td>
<td style="height: 51px;">255 x 215 x 65 cm</td>
</tr>
<tr style="height: 50px;">
<td style="height: 50px;"><strong>Balenie</strong></td>
<td style="height: 50px;">demont</td>
</tr>
<tr>
<td><strong>Farebné prevedenie</strong></td>
<td>dub wotan/dymové zrkadlo</td>
</tr>
</tbody>
</table>

<p>Skriňa GRENADA 255 – štýl a praktickosť v jednom Skriňa GRENADA 255 vás očarí svojím moderným a zároveň nadčasovým dizajnom. Harmonické spojenie neutrálnych farieb so striebornými úchytkami pôsobí elegantne a ľahko sa kombinuje s akýmkoľvek interiérom – či už ide o predsieň, obývaciu alebo detskú izbu. Dominantou skrine je zrkadlo v strednej časti, ktoré priestor&#8230;</p>
