{"id":12661,"date":"2021-02-22T16:54:36","date_gmt":"2021-02-22T15:54:36","guid":{"rendered":"http:\/\/nabytoklaguna.sk\/sk\/?post_type=product&#038;p=12661"},"modified":"2025-07-15T10:26:38","modified_gmt":"2025-07-15T08:26:38","slug":"rea-oxana-180x200","status":"publish","type":"product","link":"https:\/\/nabytoklaguna.sk\/sk\/produkt\/rea-oxana-180x200\/","title":{"rendered":"REA OXANA 180X200"},"content":{"rendered":"<p>Extra pevn\u00e9 dvojl\u00f4\u017eko s \u00falo\u017en\u00fdm priestorom svojimi \u010dist\u00fdmi l\u00edniami zapadne do ak\u00e9hoko\u013evek interi\u00e9ru. Na nezaplatenie je aj ve\u013ek\u00fd \u00falo\u017en\u00fd priestor, ktor\u00fd u\u0161etr\u00ed priestor v sp\u00e1lni a pon\u00faka mo\u017enos\u0165 ulo\u017eenia l\u00f4\u017ekov\u00edn, sez\u00f3nneho oble\u010denia \u010di \u0161portov\u00fdch potrieb. Mo\u017enos\u0165 v\u00fdberu farebn\u00e9ho prevedenia pod\u013ea ponuky. Kvalitn\u00fd slovensk\u00fd v\u00fdrobok.<\/p>\n<table>\n<tbody>\n<tr class=\"odd\">\n<th>Materi\u00e1l<\/th>\n<td>\n<ul>\n<li>nosn\u00e9 \u010dasti: DTD laminovan\u00e1 doska hr\u00fabky 25 mm, 2 mm ABS hrany<\/li>\n<li>ostatn\u00e9 \u010dasti: DTD laminovan\u00e1 doska hr\u00fabky 16 mm, 0,5 mm ABS hrany<\/li>\n<\/ul>\n<\/td>\n<\/tr>\n<tr>\n<th>Rozmery<\/p>\n<p>\u0161 x h x v<\/th>\n<td>\n<ul>\n<li>rozmery korpusu: 185x38x210 cm, plocha na spanie: 180 x 200 cm<\/li>\n<li>zapustenie matraca od hornej hrany korpusu je 5 cm<\/li>\n<li>v\u00fd\u0161ka od zeme po spodn\u00fa hranu ro\u0161tu je 36,5cm<\/li>\n<\/ul>\n<\/td>\n<\/tr>\n<tr class=\"odd\">\n<th>Typ<\/th>\n<td>\u00a0s \u00falo\u017en\u00fdm priestorom<\/td>\n<\/tr>\n<tr>\n<th>Farba<\/th>\n<td>\n<ul>\n<li>korpus: biela, dub bardolino, dub canyon,\u00a0 lancelot, orech rockpile, buk, wenge, graphite<\/li>\n<\/ul>\n<\/td>\n<\/tr>\n<tr class=\"odd\">\n<th>Ro\u0161t<\/th>\n<td>dreven\u00fd lamelov\u00fd ro\u0161t SPRING BV 90 x 200 cm s bo\u010dn\u00fdm pru\u017einov\u00fdm v\u00fdklopom, bez polohovania.<\/p>\n<p>nosnos\u0165: 130 kg<\/td>\n<\/tr>\n<tr>\n<th>Dod\u00e1van\u00e9<\/th>\n<td>v demonte<\/td>\n<\/tr>\n<\/tbody>\n<\/table>\n<table style=\"width: 100%;\" border=\"0\" cellspacing=\"1\" cellpadding=\"1\">\n<tbody>\n<tr>\n<td style=\"width: 29.199%;\"><img loading=\"lazy\" decoding=\"async\" class=\"\" src=\"https:\/\/i2.wp.com\/nabytoklaguna.sk\/sk\/wp-content\/uploads\/2021\/01\/matrac-LENNA.jpg?resize=252%2C252&amp;ssl=1\" width=\"259\" height=\"259\" \/><\/td>\n<td style=\"width: 70.6288%;\"><u><strong>Matrac LENNA:<\/strong><\/u><\/p>\n<p>Kvalitn\u00fd 5-z\u00f3nov\u00fd profilovan\u00fd matrac Lenna je z\u00e1stupcom matracov bez pou\u017eitia lepidiel. \u0160peci\u00e1lne jadro tvoria dva d\u00f4myselne rezan\u00e9 diely z kvalitn\u00fdch polyuret\u00e1nov\u00fdch Sleepfoam pien. Pri sp\u00e1nku umo\u017e\u0148uje tento matrac bez lepidiel pohyb pien v\u010faka vo\u013en\u00e9mu ulo\u017eeniu a t\u00fdm vyhovuje individu\u00e1lnym potreb\u00e1m u\u017e\u00edvate\u013ea. V\u010faka rozdielnym objemov\u00fdm hmotnostiam Sleepfoam pien tento matrac poskytuje tvrd\u0161iu a m\u00e4k\u0161iu stranu. Matrac je ur\u010den\u00fd pre v\u00e1hov\u00fa kateg\u00f3riu do 100 kg. Celkov\u00e1 v\u00fd\u0161ka matraca je 17 cm. Po\u0165ah je z kvalitn\u00e9ho \u00fapletu, z\u00f3novo pre\u0161it\u00fd, delite\u013en\u00fd a na jeho v\u00fdrobu je pou\u017eit\u00e9 r\u00fano vysokej gram\u00e1\u017ee. Po\u0165ah je prate\u013en\u00fd na 60 \u00baC.<\/td>\n<\/tr>\n<tr>\n<td style=\"width: 29.199%;\">&nbsp;<\/p>\n<p><img loading=\"lazy\" decoding=\"async\" class=\"\" src=\"https:\/\/i1.wp.com\/nabytoklaguna.sk\/sk\/wp-content\/uploads\/2021\/01\/matrac-VENDY.jpg?resize=258%2C258&amp;ssl=1\" width=\"259\" height=\"259\" \/><\/td>\n<td style=\"width: 70.6288%;\"><strong><u>Matrac VENDY:<\/u><\/strong><\/p>\n<p>Luxusn\u00fd matrac tvor\u00ed z oboch str\u00e1n a\u017e 9 cm vysok\u00e1 vrstva polyuret\u00e1novej peny. Ru\u017eov\u00e1 (m\u00e4kk\u0161ia) pena je gram\u00e1\u017ee 25 kg \/ m3 a zelen\u00e1 ( tvrd\u0161ia ) a\u017e 28 kg \/ m3. V\u00fdrazn\u00e9 profilovanie povrchu oboch pien zabezpe\u010d\u00ed spr\u00e1vny a z\u00e1rove\u0148 ve\u013emi kvalitn\u00fd sp\u00e1nkov\u00fd komfort, v\u010faka ktor\u00e9mu je zaru\u010den\u00e9 od\u013eah\u010denie exponovan\u00fdch miest na tele. T\u00fdm sa zrete\u013ene zlep\u0161uje prekrvenie poko\u017eky a uvo\u013enenie svalov. Pre dosiahnutie nosnosti 130 kg je matrac spevnen\u00fd 4 cm vrstvou RE peny. Celkov\u00e1 v\u00fd\u0161ka vr\u00e1tane po\u0165ahu ALOE VERA je 23 cm. Po\u0165ah je z ALOE VERA. Po\u0165ah je prate\u013en\u00fd na 60 \u00baC.<\/td>\n<\/tr>\n<\/tbody>\n<\/table>\n","protected":false},"excerpt":{"rendered":"<p><img loading=\"lazy\" decoding=\"async\" class=\"alignnone size-full wp-image-12669\" src=\"http:\/\/nabytoklaguna.sk\/sk\/wp-content\/uploads\/2017\/03\/slovensk\u00fd-znak-18.png\" alt=\"\" width=\"126\" height=\"126\" srcset=\"https:\/\/nabytoklaguna.sk\/sk\/wp-content\/uploads\/2017\/03\/slovensk\u00fd-znak-18.png 126w, https:\/\/nabytoklaguna.sk\/sk\/wp-content\/uploads\/2017\/03\/slovensk\u00fd-znak-18-100x100.png 100w\" sizes=\"auto, (max-width: 126px) 100vw, 126px\" \/><\/p>\n","protected":false},"featured_media":12656,"comment_status":"closed","ping_status":"closed","template":"","meta":{"_seopress_robots_primary_cat":"616","_seopress_titles_title":"","_seopress_titles_desc":"","_seopress_robots_index":""},"product_brand":[],"product_cat":[4012,616],"product_tag":[],"class_list":{"0":"post-12661","1":"product","2":"type-product","3":"status-publish","4":"has-post-thumbnail","6":"product_cat-postele","7":"product_cat-drevene-postele","8":"pa_farba-biela","9":"pa_farba-buk","10":"pa_farba-dub-bardolino","11":"pa_farba-dub-canyon","12":"pa_farba-graphite","13":"pa_farba-lancelot","14":"pa_farba-navarra","15":"pa_farba-orech-rockpile","16":"pa_farba-venge","17":"pa_typ-produktu-s-matracom-lenna-2-ks-90-x-200-cm-11-zdarma","18":"pa_typ-produktu-s-matracom-vendy-2-ks-90-x-200-cm-11-zdarma","19":"pa_typ-produktu-s-rostom-bez-matraca-2","21":"first","22":"onbackorder","23":"shipping-taxable","24":"purchasable","25":"product-type-variable"},"_links":{"self":[{"href":"https:\/\/nabytoklaguna.sk\/sk\/wp-json\/wp\/v2\/product\/12661","targetHints":{"allow":["GET"]}}],"collection":[{"href":"https:\/\/nabytoklaguna.sk\/sk\/wp-json\/wp\/v2\/product"}],"about":[{"href":"https:\/\/nabytoklaguna.sk\/sk\/wp-json\/wp\/v2\/types\/product"}],"replies":[{"embeddable":true,"href":"https:\/\/nabytoklaguna.sk\/sk\/wp-json\/wp\/v2\/comments?post=12661"}],"wp:featuredmedia":[{"embeddable":true,"href":"https:\/\/nabytoklaguna.sk\/sk\/wp-json\/wp\/v2\/media\/12656"}],"wp:attachment":[{"href":"https:\/\/nabytoklaguna.sk\/sk\/wp-json\/wp\/v2\/media?parent=12661"}],"wp:term":[{"taxonomy":"product_brand","embeddable":true,"href":"https:\/\/nabytoklaguna.sk\/sk\/wp-json\/wp\/v2\/product_brand?post=12661"},{"taxonomy":"product_cat","embeddable":true,"href":"https:\/\/nabytoklaguna.sk\/sk\/wp-json\/wp\/v2\/product_cat?post=12661"},{"taxonomy":"product_tag","embeddable":true,"href":"https:\/\/nabytoklaguna.sk\/sk\/wp-json\/wp\/v2\/product_tag?post=12661"}],"curies":[{"name":"wp","href":"https:\/\/api.w.org\/{rel}","templated":true}]}}

<p>Extra pevné dvojlôžko s úložným priestorom svojimi čistými líniami zapadne do akéhokoľvek interiéru. Na nezaplatenie je aj veľký úložný priestor, ktorý ušetrí priestor v spálni a ponúka možnosť uloženia lôžkovín, sezónneho oblečenia či športových potrieb. Možnosť výberu farebného prevedenia podľa ponuky. Kvalitný slovenský výrobok.</p>
<table>
<tbody>
<tr class="odd">
<th>Materiál</th>
<td>
<ul>
<li>nosné časti: DTD laminovaná doska hrúbky 25 mm, 2 mm ABS hrany</li>
<li>ostatné časti: DTD laminovaná doska hrúbky 16 mm, 0,5 mm ABS hrany</li>
</ul>
</td>
</tr>
<tr>
<th>Rozmery</p>
<p>š x h x v</th>
<td>
<ul>
<li>rozmery korpusu: 185x38x210 cm, plocha na spanie: 180 x 200 cm</li>
<li>zapustenie matraca od hornej hrany korpusu je 5 cm</li>
<li>výška od zeme po spodnú hranu roštu je 36,5cm</li>
</ul>
</td>
</tr>
<tr class="odd">
<th>Typ</th>
<td> s úložným priestorom</td>
</tr>
<tr>
<th>Farba</th>
<td>
<ul>
<li>korpus: biela, dub bardolino, dub canyon,  lancelot, orech rockpile, buk, wenge, graphite</li>
</ul>
</td>
</tr>
<tr class="odd">
<th>Rošt</th>
<td>drevený lamelový rošt SPRING BV 90 x 200 cm s bočným pružinovým výklopom, bez polohovania.</p>
<p>nosnosť: 130 kg</td>
</tr>
<tr>
<th>Dodávané</th>
<td>v demonte</td>
</tr>
</tbody>
</table>
<table style="width: 100%;" border="0" cellspacing="1" cellpadding="1">
<tbody>
<tr>
<td style="width: 29.199%;"><img loading="lazy" decoding="async" class="" src="https://i2.wp.com/nabytoklaguna.sk/sk/wp-content/uploads/2021/01/matrac-LENNA.jpg?resize=252%2C252&amp;ssl=1" width="259" height="259" /></td>
<td style="width: 70.6288%;"><u><strong>Matrac LENNA:</strong></u></p>
<p>Kvalitný 5-zónový profilovaný matrac Lenna je zástupcom matracov bez použitia lepidiel. Špeciálne jadro tvoria dva dômyselne rezané diely z kvalitných polyuretánových Sleepfoam pien. Pri spánku umožňuje tento matrac bez lepidiel pohyb pien vďaka voľnému uloženiu a tým vyhovuje individuálnym potrebám užívateľa. Vďaka rozdielnym objemovým hmotnostiam Sleepfoam pien tento matrac poskytuje tvrdšiu a mäkšiu stranu. Matrac je určený pre váhovú kategóriu do 100 kg. Celková výška matraca je 17 cm. Poťah je z kvalitného úpletu, zónovo prešitý, deliteľný a na jeho výrobu je použité rúno vysokej gramáže. Poťah je prateľný na 60 ºC.</td>
</tr>
<tr>
<td style="width: 29.199%;">&nbsp;</p>
<p><img loading="lazy" decoding="async" class="" src="https://i1.wp.com/nabytoklaguna.sk/sk/wp-content/uploads/2021/01/matrac-VENDY.jpg?resize=258%2C258&amp;ssl=1" width="259" height="259" /></td>
<td style="width: 70.6288%;"><strong><u>Matrac VENDY:</u></strong></p>
<p>Luxusný matrac tvorí z oboch strán až 9 cm vysoká vrstva polyuretánovej peny. Ružová (mäkkšia) pena je gramáže 25 kg / m3 a zelená ( tvrdšia ) až 28 kg / m3. Výrazné profilovanie povrchu oboch pien zabezpečí správny a zároveň veľmi kvalitný spánkový komfort, vďaka ktorému je zaručené odľahčenie exponovaných miest na tele. Tým sa zreteľne zlepšuje prekrvenie pokožky a uvoľnenie svalov. Pre dosiahnutie nosnosti 130 kg je matrac spevnený 4 cm vrstvou RE peny. Celková výška vrátane poťahu ALOE VERA je 23 cm. Poťah je z ALOE VERA. Poťah je prateľný na 60 ºC.</td>
</tr>
</tbody>
</table>

<p><img loading="lazy" decoding="async" class="alignnone size-full wp-image-12669" src="http://nabytoklaguna.sk/sk/wp-content/uploads/2017/03/slovenský-znak-18.png" alt="" width="126" height="126" srcset="https://nabytoklaguna.sk/sk/wp-content/uploads/2017/03/slovenský-znak-18.png 126w, https://nabytoklaguna.sk/sk/wp-content/uploads/2017/03/slovenský-znak-18-100x100.png 100w" sizes="auto, (max-width: 126px) 100vw, 126px" /></p>
