{"id":127082,"date":"2026-03-17T15:43:51","date_gmt":"2026-03-17T14:43:51","guid":{"rendered":"https:\/\/nabytoklaguna.sk\/sk\/?post_type=product&#038;p=127082"},"modified":"2026-03-23T13:13:33","modified_gmt":"2026-03-23T12:13:33","slug":"kaja-2f-2lam-skrina","status":"publish","type":"product","link":"https:\/\/nabytoklaguna.sk\/sk\/produkt\/kaja-2f-2lam-skrina\/","title":{"rendered":"KAJA 2F 2LAM skri\u0148a"},"content":{"rendered":"<p data-start=\"361\" data-end=\"599\">Skrine <strong>KAJA\u00a0<\/strong> s\u00fa viac ne\u017e len \u00falo\u017en\u00fd n\u00e1bytok \u2013 s\u00fa v\u00fdsledkom <strong>starostliv\u00e9ho dizajnu<\/strong> s praktick\u00fdm pr\u00edstupom k organiz\u00e1cii priestoru. Ich p\u00f4sobiv\u00e1 kapacita umo\u017e\u0148uje usporiada\u0165 aj najrozsiahlej\u0161\u00ed \u0161atn\u00edk alebo zbierku predmetov pri zachovan\u00ed estetiky a vysokej kvality spracovania. \u0160irok\u00e1 <strong>\u0161k\u00e1la farebn\u00fdch kombin\u00e1ci\u00ed<\/strong> navy\u0161e umo\u017e\u0148uje prisp\u00f4sobi\u0165 skrine Kaja ak\u00e9muko\u013evek dizajnu interi\u00e9ru a doda\u0165 im p\u00f4sobiv\u00fd \u0161tylistick\u00fd akcent. \u00a0\u0160atn\u00edk m\u00e1 4 dvierka<strong> bez zrkadla<\/strong> a <strong>vn\u00fatorn\u00e9 dvere<\/strong> maj\u00fa <strong>skrutkovacie lamely.<\/strong>\u00a0 Za stredn\u00fdmi dverami je jedna polica a ve\u0161iak na \u0161aty<\/p>\n<p data-start=\"601\" data-end=\"624\"><strong data-start=\"603\" data-end=\"624\">Charakteristick\u00e9 vlastnosti:<\/strong><\/p>\n<ul data-start=\"625\" data-end=\"862\">\n<li>klasick\u00fd dizajn<\/li>\n<li>4 dvierka \/ lamely<\/li>\n<li>\u010dierna kovov\u00e1 rukov\u00e4\u0165<\/li>\n<li data-start=\"625\" data-end=\"658\">farby:\u00a0 \u010dierny \/ dub evoke &#8211; \u010dierny,\u00a0 \u00a0\u010dierny \/ \u010dierny &#8211; dub evoke,\u00a0 \u00a0dub evoke \/ \u010dierny &#8211; dub evoke,\u00a0 \u00a0dub evoke \/ dub evoke &#8211;\u00a0 \u010dierny<\/li>\n<\/ul>\n<p>Rozmer (\u0160xVxH): 200 x 239 x 61,90 cm<\/p>\n<p><strong>Parametre v\u00fdrobku<\/strong><\/p>\n<table style=\"width: 100%; height: 203px;\" border=\"0\" cellspacing=\"5\" cellpadding=\"1\">\n<tbody>\n<tr style=\"height: 51px;\">\n<td style=\"height: 51px; width: 46.9185%;\"><strong>Typ v\u00fdrobku<\/strong><\/td>\n<td style=\"height: 51px; width: 52.6839%;\">Skri\u0148a<\/td>\n<\/tr>\n<tr style=\"height: 51px;\">\n<td style=\"height: 51px; width: 46.9185%;\"><strong>Materi\u00e1l<\/strong><\/td>\n<td style=\"height: 51px; width: 52.6839%;\">DTD laminovan\u00e1<\/td>\n<\/tr>\n<tr style=\"height: 51px;\">\n<td style=\"height: 51px; width: 46.9185%;\"><strong>Rozmery \u0161\/v\/h<br \/>\n<\/strong><\/td>\n<td style=\"height: 51px; width: 52.6839%;\">200 x 239 x 61,90 cm<\/td>\n<\/tr>\n<tr style=\"height: 50px;\">\n<td style=\"height: 50px; width: 46.9185%;\"><strong>Balenie<\/strong><\/td>\n<td style=\"height: 50px; width: 52.6839%;\">demont<\/td>\n<\/tr>\n<tr>\n<td style=\"width: 46.9185%;\"><strong>Farebn\u00e9 prevedenie<\/strong><\/td>\n<td style=\"width: 52.6839%;\">\u010dierny \/ dub evoke,\u00a0 evoke \/ dub \u010dierny<\/td>\n<\/tr>\n<\/tbody>\n<\/table>\n","protected":false},"excerpt":{"rendered":"<p>Skrine KAJA\u00a0 s\u00fa viac ne\u017e len \u00falo\u017en\u00fd n\u00e1bytok \u2013 s\u00fa v\u00fdsledkom starostliv\u00e9ho dizajnu s praktick\u00fdm pr\u00edstupom k organiz\u00e1cii priestoru. Ich p\u00f4sobiv\u00e1 kapacita umo\u017e\u0148uje usporiada\u0165 aj najrozsiahlej\u0161\u00ed \u0161atn\u00edk alebo zbierku predmetov pri zachovan\u00ed estetiky a vysokej kvality spracovania. \u0160irok\u00e1 \u0161k\u00e1la farebn\u00fdch kombin\u00e1ci\u00ed navy\u0161e umo\u017e\u0148uje prisp\u00f4sobi\u0165 skrine Kaja ak\u00e9muko\u013evek dizajnu interi\u00e9ru a doda\u0165 im p\u00f4sobiv\u00fd \u0161tylistick\u00fd akcent&#8230;.<\/p>\n","protected":false},"featured_media":127088,"comment_status":"closed","ping_status":"closed","template":"","meta":{"_seopress_robots_primary_cat":"none","_seopress_titles_title":"","_seopress_titles_desc":"","_seopress_robots_index":""},"product_brand":[],"product_cat":[225,1586],"product_tag":[],"class_list":{"0":"post-127082","1":"product","2":"type-product","3":"status-publish","4":"has-post-thumbnail","6":"product_cat-skrine","7":"product_cat-klasicky-otvaracie","8":"pa_farba-cierny-cierny-dub-evoke","9":"pa_farba-cierny-dub-evoke-cierny","10":"pa_farba-dub-evoke-cierny-dub-evoke","11":"pa_farba-dub-evoke-dub-evoke-cierny","13":"first","14":"instock","15":"shipping-taxable","16":"purchasable","17":"product-type-variable"},"_links":{"self":[{"href":"https:\/\/nabytoklaguna.sk\/sk\/wp-json\/wp\/v2\/product\/127082","targetHints":{"allow":["GET"]}}],"collection":[{"href":"https:\/\/nabytoklaguna.sk\/sk\/wp-json\/wp\/v2\/product"}],"about":[{"href":"https:\/\/nabytoklaguna.sk\/sk\/wp-json\/wp\/v2\/types\/product"}],"replies":[{"embeddable":true,"href":"https:\/\/nabytoklaguna.sk\/sk\/wp-json\/wp\/v2\/comments?post=127082"}],"wp:featuredmedia":[{"embeddable":true,"href":"https:\/\/nabytoklaguna.sk\/sk\/wp-json\/wp\/v2\/media\/127088"}],"wp:attachment":[{"href":"https:\/\/nabytoklaguna.sk\/sk\/wp-json\/wp\/v2\/media?parent=127082"}],"wp:term":[{"taxonomy":"product_brand","embeddable":true,"href":"https:\/\/nabytoklaguna.sk\/sk\/wp-json\/wp\/v2\/product_brand?post=127082"},{"taxonomy":"product_cat","embeddable":true,"href":"https:\/\/nabytoklaguna.sk\/sk\/wp-json\/wp\/v2\/product_cat?post=127082"},{"taxonomy":"product_tag","embeddable":true,"href":"https:\/\/nabytoklaguna.sk\/sk\/wp-json\/wp\/v2\/product_tag?post=127082"}],"curies":[{"name":"wp","href":"https:\/\/api.w.org\/{rel}","templated":true}]}}

KAJA 2F 2LAM skriňa

<p data-start="361" data-end="599">Skrine <strong>KAJA </strong> sú viac než len úložný nábytok – sú výsledkom <strong>starostlivého dizajnu</strong> s praktickým prístupom k organizácii priestoru. Ich pôsobivá kapacita umožňuje usporiadať aj najrozsiahlejší šatník alebo zbierku predmetov pri zachovaní estetiky a vysokej kvality spracovania. Široká <strong>škála farebných kombinácií</strong> navyše umožňuje prispôsobiť skrine Kaja akémukoľvek dizajnu interiéru a dodať im pôsobivý štylistický akcent.  Šatník má 4 dvierka<strong> bez zrkadla</strong> a <strong>vnútorné dvere</strong> majú <strong>skrutkovacie lamely.</strong>  Za strednými dverami je jedna polica a vešiak na šaty</p>
<p data-start="601" data-end="624"><strong data-start="603" data-end="624">Charakteristické vlastnosti:</strong></p>
<ul data-start="625" data-end="862">
<li>klasický dizajn</li>
<li>4 dvierka / lamely</li>
<li>čierna kovová rukoväť</li>
<li data-start="625" data-end="658">farby:  čierny / dub evoke &#8211; čierny,   čierny / čierny &#8211; dub evoke,   dub evoke / čierny &#8211; dub evoke,   dub evoke / dub evoke &#8211;  čierny</li>
</ul>
<p>Rozmer (ŠxVxH): 200 x 239 x 61,90 cm</p>
<p><strong>Parametre výrobku</strong></p>
<table style="width: 100%; height: 203px;" border="0" cellspacing="5" cellpadding="1">
<tbody>
<tr style="height: 51px;">
<td style="height: 51px; width: 46.9185%;"><strong>Typ výrobku</strong></td>
<td style="height: 51px; width: 52.6839%;">Skriňa</td>
</tr>
<tr style="height: 51px;">
<td style="height: 51px; width: 46.9185%;"><strong>Materiál</strong></td>
<td style="height: 51px; width: 52.6839%;">DTD laminovaná</td>
</tr>
<tr style="height: 51px;">
<td style="height: 51px; width: 46.9185%;"><strong>Rozmery š/v/h<br />
</strong></td>
<td style="height: 51px; width: 52.6839%;">200 x 239 x 61,90 cm</td>
</tr>
<tr style="height: 50px;">
<td style="height: 50px; width: 46.9185%;"><strong>Balenie</strong></td>
<td style="height: 50px; width: 52.6839%;">demont</td>
</tr>
<tr>
<td style="width: 46.9185%;"><strong>Farebné prevedenie</strong></td>
<td style="width: 52.6839%;">čierny / dub evoke,  evoke / dub čierny</td>
</tr>
</tbody>
</table>

<p>Skrine KAJA  sú viac než len úložný nábytok – sú výsledkom starostlivého dizajnu s praktickým prístupom k organizácii priestoru. Ich pôsobivá kapacita umožňuje usporiadať aj najrozsiahlejší šatník alebo zbierku predmetov pri zachovaní estetiky a vysokej kvality spracovania. Široká škála farebných kombinácií navyše umožňuje prispôsobiť skrine Kaja akémukoľvek dizajnu interiéru a dodať im pôsobivý štylistický akcent&#8230;.</p>
