{"id":127286,"date":"2026-03-26T14:27:50","date_gmt":"2026-03-26T13:27:50","guid":{"rendered":"https:\/\/nabytoklaguna.sk\/sk\/?post_type=product&#038;p=127286"},"modified":"2026-04-02T10:33:20","modified_gmt":"2026-04-02T08:33:20","slug":"mike-1-3t2s-komoda","status":"publish","type":"product","link":"https:\/\/nabytoklaguna.sk\/sk\/produkt\/mike-1-3t2s-komoda\/","title":{"rendered":"MIKE 1"},"content":{"rendered":"<p>Pokia\u013e h\u013ead\u00e1te\u00a0<strong>priestrann\u00fa komodu<\/strong> do svojho interi\u00e9ru <strong>MIKE 1 3T 2S<\/strong> je t\u00fdm spr\u00e1vnym v\u00fdberom. Poskytne nielen ve\u013ek\u00fd \u00falo\u017en\u00fd priestor, ale v\u010faka nad\u010dasov\u00e9mu dizajnu skvele zapadne do ka\u017ed\u00e9ho interi\u00e9ru. Komoda do ob\u00fdva\u010dky je vyroben\u00e1 z <strong>kvalitnej laminovanej dosky<\/strong> a jej dvierka dop\u013a\u0148aj\u00fa \u00fachyty v sivej farbe. Komoda pon\u00faka <strong>2 z\u00e1suvky a police za dvierkami.<\/strong> Toto v\u0161etko vyu\u017eijete na uskladnenie oble\u010denia, a mnoho \u010fal\u0161ieho. Na \u013eavej strane sa nach\u00e1dza vlo\u017een\u00e1 polica. Komoda stoj\u00ed na n\u00edzkych no\u017ei\u010dk\u00e1ch. Skombinova\u0165 ju m\u00f4\u017eete s komodami <strong>Mike 2 a Mike 3<\/strong><\/p>\n<p><strong>Parametre v\u00fdrobku<\/strong><\/p>\n<table style=\"width: 100%; height: 363px;\" border=\"0\" cellspacing=\"5\" cellpadding=\"1\">\n<tbody>\n<tr style=\"height: 52px;\">\n<td style=\"width: 45.6428%; height: 52px;\"><strong>Typ v\u00fdrobku<\/strong><\/td>\n<td style=\"width: 54.1846%; height: 52px;\">komoda<\/td>\n<\/tr>\n<tr style=\"height: 52px;\">\n<td style=\"width: 45.6428%; height: 52px;\"><strong>Materi\u00e1l<\/strong><\/td>\n<td style=\"width: 54.1846%; height: 52px;\">DTD<\/td>\n<\/tr>\n<tr style=\"height: 52px;\">\n<td style=\"width: 45.6428%; height: 52px;\"><strong>Farebn\u00e9 prevedenie:<\/strong><\/td>\n<td style=\"width: 54.1846%; height: 52px;\">biela, sonoma<\/td>\n<\/tr>\n<tr style=\"height: 52px;\">\n<td style=\"width: 45.6428%; height: 52px;\"><strong>Rozmery: \u0161\/v\/h<\/strong><\/td>\n<td style=\"width: 54.1846%; height: 52px;\">106 x 75 x 35 cm<\/td>\n<\/tr>\n<tr style=\"height: 52px;\">\n<td style=\"width: 45.6428%; height: 52px;\"><strong>Balenie<\/strong><\/td>\n<td style=\"width: 54.1846%; height: 52px;\">dod\u00e1van\u00e9 v demonte<\/td>\n<\/tr>\n<tr style=\"height: 51px;\">\n<td style=\"width: 45.6428%; height: 51px;\"><strong>Z\u00e1ruka<\/strong><\/td>\n<td style=\"width: 54.1846%; height: 51px;\">2 roky<\/td>\n<\/tr>\n<\/tbody>\n<\/table>\n<p>&nbsp;<\/p>\n","protected":false},"excerpt":{"rendered":"<p>Pokia\u013e h\u013ead\u00e1te\u00a0priestrann\u00fa komodu do svojho interi\u00e9ru MIKE 1 3T 2S je t\u00fdm spr\u00e1vnym v\u00fdberom. Poskytne nielen ve\u013ek\u00fd \u00falo\u017en\u00fd priestor, ale v\u010faka nad\u010dasov\u00e9mu dizajnu skvele zapadne do ka\u017ed\u00e9ho interi\u00e9ru. Komoda do ob\u00fdva\u010dky je vyroben\u00e1 z kvalitnej laminovanej dosky a jej dvierka dop\u013a\u0148aj\u00fa \u00fachyty v sivej farbe. Komoda pon\u00faka 2 z\u00e1suvky a police za dvierkami. Toto v\u0161etko&#8230;<\/p>\n","protected":false},"featured_media":127311,"comment_status":"open","ping_status":"closed","template":"","meta":{"_seopress_robots_primary_cat":"none","_seopress_titles_title":"","_seopress_titles_desc":"","_seopress_robots_index":""},"product_brand":[],"product_cat":[222],"product_tag":[],"class_list":{"0":"post-127286","1":"product","2":"type-product","3":"status-publish","4":"has-post-thumbnail","6":"product_cat-komody","7":"pa_farba-biela","8":"pa_farba-dub-sonoma","9":"pa_farba-old-style-matera","11":"first","12":"instock","13":"shipping-taxable","14":"purchasable","15":"product-type-variable"},"_links":{"self":[{"href":"https:\/\/nabytoklaguna.sk\/sk\/wp-json\/wp\/v2\/product\/127286","targetHints":{"allow":["GET"]}}],"collection":[{"href":"https:\/\/nabytoklaguna.sk\/sk\/wp-json\/wp\/v2\/product"}],"about":[{"href":"https:\/\/nabytoklaguna.sk\/sk\/wp-json\/wp\/v2\/types\/product"}],"replies":[{"embeddable":true,"href":"https:\/\/nabytoklaguna.sk\/sk\/wp-json\/wp\/v2\/comments?post=127286"}],"wp:featuredmedia":[{"embeddable":true,"href":"https:\/\/nabytoklaguna.sk\/sk\/wp-json\/wp\/v2\/media\/127311"}],"wp:attachment":[{"href":"https:\/\/nabytoklaguna.sk\/sk\/wp-json\/wp\/v2\/media?parent=127286"}],"wp:term":[{"taxonomy":"product_brand","embeddable":true,"href":"https:\/\/nabytoklaguna.sk\/sk\/wp-json\/wp\/v2\/product_brand?post=127286"},{"taxonomy":"product_cat","embeddable":true,"href":"https:\/\/nabytoklaguna.sk\/sk\/wp-json\/wp\/v2\/product_cat?post=127286"},{"taxonomy":"product_tag","embeddable":true,"href":"https:\/\/nabytoklaguna.sk\/sk\/wp-json\/wp\/v2\/product_tag?post=127286"}],"curies":[{"name":"wp","href":"https:\/\/api.w.org\/{rel}","templated":true}]}}

<p>Pokiaľ hľadáte <strong>priestrannú komodu</strong> do svojho interiéru <strong>MIKE 1 3T 2S</strong> je tým správnym výberom. Poskytne nielen veľký úložný priestor, ale vďaka nadčasovému dizajnu skvele zapadne do každého interiéru. Komoda do obývačky je vyrobená z <strong>kvalitnej laminovanej dosky</strong> a jej dvierka dopĺňajú úchyty v sivej farbe. Komoda ponúka <strong>2 zásuvky a police za dvierkami.</strong> Toto všetko využijete na uskladnenie oblečenia, a mnoho ďalšieho. Na ľavej strane sa nachádza vložená polica. Komoda stojí na nízkych nožičkách. Skombinovať ju môžete s komodami <strong>Mike 2 a Mike 3</strong></p>
<p><strong>Parametre výrobku</strong></p>
<table style="width: 100%; height: 363px;" border="0" cellspacing="5" cellpadding="1">
<tbody>
<tr style="height: 52px;">
<td style="width: 45.6428%; height: 52px;"><strong>Typ výrobku</strong></td>
<td style="width: 54.1846%; height: 52px;">komoda</td>
</tr>
<tr style="height: 52px;">
<td style="width: 45.6428%; height: 52px;"><strong>Materiál</strong></td>
<td style="width: 54.1846%; height: 52px;">DTD</td>
</tr>
<tr style="height: 52px;">
<td style="width: 45.6428%; height: 52px;"><strong>Farebné prevedenie:</strong></td>
<td style="width: 54.1846%; height: 52px;">biela, sonoma</td>
</tr>
<tr style="height: 52px;">
<td style="width: 45.6428%; height: 52px;"><strong>Rozmery: š/v/h</strong></td>
<td style="width: 54.1846%; height: 52px;">106 x 75 x 35 cm</td>
</tr>
<tr style="height: 52px;">
<td style="width: 45.6428%; height: 52px;"><strong>Balenie</strong></td>
<td style="width: 54.1846%; height: 52px;">dodávané v demonte</td>
</tr>
<tr style="height: 51px;">
<td style="width: 45.6428%; height: 51px;"><strong>Záruka</strong></td>
<td style="width: 54.1846%; height: 51px;">2 roky</td>
</tr>
</tbody>
</table>
<p>&nbsp;</p>

<p>Pokiaľ hľadáte priestrannú komodu do svojho interiéru MIKE 1 3T 2S je tým správnym výberom. Poskytne nielen veľký úložný priestor, ale vďaka nadčasovému dizajnu skvele zapadne do každého interiéru. Komoda do obývačky je vyrobená z kvalitnej laminovanej dosky a jej dvierka dopĺňajú úchyty v sivej farbe. Komoda ponúka 2 zásuvky a police za dvierkami. Toto všetko&#8230;</p>
